000
CDUS46 KMFR 290552
CLIMFR

CLIMATE REPORT
NATIONAL WEATHER SERVICE MEDFORD, OR
945 PM PST FRI NOV 28 2014


...................................

...THE MEDFORD OR CLIMATE SUMMARY FOR NOVEMBER 28 2014...
VALID TODAY AS OF 0900 PM LOCAL TIME.

CLIMATE NORMAL PERIOD 1981 TO 2010
CLIMATE RECORD PERIOD 1911 TO 2014


WEATHER ITEM   OBSERVED TIME   RECORD YEAR NORMAL DEPARTURE LAST
                VALUE   (LST)  VALUE       VALUE  FROM      YEAR
                                                  NORMAL
..................................................................
TEMPERATURE (F)
 TODAY
  MAXIMUM         59    250 PM  64    2002  48     11       57
                                      1993
  MINIMUM         46    638 AM  15    1952  35     11       27
  AVERAGE         53                        41     12       42

PRECIPITATION (IN)
  TODAY            0.30          0.70 2001   0.12   0.18     0.00
  MONTH TO DATE    1.50                      2.78  -1.28     1.12
  SINCE SEP 1      6.22                      4.48   1.74     4.08
SINCE JAN 1       17.52                     14.62   2.90     8.63



SNOWFALL (IN)
  TODAY            0.0                       0.0    0.0      0.0
  MONTH TO DATE    0.0                       0.2   -0.2      0.0
  SINCE JUL 1      0.0                       0.2   -0.2      0.0
  SNOW DEPTH       0

DEGREE DAYS
 HEATING
  TODAY           12                        24    -12       23
  MONTH TO DATE  458                       561   -103      563
  SINCE SEP 1    627                       911   -284     1005
  SINCE JUL 1    627                       921   -294     1005

 COOLING
  TODAY            0                         0      0        0
  MONTH TO DATE    0                         0      0        0
  SINCE SEP 1    224                       122    102      142
  SINCE JAN 1   1238                       829    409     1057
..................................................................


WIND (MPH)
  HIGHEST WIND SPEED    24   HIGHEST WIND DIRECTION    SE (150)
  HIGHEST GUST SPEED    30   HIGHEST GUST DIRECTION    SE (150)
  AVERAGE WIND SPEED     6.1


SKY COVER
  POSSIBLE SUNSHINE  MM
  AVERAGE SKY COVER 0.6


WEATHER CONDITIONS
 THE FOLLOWING WEATHER WAS RECORDED TODAY.
  HEAVY RAIN
  LIGHT RAIN
  FOG


RELATIVE HUMIDITY (PERCENT)
 HIGHEST    93           200 AM
 LOWEST     55          1200 PM
 AVERAGE    74

..........................................................


THE MEDFORD OR CLIMATE NORMALS FOR TOMORROW
                         NORMAL    RECORD    YEAR
 MAXIMUM TEMPERATURE (F)   48        66      1917
 MINIMUM TEMPERATURE (F)   34        17      1936


SUNRISE AND SUNSET
NOVEMBER 28 2014......SUNRISE   718 AM PST   SUNSET   441 PM PST
NOVEMBER 29 2014......SUNRISE   719 AM PST   SUNSET   440 PM PST


-  INDICATES NEGATIVE NUMBERS.
R  INDICATES RECORD WAS SET OR TIED.
MM INDICATES DATA IS MISSING.
T  INDICATES TRACE AMOUNT.




$$
