000
CDUS46 KMFR 141234
CLIMFR

CLIMATE REPORT
NATIONAL WEATHER SERVICE MEDFORD, OR
430 AM PST SUN FEB 14 2016


...................................

...THE MEDFORD OR CLIMATE SUMMARY FOR FEBRUARY 13 2016...

CLIMATE NORMAL PERIOD 1981 TO 2010
CLIMATE RECORD PERIOD 1911 TO 2016


WEATHER ITEM   OBSERVED TIME   RECORD YEAR NORMAL DEPARTURE LAST
                VALUE   (LST)  VALUE       VALUE  FROM      YEAR
                                                  NORMAL
..................................................................
TEMPERATURE (F)
 YESTERDAY
  MAXIMUM         52    419 PM  71    1996  54     -2       56
  MINIMUM         38    423 AM  20    2001  34      4       36
                                      1990
                                      1966
  AVERAGE         45                        44      1       46

PRECIPITATION (IN)
  YESTERDAY        0.01          1.34 1982   0.07  -0.06     0.00
  MONTH TO DATE    0.27                      0.93  -0.66     2.68
  SINCE OCT 1     14.25                     11.00   3.25    10.78
  SINCE JAN 1      4.49                      3.36   1.13     3.93

SNOWFALL (IN)
  YESTERDAY        0.0                       0.0    0.0      0.0
  MONTH TO DATE    1.2                       0.3    0.9      0.0
  SINCE JUL 1      1.9                       3.3   -1.4       T
  SNOW DEPTH       0

DEGREE DAYS
 HEATING
  YESTERDAY       20                        21     -1       19
  MONTH TO DATE  223                       284    -61      201
  SINCE DEC 1   1596                      1847   -251     1496
  SINCE JUL 1   2400                      2816   -416     2170

 COOLING
  YESTERDAY        0                         0      0        0
  MONTH TO DATE    0                         0      0        0
  SINCE DEC 1      0                         0      0        0
  SINCE JAN 1      0                         0      0        0
..................................................................


WIND (MPH)
  HIGHEST WIND SPEED     8   HIGHEST WIND DIRECTION     S (180)
  HIGHEST GUST SPEED    13   HIGHEST GUST DIRECTION     W (270)
  AVERAGE WIND SPEED     1.4


SKY COVER
  POSSIBLE SUNSHINE  MM
  AVERAGE SKY COVER 0.8


WEATHER CONDITIONS
 THE FOLLOWING WEATHER WAS RECORDED YESTERDAY.
  LIGHT RAIN
  FOG
  FOG W/VISIBILITY <= 1/4 MILE


RELATIVE HUMIDITY (PERCENT)
 HIGHEST   100           500 AM
 LOWEST     63           300 PM
 AVERAGE    82

..........................................................


THE MEDFORD OR CLIMATE NORMALS FOR TODAY
                         NORMAL    RECORD    YEAR
 MAXIMUM TEMPERATURE (F)   54        68      1996
                                             1977
                                             1930
 MINIMUM TEMPERATURE (F)   34        14      1990


SUNRISE AND SUNSET
FEBRUARY 14 2016......SUNRISE   710 AM PST   SUNSET   542 PM PST
FEBRUARY 15 2016......SUNRISE   708 AM PST   SUNSET   543 PM PST


-  INDICATES NEGATIVE NUMBERS.
R  INDICATES RECORD WAS SET OR TIED.
MM INDICATES DATA IS MISSING.
T  INDICATES TRACE AMOUNT.

&&

LOW TEMPERATURE THIS MORNING....46 DEGREES
24-HOUR PRECIPITATION.........0.01 INCHES

$$
