000
CDUS46 KMFR 210836
CLIMFR


CLIMATE REPORT
NATIONAL WEATHER SERVICE MEDFORD, OR
136 AM PDT SUN SEP 21 2014


...................................

...THE MEDFORD OR CLIMATE SUMMARY FOR SEPTEMBER 20 2014...

CLIMATE NORMAL PERIOD 1981 TO 2010
CLIMATE RECORD PERIOD 1911 TO 2014


WEATHER ITEM   OBSERVED TIME   RECORD YEAR NORMAL DEPARTURE LAST
                VALUE   (LST)  VALUE       VALUE  FROM      YEAR
                                                  NORMAL
..................................................................
TEMPERATURE (F)
 YESTERDAY
  MAXIMUM        100R   348 PM  98    1952  82     18       78
  MINIMUM         58    648 AM  32    1972  49      9       48
  AVERAGE         79                        66     13       63

PRECIPITATION (IN)
  YESTERDAY        0.00          0.22 1984   0.02  -0.02     0.14
  MONTH TO DATE    T                         0.35  -0.35     0.87
  SINCE SEP 1      T                         0.35  -0.35     0.87
  SINCE JAN 1     11.39                     10.49   0.90     5.42

SNOWFALL (IN)
  YESTERDAY        0.0                       0.0    0.0      0.0
  MONTH TO DATE    0.0                       0.0    0.0      0.0
  SINCE JUL 1      0.0                       0.0    0.0      0.0
  SNOW DEPTH       0

DEGREE DAYS
 HEATING
  YESTERDAY        0                         2     -2        2
  MONTH TO DATE    0                        27    -27       10
  SINCE SEP 1      0                        27    -27       10
  SINCE JUL 1      0                        37    -37       10

 COOLING
  YESTERDAY       14                         3     11        0
  MONTH TO DATE  174                        90     84      142
  SINCE SEP 1    174                        90     84      142
  SINCE JAN 1   1188                       797    391     1057
..................................................................


WIND (MPH)
  HIGHEST WIND SPEED    10   HIGHEST WIND DIRECTION     W (290)
  HIGHEST GUST SPEED    13   HIGHEST GUST DIRECTION     W (290)
  AVERAGE WIND SPEED     1.8


SKY COVER
  POSSIBLE SUNSHINE  MM
  AVERAGE SKY COVER 0.0


WEATHER CONDITIONS
 THE FOLLOWING WEATHER WAS RECORDED YESTERDAY.
  NO SIGNIFICANT WEATHER WAS OBSERVED.


RELATIVE HUMIDITY (PERCENT)
 HIGHEST    78           400 AM
 LOWEST     14           400 PM
 AVERAGE    46

..........................................................


THE MEDFORD OR CLIMATE NORMALS FOR TODAY
                         NORMAL    RECORD    YEAR
 MAXIMUM TEMPERATURE (F)   82       101      1994
                                             1952
 MINIMUM TEMPERATURE (F)   49        34      1993
                                             1964
                                             1929


SUNRISE AND SUNSET
SEPTEMBER 21 2014.....SUNRISE   658 AM PDT   SUNSET   710 PM PDT
SEPTEMBER 22 2014.....SUNRISE   659 AM PDT   SUNSET   709 PM PDT


-  INDICATES NEGATIVE NUMBERS.
R  INDICATES RECORD WAS SET OR TIED.
MM INDICATES DATA IS MISSING.
T  INDICATES TRACE AMOUNT.




$$
