000
CDUS46 KMFR 061206
CLIMFR

CLIMATE REPORT
NATIONAL WEATHER SERVICE MEDFORD, OR
506 AM PDT FRI MAY 6 2016


...................................

...THE MEDFORD OR CLIMATE SUMMARY FOR MAY 5 2016...

CLIMATE NORMAL PERIOD 1981 TO 2010
CLIMATE RECORD PERIOD 1911 TO 2016


WEATHER ITEM   OBSERVED TIME   RECORD YEAR NORMAL DEPARTURE LAST
                VALUE   (LST)  VALUE       VALUE  FROM      YEAR
                                                  NORMAL
..................................................................
TEMPERATURE (F)
 YESTERDAY
  MAXIMUM         64    344 PM  97    1992  70     -6       69
  MINIMUM         52    324 AM  28    1924  44      8       47
  AVERAGE         58                        57      1       58

PRECIPITATION (IN)
  YESTERDAY        T             0.53 1911   0.05  -0.05     0.00
  MONTH TO DATE    0.10                      0.22  -0.12     0.00
  SINCE OCT 1     18.52                     15.39   3.13    13.35
  SINCE JAN 1      8.76                      7.75   1.01     6.50

SNOWFALL (IN)
  YESTERDAY        0.0                       0.0    0.0      0.0
  MONTH TO DATE    0.0                       0.0    0.0      0.0
  SINCE JUL 1      1.9                       4.1   -2.2       T
  SNOW DEPTH       0

DEGREE DAYS
 HEATING
  YESTERDAY        7                         8     -1        7
  MONTH TO DATE   18                        44    -26       11
  SINCE MAR 1    673                       929   -256      700
  SINCE JUL 1   3347                      4043   -696     3140

 COOLING
  YESTERDAY        0                         1     -1        0
  MONTH TO DATE    3                         4     -1        1
  SINCE MAR 1     20                         7     13        1
  SINCE JAN 1     20                         7     13        1
..................................................................


WIND (MPH)
  HIGHEST WIND SPEED    10   HIGHEST WIND DIRECTION    NW (310)
  HIGHEST GUST SPEED    14   HIGHEST GUST DIRECTION    NW (330)
  AVERAGE WIND SPEED     3.6


SKY COVER
  POSSIBLE SUNSHINE  MM
  AVERAGE SKY COVER 0.8


WEATHER CONDITIONS
 THE FOLLOWING WEATHER WAS RECORDED YESTERDAY.
  LIGHT RAIN
  FOG
  FOG W/VISIBILITY <= 1/4 MILE


RELATIVE HUMIDITY (PERCENT)
 HIGHEST    93           100 AM
 LOWEST     56           200 PM
 AVERAGE    75

..........................................................


THE MEDFORD OR CLIMATE NORMALS FOR TODAY
                         NORMAL    RECORD    YEAR
 MAXIMUM TEMPERATURE (F)   71       101      1987
 MINIMUM TEMPERATURE (F)   44        28      1968


SUNRISE AND SUNSET
MAY  6 2016...........SUNRISE   559 AM PDT   SUNSET   817 PM PDT
MAY  7 2016...........SUNRISE   558 AM PDT   SUNSET   818 PM PDT


-  INDICATES NEGATIVE NUMBERS.
R  INDICATES RECORD WAS SET OR TIED.
MM INDICATES DATA IS MISSING.
T  INDICATES TRACE AMOUNT.

&&

LOW TEMPERATURE THIS MORNING....57 DEGREES
24-HOUR PRECIPITATION...........TRACE

$$
