000
CDUS46 KMFR 131158
CLIMFR

CLIMATE REPORT
NATIONAL WEATHER SERVICE MEDFORD, OR
500 AM PDT SUN JUL 13 2014


...................................

...THE MEDFORD OR CLIMATE SUMMARY FOR JULY 12 2014...

CLIMATE NORMAL PERIOD 1981 TO 2010
CLIMATE RECORD PERIOD 1911 TO 2014


WEATHER ITEM   OBSERVED TIME   RECORD YEAR NORMAL DEPARTURE LAST
                VALUE   (LST)  VALUE       VALUE  FROM      YEAR
                                                  NORMAL
..................................................................
TEMPERATURE (F)
 YESTERDAY
  MAXIMUM        102    318 PM 107    1961  90     12       87
  MINIMUM         64    401 AM  41    1993  57      7       57
  AVERAGE         83                        74      9       72

PRECIPITATION (IN)
  YESTERDAY        0.00          0.89 1956   0.01  -0.01     0.00
  MONTH TO DATE    0.01                      0.13  -0.12     0.00
  SINCE SEP 1     15.11                     17.80  -2.69    16.88
  SINCE JAN 1     10.67                      9.59   1.08     4.13

SNOWFALL (IN)
  YESTERDAY        0.0                       0.0    0.0      0.0
  MONTH TO DATE    0.0                       0.0    0.0      0.0
  SINCE JUL 1      0.0                       0.0    0.0      0.0
  SNOW DEPTH       0

DEGREE DAYS
 HEATING
  YESTERDAY        0                         0      0        0
  MONTH TO DATE    0                         1     -1        0
  SINCE JUN 1     22                        55    -33       35
  SINCE JUL 1      0                         1     -1        0

 COOLING
  YESTERDAY       18                         9      9        7
  MONTH TO DATE  185                        92     93      165
  SINCE JUN 1    296                       200     96      311
  SINCE JAN 1    352                       238    114      346
..................................................................


WIND (MPH)
  HIGHEST WIND SPEED    17   HIGHEST WIND DIRECTION     N (350)
  HIGHEST GUST SPEED    22   HIGHEST GUST DIRECTION     N (360)
  AVERAGE WIND SPEED     5.0


SKY COVER
  POSSIBLE SUNSHINE  MM
  AVERAGE SKY COVER 0.0


WEATHER CONDITIONS
 THE FOLLOWING WEATHER WAS RECORDED YESTERDAY.

  NO SIGNIFICANT WEATHER WAS OBSERVED.


RELATIVE HUMIDITY (PERCENT)
 HIGHEST    78           300 AM
 LOWEST     16           400 PM
 AVERAGE    47

..........................................................


THE MEDFORD OR CLIMATE NORMALS FOR TODAY
                         NORMAL    RECORD    YEAR
 MAXIMUM TEMPERATURE (F)   91       107      1987
 MINIMUM TEMPERATURE (F)   57        43      1993


SUNRISE AND SUNSET
JULY 13 2014..........SUNRISE   546 AM PDT   SUNSET   848 PM PDT
JULY 14 2014..........SUNRISE   547 AM PDT   SUNSET   847 PM PDT


-  INDICATES NEGATIVE NUMBERS.
R  INDICATES RECORD WAS SET OR TIED.
MM INDICATES DATA IS MISSING.
T  INDICATES TRACE AMOUNT.

&&

LOW TEMPERATURE THIS MORNING.......... 73
24 HOUR PRECIPITATION................. 0.00

$$
