000
CDUS46 KMFR 281326
CLIMFR

CLIMATE REPORT
NATIONAL WEATHER SERVICE MEDFORD, OR
525 AM PST SUN DEC 28 2014


...................................

...THE MEDFORD OR CLIMATE SUMMARY FOR DECEMBER 27 2014...

CLIMATE NORMAL PERIOD 1981 TO 2010
CLIMATE RECORD PERIOD 1911 TO 2014


WEATHER ITEM   OBSERVED TIME   RECORD YEAR NORMAL DEPARTURE LAST
                VALUE   (LST)  VALUE       VALUE  FROM      YEAR
                                                  NORMAL
..................................................................
TEMPERATURE (F)
 YESTERDAY
  MAXIMUM         42    559 PM  63    1991  45     -3       33
  MINIMUM         33    644 AM  16    1954  32      1       28
  AVERAGE         38                        39     -1       31

PRECIPITATION (IN)
  YESTERDAY        0.02          2.68 2002   0.10  -0.08      T
  MONTH TO DATE    2.19                      3.09  -0.90     0.36
  SINCE SEP 1      8.77                      7.81   0.96     4.44
  SINCE JAN 1     20.16                     17.95   2.21     8.99

SNOWFALL (IN)
  YESTERDAY        0.0                       0.0    0.0       T
  MONTH TO DATE    0.0                       1.2   -1.2      3.4
  SINCE JUL 1      0.0                       1.4   -1.4      3.4
  SNOW DEPTH       0

DEGREE DAYS
 HEATING
  YESTERDAY       27                        26      1       34
  MONTH TO DATE  477                       690   -213      914
  SINCE DEC 1    477                       690   -213      914
  SINCE JUL 1   1151                      1659   -508     1965

 COOLING
  YESTERDAY        0                         0      0        0
  MONTH TO DATE    0                         0      0        0
  SINCE DEC 1      0                         0      0        0
  SINCE JAN 1   1238                       829    409     1057
..................................................................


WIND (MPH)
  HIGHEST WIND SPEED     6   HIGHEST WIND DIRECTION     N (350)
  HIGHEST GUST SPEED     9   HIGHEST GUST DIRECTION    NE (40)
  AVERAGE WIND SPEED     0.3


SKY COVER
  POSSIBLE SUNSHINE  MM
  AVERAGE SKY COVER 1.0


WEATHER CONDITIONS
 THE FOLLOWING WEATHER WAS RECORDED YESTERDAY.
  LIGHT RAIN
  FOG


RELATIVE HUMIDITY (PERCENT)
 HIGHEST    96          1200 AM
 LOWEST     70           400 PM
 AVERAGE    83

..........................................................


THE MEDFORD OR CLIMATE NORMALS FOR TODAY
                         NORMAL    RECORD    YEAR
 MAXIMUM TEMPERATURE (F)   45        63      2011
 MINIMUM TEMPERATURE (F)   32        16      1930


SUNRISE AND SUNSET
DECEMBER 28 2014......SUNRISE   740 AM PST   SUNSET   446 PM PST
DECEMBER 29 2014......SUNRISE   740 AM PST   SUNSET   447 PM PST


-  INDICATES NEGATIVE NUMBERS.
R  INDICATES RECORD WAS SET OR TIED.
MM INDICATES DATA IS MISSING.
T  INDICATES TRACE AMOUNT.



&&
LOW TEMPERATURE SINCE MIDNIGHT... 39
24-HOUR PRECIPITATION............ 0.02

$$
