749
CDUS46 KMFR 191245
CLIMFR

CLIMATE REPORT
NATIONAL WEATHER SERVICE MEDFORD, OR
540 AM PDT SAT AUG 19 2017


...................................

...THE MEDFORD OR CLIMATE SUMMARY FOR AUGUST 18 2017...

CLIMATE NORMAL PERIOD 1981 TO 2010
CLIMATE RECORD PERIOD 1911 TO 2017


WEATHER ITEM   OBSERVED TIME   RECORD YEAR NORMAL DEPARTURE LAST
                VALUE   (LST)  VALUE       VALUE  FROM      YEAR
                                                  NORMAL
..................................................................
TEMPERATURE (F)
 YESTERDAY
  MAXIMUM         97    406 PM 108    2016  91      6      108
  MINIMUM         57    555 AM  41    1913  57      0       62
  AVERAGE         77                        74      3       85

PRECIPITATION (IN)
  YESTERDAY        0.00          0.78 1924   0.01  -0.01     0.00
  MONTH TO DATE    0.14                      0.21  -0.07     0.00
  SINCE OCT 1     24.91                     17.59   7.32    19.77
  SINCE JAN 1     13.22                      9.95   3.27    10.01

SNOWFALL (IN)
  YESTERDAY        0.0                       0.0    0.0      0.0
  MONTH TO DATE    0.0                       0.0    0.0      0.0
  SINCE JUL 1      0.0                       0.0    0.0      0.0
  SNOW DEPTH       0

DEGREE DAYS
 HEATING
  YESTERDAY        0                         0      0        0
  MONTH TO DATE    0                         0      0        0
  SINCE JUN 1     45                        60    -15       42
  SINCE JUL 1      0                         6     -6        2

 COOLING
  YESTERDAY       12                         9      3       20
  MONTH TO DATE  288                       180    108      230
  SINCE JUN 1    913                       574    339      724
  SINCE JAN 1   1000                       612    388      785
..................................................................


WIND (MPH)
  HIGHEST WIND SPEED    16   HIGHEST WIND DIRECTION     N (340)
  HIGHEST GUST SPEED    21   HIGHEST GUST DIRECTION     N (340)
  AVERAGE WIND SPEED     2.7


SKY COVER
  POSSIBLE SUNSHINE  MM
  AVERAGE SKY COVER 0.1


WEATHER CONDITIONS
 THE FOLLOWING WEATHER WAS RECORDED YESTERDAY.
  HAZE


RELATIVE HUMIDITY (PERCENT)
 HIGHEST    62           600 AM
 LOWEST     13           400 PM
 AVERAGE    38

..........................................................


THE MEDFORD OR CLIMATE NORMALS FOR TODAY
                         NORMAL    RECORD    YEAR
 MAXIMUM TEMPERATURE (F)   90       109      2016
 MINIMUM TEMPERATURE (F)   57        41      1916


SUNRISE AND SUNSET
AUGUST 19 2017........SUNRISE   623 AM PDT   SUNSET   806 PM PDT
AUGUST 20 2017........SUNRISE   624 AM PDT   SUNSET   804 PM PDT


-  INDICATES NEGATIVE NUMBERS.
R  INDICATES RECORD WAS SET OR TIED.
MM INDICATES DATA IS MISSING.
T  INDICATES TRACE AMOUNT.

&&

LOW TEMPERATURE SINCE MIDNIGHT.....59 DEGREES.
24-HOUR PRECIPITATION..............0.00 INCHES.

$$
