000
CDUS46 KMFR 190039
CLIMFR


CLIMATE REPORT
NATIONAL WEATHER SERVICE MEDFORD, OR
538 PM PDT WED OCT 18 2017


...................................

...THE MEDFORD OR CLIMATE SUMMARY FOR OCTOBER 18 2017...
VALID TODAY AS OF 0500 PM LOCAL TIME.

CLIMATE NORMAL PERIOD 1981 TO 2010
CLIMATE RECORD PERIOD 1911 TO 2017


WEATHER ITEM   OBSERVED TIME   RECORD YEAR NORMAL DEPARTURE LAST
                VALUE   (LST)  VALUE       VALUE  FROM      YEAR
                                                  NORMAL
..................................................................
TEMPERATURE (F)
 TODAY
  MAXIMUM         76    354 PM  85    1940  69      7       60
  MINIMUM         37    605 AM  26    1919  41     -4       43
  AVERAGE         57                        55      2       52

PRECIPITATION (IN)
  TODAY            0.00          0.53 1996   0.04  -0.04     0.31
  MONTH TO DATE    T                         0.48  -0.48     4.21
  SINCE OCT 1      T                         0.48  -0.48     4.21
  SINCE JAN 1     13.52                     11.19   2.33    14.23

SNOWFALL (IN)
  TODAY            0.0                       0.0    0.0      0.0
  MONTH TO DATE    0.0                       0.0    0.0      0.0
  SINCE JUL 1      0.0                       0.0    0.0      0.0
  SNOW DEPTH       0

DEGREE DAYS
 HEATING
  TODAY            8                        10     -2       13
  MONTH TO DATE  187                       125     62      127
  SINCE SEP 1    260                       184     76      166
  SINCE JUL 1    260                       194     66      168

 COOLING
  TODAY            0                         0      0        0
  MONTH TO DATE    0                         8     -8        4
  SINCE SEP 1    156                       120     36      113
  SINCE JAN 1   1281                       827    454     1058
..................................................................


WIND (MPH)
  HIGHEST WIND SPEED     6   HIGHEST WIND DIRECTION     N (350)
  HIGHEST GUST SPEED     8   HIGHEST GUST DIRECTION     N (10)
  AVERAGE WIND SPEED     0.9


SKY COVER
  POSSIBLE SUNSHINE  MM
  AVERAGE SKY COVER 0.0


WEATHER CONDITIONS
 THE FOLLOWING WEATHER WAS RECORDED TODAY.
  NO SIGNIFICANT WEATHER WAS OBSERVED.


RELATIVE HUMIDITY (PERCENT)
 HIGHEST    85           600 AM
 LOWEST     23           300 PM
 AVERAGE    54

..........................................................


THE MEDFORD OR CLIMATE NORMALS FOR TOMORROW
                         NORMAL    RECORD    YEAR
 MAXIMUM TEMPERATURE (F)   68        83      1999
                                             1987
                                             1964
 MINIMUM TEMPERATURE (F)   41        20      1949


SUNRISE AND SUNSET
OCTOBER 18 2017.......SUNRISE   728 AM PDT   SUNSET   624 PM PDT
OCTOBER 19 2017.......SUNRISE   729 AM PDT   SUNSET   623 PM PDT


-  INDICATES NEGATIVE NUMBERS.
R  INDICATES RECORD WAS SET OR TIED.
MM INDICATES DATA IS MISSING.
T  INDICATES TRACE AMOUNT.




$$
