000
CDUS46 KMFR 021240
CLIMFR

CLIMATE REPORT
NATIONAL WEATHER SERVICE MEDFORD, OR
435 AM PST MON MAR 2 2015


...................................

...THE MEDFORD OR CLIMATE SUMMARY FOR MARCH 1 2015...

CLIMATE NORMAL PERIOD 1981 TO 2010
CLIMATE RECORD PERIOD 1911 TO 2015


WEATHER ITEM   OBSERVED TIME   RECORD YEAR NORMAL DEPARTURE LAST
                VALUE   (LST)  VALUE       VALUE  FROM      YEAR
                                                  NORMAL
..................................................................
TEMPERATURE (F)
 YESTERDAY
  MAXIMUM         59    445 PM  73    1926  57      2       63
  MINIMUM         27    726 AM  14    1917  35     -8       45
  AVERAGE         43                        46     -3       54

PRECIPITATION (IN)
  YESTERDAY        0.00          1.43 1972   0.07  -0.07     0.04
  MONTH TO DATE    0.00                      0.07  -0.07     0.04
  SINCE OCT 1     11.30                     12.15  -0.85     7.05
  SINCE JAN 1      4.45                      4.51  -0.06     5.37

SNOWFALL (IN)
  YESTERDAY        0.0                       0.0    0.0      0.0
  MONTH TO DATE    0.0                       0.0    0.0      0.0
  SINCE JUL 1      T                         3.6   -3.6      3.4
  SNOW DEPTH       0

DEGREE DAYS
 HEATING
  YESTERDAY       22                        19      3       11
  MONTH TO DATE   22                        19      3       11
  SINCE MAR 1     22                        19      3       11
  SINCE JUL 1   2462                      3133   -671     3381

 COOLING
  YESTERDAY        0                         0      0        0
  MONTH TO DATE    0                         0      0        0
  SINCE MAR 1      0                         0      0        0
  SINCE JAN 1      0                         0      0        0
..................................................................


WIND (MPH)
  HIGHEST WIND SPEED     9   HIGHEST WIND DIRECTION     S (180)
  HIGHEST GUST SPEED    14   HIGHEST GUST DIRECTION    NW (300)
  AVERAGE WIND SPEED     2.3


SKY COVER
  POSSIBLE SUNSHINE  MM
  AVERAGE SKY COVER 0.0


WEATHER CONDITIONS
 THE FOLLOWING WEATHER WAS RECORDED YESTERDAY.
  NO SIGNIFICANT WEATHER WAS OBSERVED.


RELATIVE HUMIDITY (PERCENT)
 HIGHEST    92           500 AM
 LOWEST     25           500 PM
 AVERAGE    59

..........................................................


THE MEDFORD OR CLIMATE NORMALS FOR TODAY
                         NORMAL    RECORD    YEAR
 MAXIMUM TEMPERATURE (F)   58        73      1936
 MINIMUM TEMPERATURE (F)   35        16      1917


SUNRISE AND SUNSET
MARCH  2 2015.........SUNRISE   645 AM PST   SUNSET   602 PM PST
MARCH  3 2015.........SUNRISE   644 AM PST   SUNSET   604 PM PST


-  INDICATES NEGATIVE NUMBERS.
R  INDICATES RECORD WAS SET OR TIED.
MM INDICATES DATA IS MISSING.
T  INDICATES TRACE AMOUNT.

&&

LOW TEMPERATURE THIS MORNING....40
24-HOUR PRECIPITATION.........NONE

$$
