000
CDUS44 KBMX 220735
CLIMGM


CLIMATE REPORT
NATIONAL WEATHER SERVICE BIRMINGHAM, AL
234 AM CDT TUE AUG 22 2017


...................................

...THE MONTGOMERY CLIMATE SUMMARY FOR AUGUST 21 2017...

CLIMATE NORMAL PERIOD 1981 TO 2010
CLIMATE RECORD PERIOD 1872 TO 2017


WEATHER ITEM   OBSERVED TIME   RECORD YEAR NORMAL DEPARTURE LAST
                VALUE   (LST)  VALUE       VALUE  FROM      YEAR
                                                  NORMAL
..................................................................
TEMPERATURE (F)
 YESTERDAY
  MAXIMUM         97    256 PM 103    1983  92      5       94
  MINIMUM         74    504 AM  59    1991  71      3       75
  AVERAGE         86                        81      5       85

PRECIPITATION (IN)
  YESTERDAY        0.00          1.66 1972   0.13  -0.13     0.00
  MONTH TO DATE    6.48                      2.70   3.78     2.27
  SINCE JUN 1     23.02                     12.01  11.01    10.61
  SINCE JAN 1     56.94                     35.45  21.49    32.84

DEGREE DAYS
 COOLING
  YESTERDAY       21                        16      5       20
  MONTH TO DATE  393                       354     39      422
  SINCE JUN 1   1420                      1294    126     1563
  SINCE JAN 1   2002                      1633    369     2024
..................................................................


WIND (MPH)
  HIGHEST WIND SPEED    10   HIGHEST WIND DIRECTION     S (160)
  HIGHEST GUST SPEED    23   HIGHEST GUST DIRECTION    NE (40)
  AVERAGE WIND SPEED     3.0


SKY COVER
  AVERAGE SKY COVER 0.1


WEATHER CONDITIONS
 THE FOLLOWING WEATHER WAS RECORDED YESTERDAY.
  FOG
  HAZE


RELATIVE HUMIDITY (PERCENT)
 HIGHEST    87           500 AM
 LOWEST     40           200 PM
 AVERAGE    64

..........................................................


THE MONTGOMERY CLIMATE NORMALS FOR TODAY
                         NORMAL    RECORD    YEAR
 MAXIMUM TEMPERATURE (F)   92       104      2007
 MINIMUM TEMPERATURE (F)   71        60      1997


SUNRISE AND SUNSET
AUGUST 22 2017........SUNRISE   614 AM CDT   SUNSET   722 PM CDT
AUGUST 23 2017........SUNRISE   615 AM CDT   SUNSET   721 PM CDT


-  INDICATES NEGATIVE NUMBERS.
R  INDICATES RECORD WAS SET OR TIED.
MM INDICATES DATA IS MISSING.
T  INDICATES TRACE AMOUNT.




$$
