890
CDUS44 KBMX 120653
CLIMGM


CLIMATE REPORT
NATIONAL WEATHER SERVICE BIRMINGHAM, AL
1252 AM CST FRI FEB 12 2016


...................................

...THE MONTGOMERY CLIMATE SUMMARY FOR FEBRUARY 11 2016...

CLIMATE NORMAL PERIOD 1981 TO 2010
CLIMATE RECORD PERIOD 1872 TO 2016


WEATHER ITEM   OBSERVED TIME   RECORD YEAR NORMAL DEPARTURE LAST
                VALUE   (LST)  VALUE       VALUE  FROM      YEAR
                                                  NORMAL
..................................................................
TEMPERATURE (F)
 YESTERDAY
  MAXIMUM         70    332 PM  82    1999  61      9       65
  MINIMUM         27    251 AM  16    1885  38    -11       28
  AVERAGE         49                        50     -1       47

PRECIPITATION (IN)
  YESTERDAY        0.00          2.25 2013   0.19  -0.19     0.00
  MONTH TO DATE    1.45                      2.05  -0.60     1.32
  SINCE DEC 1     20.83                     11.56   9.27     9.03
  SINCE JAN 1      6.70                      6.70   0.00     4.14

SNOWFALL (IN)
  YESTERDAY        0.0                       0.0    0.0      0.0
  MONTH TO DATE    0.0                       0.0    0.0      0.0
  SINCE DEC 1      T                         0.1   -0.1      0.0
  SINCE JUL 1      T                         0.1   -0.1      0.0
  SNOW DEPTH       0

DEGREE DAYS
 HEATING
  YESTERDAY       16                        16      0       18
  MONTH TO DATE  175                       182     -7      191
  SINCE DEC 1    963                      1273   -310     1136
  SINCE JUL 1   1150                      1644   -494     1599
..................................................................


WIND (MPH)
  HIGHEST WIND SPEED    17   HIGHEST WIND DIRECTION     W (280)
  HIGHEST GUST SPEED    21   HIGHEST GUST DIRECTION     W (290)
  AVERAGE WIND SPEED     4.6


SKY COVER
  AVERAGE SKY COVER 0.0


WEATHER CONDITIONS
 THE FOLLOWING WEATHER WAS RECORDED YESTERDAY.
  NO SIGNIFICANT WEATHER WAS OBSERVED.


RELATIVE HUMIDITY (PERCENT)
 HIGHEST    76           800 AM
 LOWEST     36           300 PM
 AVERAGE    56

..........................................................


THE MONTGOMERY CLIMATE NORMALS FOR TODAY
                         NORMAL    RECORD    YEAR
 MAXIMUM TEMPERATURE (F)   61        80      1922
 MINIMUM TEMPERATURE (F)   39         7      1899


SUNRISE AND SUNSET
FEBRUARY 12 2016......SUNRISE   631 AM CST   SUNSET   529 PM CST
FEBRUARY 13 2016......SUNRISE   630 AM CST   SUNSET   530 PM CST


-  INDICATES NEGATIVE NUMBERS.
R  INDICATES RECORD WAS SET OR TIED.
MM INDICATES DATA IS MISSING.
T  INDICATES TRACE AMOUNT.




$$
