000
CDUS44 KBMX 250818
CLIMGM


CLIMATE REPORT
NATIONAL WEATHER SERVICE BIRMINGHAM, AL
217 AM CST SUN JAN 25 2015


...................................

...THE MONTGOMERY CLIMATE SUMMARY FOR JANUARY 24 2015...

CLIMATE NORMAL PERIOD 1981 TO 2010
CLIMATE RECORD PERIOD 1872 TO 2015


WEATHER ITEM   OBSERVED TIME   RECORD YEAR NORMAL DEPARTURE LAST
                VALUE   (LST)  VALUE       VALUE  FROM      YEAR
                                                  NORMAL
..................................................................
TEMPERATURE (F)
 YESTERDAY
  MAXIMUM         53    309 PM  81    1950  58     -5       37
  MINIMUM         32   1159 PM   5    1963  36     -4       18
  AVERAGE         43                        47     -4       28

PRECIPITATION (IN)
  YESTERDAY        0.00          3.25 1990   0.16  -0.16     0.00
  MONTH TO DATE    2.77                      3.46  -0.69     2.29
  SINCE DEC 1      7.66                      8.32  -0.66    11.25
  SINCE JAN 1      2.77                      3.46  -0.69     2.29

SNOWFALL (IN)
  YESTERDAY        0.0                       0.0    0.0      0.0
  MONTH TO DATE    0.0                       0.0    0.0      0.0
  SINCE DEC 1      0.0                       0.1   -0.1      0.0
  SINCE JUL 1      0.0                       0.1   -0.1      0.0
  SNOW DEPTH       0

DEGREE DAYS
 HEATING
  YESTERDAY       22                        18      4       37
  MONTH TO DATE  438                       452    -14      577
  SINCE DEC 1    823                       969   -146     1003
  SINCE JUL 1   1286                      1340    -54     1371
..................................................................


WIND (MPH)
  HIGHEST WIND SPEED    21   HIGHEST WIND DIRECTION     W (290)
  HIGHEST GUST SPEED    26   HIGHEST GUST DIRECTION     W (290)
  AVERAGE WIND SPEED     9.6


SKY COVER
  AVERAGE SKY COVER 0.4


WEATHER CONDITIONS
 THE FOLLOWING WEATHER WAS RECORDED YESTERDAY.
  FOG


RELATIVE HUMIDITY (PERCENT)
 HIGHEST    92          1200 AM
 LOWEST     44           300 PM
 AVERAGE    68

..........................................................


THE MONTGOMERY CLIMATE NORMALS FOR TODAY
                         NORMAL    RECORD    YEAR
 MAXIMUM TEMPERATURE (F)   58        80      1950
                                             1943
 MINIMUM TEMPERATURE (F)   36        15      1963


SUNRISE AND SUNSET
JANUARY 25 2015.......SUNRISE   644 AM CST   SUNSET   512 PM CST
JANUARY 26 2015.......SUNRISE   643 AM CST   SUNSET   513 PM CST


-  INDICATES NEGATIVE NUMBERS.
R  INDICATES RECORD WAS SET OR TIED.
MM INDICATES DATA IS MISSING.
T  INDICATES TRACE AMOUNT.




$$
