000
CDUS44 KBMX 280929
CLIMGM


CLIMATE REPORT
NATIONAL WEATHER SERVICE BIRMINGHAM, AL
428 AM CDT FRI AUG 28 2015


...................................

...THE MONTGOMERY CLIMATE SUMMARY FOR AUGUST 27 2015...

CLIMATE NORMAL PERIOD 1981 TO 2010
CLIMATE RECORD PERIOD 1994 TO 2015


WEATHER ITEM   OBSERVED TIME   RECORD YEAR NORMAL DEPARTURE LAST
                VALUE   (LST)  VALUE       VALUE  FROM      YEAR
                                                  NORMAL
..................................................................
TEMPERATURE (F)
 YESTERDAY
  MAXIMUM         93    152 PM 101    1954  91      2       93
                                      1938
  MINIMUM         62    353 AM  59    1952  70     -8       67
  AVERAGE         78                        81     -3       80

PRECIPITATION (IN)
  YESTERDAY        0.00          1.98 1992   0.12  -0.12     0.00
  MONTH TO DATE    1.48                      3.45  -1.97     3.29
  SINCE JUN 1     10.44                     12.76  -2.32    10.74
  SINCE JAN 1     30.94                     36.20  -5.26    39.63

DEGREE DAYS
 COOLING
  YESTERDAY       13                        16     -3       15
  MONTH TO DATE  501                       450     51      483
  SINCE JUN 1   1616                      1390    226     1463
  SINCE JAN 1   2154                      1729    425     1829
..................................................................


WIND (MPH)
  HIGHEST WIND SPEED    13   HIGHEST WIND DIRECTION     E (90)
  HIGHEST GUST SPEED    17   HIGHEST GUST DIRECTION    NE (60)
  AVERAGE WIND SPEED     3.1


SKY COVER
  AVERAGE SKY COVER 0.2


WEATHER CONDITIONS
 THE FOLLOWING WEATHER WAS RECORDED YESTERDAY.
  NO SIGNIFICANT WEATHER WAS OBSERVED.


RELATIVE HUMIDITY (PERCENT)
 HIGHEST    93           100 AM
 LOWEST     34           200 PM
 AVERAGE    64

..........................................................


THE MONTGOMERY CLIMATE NORMALS FOR TODAY
                         NORMAL    RECORD    YEAR
 MAXIMUM TEMPERATURE (F)   91       104      1954
 MINIMUM TEMPERATURE (F)   70        59      1952


SUNRISE AND SUNSET
AUGUST 28 2015........SUNRISE   618 AM CDT   SUNSET   715 PM CDT
AUGUST 29 2015........SUNRISE   619 AM CDT   SUNSET   714 PM CDT


-  INDICATES NEGATIVE NUMBERS.
R  INDICATES RECORD WAS SET OR TIED.
MM INDICATES DATA IS MISSING.
T  INDICATES TRACE AMOUNT.




$$
