000
CDUS44 KBMX 232214
CLIMGM


CLIMATE REPORT
NATIONAL WEATHER SERVICE BIRMINGHAM, AL
514 PM CDT FRI JUN 23 2017


...................................

...THE MONTGOMERY CLIMATE SUMMARY FOR JUNE 23 2017...
VALID TODAY AS OF 0500 PM LOCAL TIME.

CLIMATE NORMAL PERIOD 1981 TO 2010
CLIMATE RECORD PERIOD 1872 TO 2017


WEATHER ITEM   OBSERVED TIME   RECORD YEAR NORMAL DEPARTURE LAST
                VALUE   (LST)  VALUE       VALUE  FROM      YEAR
                                                  NORMAL
..................................................................
TEMPERATURE (F)
 TODAY
  MAXIMUM         92    250 PM 102    1930  91      1       94
  MINIMUM         77    501 AM  57    1972  70      7       67
  AVERAGE         85                        80      5       81

PRECIPITATION (IN)
  TODAY            0.00          2.45 2006   0.16  -0.16     0.00
  MONTH TO DATE   11.42                      2.91   8.51     2.42
  SINCE JUN 1     11.42                      2.91   8.51     2.42
  SINCE JAN 1     45.34                     26.35  18.99    24.65

DEGREE DAYS
 COOLING
  TODAY           20                        15      5       16
  MONTH TO DATE  330                       309     21      379
  SINCE JUN 1    330                       309     21      379
  SINCE JAN 1    912                       648    264      840
..................................................................


WIND (MPH)
  HIGHEST WIND SPEED    20   HIGHEST WIND DIRECTION     S (190)
  HIGHEST GUST SPEED    26   HIGHEST GUST DIRECTION     S (180)
  AVERAGE WIND SPEED    10.2


SKY COVER
  AVERAGE SKY COVER 0.4


WEATHER CONDITIONS
 THE FOLLOWING WEATHER WAS RECORDED TODAY.
  NO SIGNIFICANT WEATHER WAS OBSERVED.


RELATIVE HUMIDITY (PERCENT)
 HIGHEST    82           500 AM
 LOWEST     49           100 PM
 AVERAGE    66

..........................................................


THE MONTGOMERY CLIMATE NORMALS FOR TOMORROW
                         NORMAL    RECORD    YEAR
 MAXIMUM TEMPERATURE (F)   91       103      1930
 MINIMUM TEMPERATURE (F)   70        57      1992


SUNRISE AND SUNSET
JUNE 23 2017..........SUNRISE   540 AM CDT   SUNSET   756 PM CDT
JUNE 24 2017..........SUNRISE   540 AM CDT   SUNSET   756 PM CDT


-  INDICATES NEGATIVE NUMBERS.
R  INDICATES RECORD WAS SET OR TIED.
MM INDICATES DATA IS MISSING.
T  INDICATES TRACE AMOUNT.




$$
