000
CDUS44 KBMX 250624
CLIMGM


CLIMATE REPORT
NATIONAL WEATHER SERVICE BIRMINGHAM, AL
123 AM CDT WED MAY 25 2016


...................................

...THE MONTGOMERY CLIMATE SUMMARY FOR MAY 24 2016...

CLIMATE NORMAL PERIOD 1981 TO 2010
CLIMATE RECORD PERIOD 1872 TO 2016


WEATHER ITEM   OBSERVED TIME   RECORD YEAR NORMAL DEPARTURE LAST
                VALUE   (LST)  VALUE       VALUE  FROM      YEAR
                                                  NORMAL
..................................................................
TEMPERATURE (F)
 YESTERDAY
  MAXIMUM         89        MM  96    1996  86      3       87
  MINIMUM         58        MM  47    1892  63     -5       65
  AVERAGE         74                        74      0       76

PRECIPITATION (IN)
  YESTERDAY        0.00          1.87 1924   0.11  -0.11     0.01
  MONTH TO DATE    0.73                      2.77  -2.04     1.72
  SINCE MAR 1     11.57                     12.74  -1.17    10.22
  SINCE JAN 1     22.23                     22.67  -0.44    17.88

DEGREE DAYS
 COOLING
  YESTERDAY        9                        10     -1       11
  MONTH TO DATE  173                       163     10      228
  SINCE MAR 1    346                       258     88      449
  SINCE JAN 1    359                       264     95      449
..................................................................


WIND (MPH)
  HIGHEST WIND SPEED     6   HIGHEST WIND DIRECTION     W (250)
  HIGHEST GUST SPEED    MM   HIGHEST GUST DIRECTION    MM
  AVERAGE WIND SPEED     1.4


SKY COVER
  AVERAGE SKY COVER 0.0


WEATHER CONDITIONS
 THE FOLLOWING WEATHER WAS RECORDED YESTERDAY.
  NO SIGNIFICANT WEATHER WAS OBSERVED.


RELATIVE HUMIDITY (PERCENT)
 HIGHEST    90           200 AM
 LOWEST     28           200 PM
 AVERAGE    59

..........................................................


THE MONTGOMERY CLIMATE NORMALS FOR TODAY
                         NORMAL    RECORD    YEAR
 MAXIMUM TEMPERATURE (F)   86        96      1915
 MINIMUM TEMPERATURE (F)   63        51      1983


SUNRISE AND SUNSET
MAY 25 2016...........SUNRISE   542 AM CDT   SUNSET   744 PM CDT
MAY 26 2016...........SUNRISE   541 AM CDT   SUNSET   744 PM CDT


-  INDICATES NEGATIVE NUMBERS.
R  INDICATES RECORD WAS SET OR TIED.
MM INDICATES DATA IS MISSING.
T  INDICATES TRACE AMOUNT.




$$
