000
CDUS44 KBMX 140857
CLIMGM


CLIMATE REPORT
NATIONAL WEATHER SERVICE BIRMINGHAM, AL
256 AM CST THU DEC 14 2017


...................................

...THE MONTGOMERY CLIMATE SUMMARY FOR DECEMBER 13 2017...

CLIMATE NORMAL PERIOD 1981 TO 2010
CLIMATE RECORD PERIOD 1872 TO 2017


WEATHER ITEM   OBSERVED TIME   RECORD YEAR NORMAL DEPARTURE LAST
                VALUE   (LST)  VALUE       VALUE  FROM      YEAR
                                                  NORMAL
..................................................................
TEMPERATURE (F)
 YESTERDAY
  MAXIMUM         56    343 PM  80    2015  60     -4       70
                                      1931
                                      1926
  MINIMUM         26    643 AM   5    1962  38    -12       61
  AVERAGE         41                        49     -8       66

PRECIPITATION (IN)
  YESTERDAY        0.00          2.55 1920   0.15  -0.15     0.79
  MONTH TO DATE    1.94                      2.12  -0.18     2.92
  SINCE DEC 1      1.94                      2.12  -0.18     2.92
  SINCE JAN 1     69.58                     50.33  19.25    40.31

SNOWFALL (IN)
  YESTERDAY        0.0                       0.0    0.0      0.0
  MONTH TO DATE    T                         0.0    0.0      0.0
  SINCE DEC 1      T                         0.0    0.0      0.0
  SINCE JUL 1      T                         0.0    0.0      0.0
  SNOW DEPTH       0

DEGREE DAYS
 HEATING
  YESTERDAY       24                        16      8        0
  MONTH TO DATE  212                       196     16      160
  SINCE DEC 1    212                       196     16      160
  SINCE JUL 1    547                       567    -20      335
..................................................................


WIND (MPH)
  HIGHEST WIND SPEED    14   HIGHEST WIND DIRECTION    SW (230)
  HIGHEST GUST SPEED    18   HIGHEST GUST DIRECTION    NW (320)
  AVERAGE WIND SPEED     6.1


SKY COVER
  AVERAGE SKY COVER 0.0


WEATHER CONDITIONS
 THE FOLLOWING WEATHER WAS RECORDED YESTERDAY.
  NO SIGNIFICANT WEATHER WAS OBSERVED.


RELATIVE HUMIDITY (PERCENT)
 HIGHEST    75           700 AM
 LOWEST     22           200 PM
 AVERAGE    49

..........................................................


THE MONTGOMERY CLIMATE NORMALS FOR TODAY
                         NORMAL    RECORD    YEAR
 MAXIMUM TEMPERATURE (F)   60        80      1984
 MINIMUM TEMPERATURE (F)   38        18      2010


SUNRISE AND SUNSET
DECEMBER 14 2017......SUNRISE   639 AM CST   SUNSET   442 PM CST
DECEMBER 15 2017......SUNRISE   639 AM CST   SUNSET   442 PM CST


-  INDICATES NEGATIVE NUMBERS.
R  INDICATES RECORD WAS SET OR TIED.
MM INDICATES DATA IS MISSING.
T  INDICATES TRACE AMOUNT.




$$
