000
CDUS44 KBMX 280154
CLIMGM


CLIMATE REPORT
NATIONAL WEATHER SERVICE BIRMINGHAM, AL
754 PM CST MON FEB 27 2017


...................................

...THE MONTGOMERY CLIMATE SUMMARY FOR FEBRUARY 27 2017...
VALID TODAY AS OF 0700 PM LOCAL TIME.

CLIMATE NORMAL PERIOD 1981 TO 2010
CLIMATE RECORD PERIOD 1872 TO 2017


WEATHER ITEM   OBSERVED TIME   RECORD YEAR NORMAL DEPARTURE LAST
                VALUE   (LST)  VALUE       VALUE  FROM      YEAR
                                                  NORMAL
..................................................................
TEMPERATURE (F)
 TODAY
  MAXIMUM         64    938 AM  84    1962  65     -1       64
  MINIMUM         47    218 AM  20    1963  42      5       32
  AVERAGE         56                        54      2       48

PRECIPITATION (IN)
  TODAY            0.61          4.50 1902   0.19   0.42     0.00
  MONTH TO DATE    3.53                      5.09  -1.56     5.41
  SINCE DEC 1     18.81                     14.60   4.21    24.79
  SINCE JAN 1     14.70                      9.74   4.96    10.66

SNOWFALL (IN)
  TODAY            0.0                       0.0    0.0      0.0
  MONTH TO DATE    0.0                       0.0    0.0      0.0
  SINCE DEC 1      0.0                       0.1   -0.1       T
  SINCE JUL 1      0.0                       0.1   -0.1       T
  SNOW DEPTH       0

..................................................................


WIND (MPH)
  HIGHEST WIND SPEED    21   HIGHEST WIND DIRECTION     N (340)
  HIGHEST GUST SPEED    27   HIGHEST GUST DIRECTION    NW (320)
  AVERAGE WIND SPEED     7.8


SKY COVER
  AVERAGE SKY COVER 0.6


WEATHER CONDITIONS
 THE FOLLOWING WEATHER WAS RECORDED TODAY.
  HEAVY RAIN
  RAIN
  LIGHT RAIN
  FOG


RELATIVE HUMIDITY (PERCENT)
 HIGHEST    89           200 PM
 LOWEST     33           700 AM
 AVERAGE    61

..........................................................


THE MONTGOMERY CLIMATE NORMALS FOR TOMORROW
                         NORMAL    RECORD    YEAR
 MAXIMUM TEMPERATURE (F)   65        83      1948
 MINIMUM TEMPERATURE (F)   42        17      2002


SUNRISE AND SUNSET
FEBRUARY 27 2017......SUNRISE   615 AM CST   SUNSET   542 PM CST
FEBRUARY 28 2017......SUNRISE   614 AM CST   SUNSET   543 PM CST


-  INDICATES NEGATIVE NUMBERS.
R  INDICATES RECORD WAS SET OR TIED.
MM INDICATES DATA IS MISSING.
T  INDICATES TRACE AMOUNT.




$$
