000
CDUS44 KBMX 212117
CLIMGM


CLIMATE REPORT
NATIONAL WEATHER SERVICE BIRMINGHAM, AL
417 PM CDT SUN SEP 21 2014


...................................

...THE MONTGOMERY CLIMATE SUMMARY FOR SEPTEMBER 21 2014...
VALID AS OF 0400 PM LOCAL TIME.

CLIMATE NORMAL PERIOD 1981 TO 2010
CLIMATE RECORD PERIOD 1872 TO 2014


WEATHER ITEM   OBSERVED TIME   RECORD YEAR NORMAL DEPARTURE LAST
                VALUE   (LST)  VALUE       VALUE  FROM      YEAR
                                                  NORMAL
..................................................................
TEMPERATURE (F)
 TODAY
  MAXIMUM         91    259 PM 100    1925  86      5       78
  MINIMUM         63    541 AM  46    1918  64     -1       70
  AVERAGE         77                        75      2       74

PRECIPITATION (IN)
  TODAY            0.00          4.00 1969   0.13  -0.13     1.00
  MONTH TO DATE    0.51                      2.86  -2.35     1.10
  SINCE SEP 1      0.51                      2.86  -2.35     1.10
  SINCE JAN 1     40.26                     39.57   0.69    44.11

DEGREE DAYS

 COOLING
  TODAY           12                        10      2        9
  MONTH TO DATE  360                       267     93      324
  SINCE SEP 1    360                       267     93      324
  SINCE JAN 1   2259                      2056    203     2146
..................................................................


WIND (MPH)
  HIGHEST WIND SPEED    10   HIGHEST WIND DIRECTION    NW (320)
  HIGHEST GUST SPEED    14   HIGHEST GUST DIRECTION     W (260)
  AVERAGE WIND SPEED     1.4


SKY COVER
  AVERAGE SKY COVER 0.0


WEATHER CONDITIONS
 THE FOLLOWING WEATHER WAS RECORDED TODAY.
  FOG


RELATIVE HUMIDITY (PERCENT)
 HIGHEST    93          1200 AM
 LOWEST     36           200 PM
 AVERAGE    65

..........................................................


THE MONTGOMERY CLIMATE NORMALS FOR TOMORROW
                         NORMAL    RECORD    YEAR
 MAXIMUM TEMPERATURE (F)   86        99      1925
 MINIMUM TEMPERATURE (F)   63        44      1983


SUNRISE AND SUNSET
SEPTEMBER 21 2014.....SUNRISE   633 AM CDT   SUNSET   644 PM CDT
SEPTEMBER 22 2014.....SUNRISE   634 AM CDT   SUNSET   642 PM CDT


-  INDICATES NEGATIVE NUMBERS.
R  INDICATES RECORD WAS SET OR TIED.
MM INDICATES DATA IS MISSING.
T  INDICATES TRACE AMOUNT.




$$
