396
CDUS44 KBMX 282144
CLIMGM


CLIMATE REPORT
NATIONAL WEATHER SERVICE BIRMINGHAM, AL
444 PM CDT THU JUL 28 2016


...................................

...THE MONTGOMERY CLIMATE SUMMARY FOR JULY 28 2016...
VALID TODAY AS OF 0400 PM LOCAL TIME.

CLIMATE NORMAL PERIOD 1981 TO 2010
CLIMATE RECORD PERIOD 1872 TO 2016


WEATHER ITEM   OBSERVED TIME   RECORD YEAR NORMAL DEPARTURE LAST
                VALUE   (LST)  VALUE       VALUE  FROM      YEAR
                                                  NORMAL
..................................................................
TEMPERATURE (F)
 TODAY
  MAXIMUM         95    330 PM 102    1952  92      3       98
  MINIMUM         72    346 AM  63    1911  72      0       76
  AVERAGE         84                        82      2       87

PRECIPITATION (IN)
  TODAY            0.00          1.68 1893   0.14  -0.14     0.00
  MONTH TO DATE    5.61                      4.80   0.81     4.50
  SINCE JUN 1      8.34                      8.87  -0.53     8.49
  SINCE JAN 1     30.57                     32.31  -1.74    28.99

DEGREE DAYS
 COOLING
  TODAY           19                        17      2       22
  MONTH TO DATE  559                       470     89      552
  SINCE JUN 1   1077                       889    188     1049
  SINCE JAN 1   1538                      1228    310     1587
..................................................................


WIND (MPH)
  HIGHEST WIND SPEED    15   HIGHEST WIND DIRECTION    SW (240)
  HIGHEST GUST SPEED    23   HIGHEST GUST DIRECTION    SW (230)
  AVERAGE WIND SPEED     6.0


SKY COVER
  AVERAGE SKY COVER 0.1


WEATHER CONDITIONS
 THE FOLLOWING WEATHER WAS RECORDED TODAY.
  NO SIGNIFICANT WEATHER WAS OBSERVED.


RELATIVE HUMIDITY (PERCENT)
 HIGHEST    87           200 AM
 LOWEST     41           200 PM
 AVERAGE    64

..........................................................


THE MONTGOMERY CLIMATE NORMALS FOR TOMORROW
                         NORMAL    RECORD    YEAR
 MAXIMUM TEMPERATURE (F)   92       100      2012
                                             1987
                                             1959
 MINIMUM TEMPERATURE (F)   72        65      2014
                                             1994
                                             1911


SUNRISE AND SUNSET
JULY 28 2016..........SUNRISE   558 AM CDT   SUNSET   746 PM CDT
JULY 29 2016..........SUNRISE   559 AM CDT   SUNSET   745 PM CDT


-  INDICATES NEGATIVE NUMBERS.
R  INDICATES RECORD WAS SET OR TIED.
MM INDICATES DATA IS MISSING.
T  INDICATES TRACE AMOUNT.




$$
