608
CDUS44 KBMX 010149
CLIMGM


CLIMATE REPORT
NATIONAL WEATHER SERVICE BIRMINGHAM, AL
848 PM CDT SUN APR 30 2017


...................................

...THE MONTGOMERY CLIMATE SUMMARY FOR APRIL 30 2017...
VALID TODAY AS OF 0700 PM LOCAL TIME.

CLIMATE NORMAL PERIOD 1981 TO 2010
CLIMATE RECORD PERIOD 1872 TO 2017


WEATHER ITEM   OBSERVED TIME   RECORD YEAR NORMAL DEPARTURE LAST
                VALUE   (LST)  VALUE       VALUE  FROM      YEAR
                                                  NORMAL
..................................................................
TEMPERATURE (F)
 TODAY
  MAXIMUM         86    108 PM  94    2007  80      6       87
  MINIMUM         69    559 PM  40    2008  56     13       65
  AVERAGE         78                        68     10       76

PRECIPITATION (IN)
  TODAY            0.54          3.16 1953   0.11   0.43     0.00
  MONTH TO DATE    2.25                      4.02  -1.77     6.62
  SINCE MAR 1      5.97                      9.97  -4.00    10.84
  SINCE JAN 1     20.67                     19.90   0.77    21.50

SNOWFALL (IN)
  TODAY            0.0                       0.0    0.0      0.0
  MONTH TO DATE    0.0                       T      0.0      0.0
  SINCE MAR 1      0.0                       0.3   -0.3      0.0
  SINCE JUL 1      0.0                       0.4   -0.4       T
  SNOW DEPTH       0

DEGREE DAYS

 COOLING
  TODAY           13                         4      9       11
  MONTH TO DATE  188                        72    116      100
  SINCE MAR 1    269                        95    174      173
  SINCE JAN 1    315                       101    214      186
..................................................................


WIND (MPH)
  HIGHEST WIND SPEED    21   HIGHEST WIND DIRECTION     W (290)
  HIGHEST GUST SPEED    30   HIGHEST GUST DIRECTION     S (160)
  AVERAGE WIND SPEED     9.7


SKY COVER
  AVERAGE SKY COVER 0.4


WEATHER CONDITIONS
 THE FOLLOWING WEATHER WAS RECORDED TODAY.
  THUNDERSTORM
  HEAVY RAIN
  RAIN
  LIGHT RAIN


RELATIVE HUMIDITY (PERCENT)
 HIGHEST    84           100 AM
 LOWEST     51           100 PM
 AVERAGE    68

..........................................................


THE MONTGOMERY CLIMATE NORMALS FOR TOMORROW
                         NORMAL    RECORD    YEAR
 MAXIMUM TEMPERATURE (F)   80        92      1901
 MINIMUM TEMPERATURE (F)   56        44      1999
                                             1996
                                             1908


SUNRISE AND SUNSET
APRIL 30 2017.........SUNRISE   600 AM CDT   SUNSET   726 PM CDT
MAY  1 2017...........SUNRISE   559 AM CDT   SUNSET   727 PM CDT


-  INDICATES NEGATIVE NUMBERS.
R  INDICATES RECORD WAS SET OR TIED.
MM INDICATES DATA IS MISSING.
T  INDICATES TRACE AMOUNT.




$$
