000
CDUS41 KPBZ 290701
CLIMGW


CLIMATE REPORT
NATIONAL WEATHER SERVICE PITTSBURGH PA
300 AM EDT WED MAR 29 2017


...................................

...THE MORGANTOWN WV CLIMATE SUMMARY FOR MARCH 28 2017...

CLIMATE NORMAL PERIOD 1981 TO 2010
CLIMATE RECORD PERIOD 1948 TO 2017


WEATHER ITEM   OBSERVED TIME   RECORD YEAR NORMAL DEPARTURE LAST
                VALUE   (LST)  VALUE       VALUE  FROM      YEAR
                                                  NORMAL
..................................................................
TEMPERATURE (F)
 YESTERDAY
  MAXIMUM         65    157 PM  83    1989  57      8       65
  MINIMUM         50   1159 PM  10    1982  36     14       42
  AVERAGE         58                        46     12       54

PRECIPITATION (IN)
  YESTERDAY        0.18         MM      MM   0.12   0.06     0.48
  MONTH TO DATE    4.25                      3.27   0.98     3.09
  SINCE JUN 1     40.56                     33.32   7.24    30.76
  SINCE JAN 1     11.15                      8.68   2.47     7.22

DEGREE DAYS
 HEATING
  YESTERDAY        7                        19    -12       11
  MONTH TO DATE  632                       657    -25      415
  SINCE MAR 1    632                       657    -25      415
  SINCE JUL 1   3645                      4546   -901     3509

 COOLING
  YESTERDAY        0                         0      0        0
  MONTH TO DATE    2                         0      2        0
  SINCE MAR 1      2                         0      2        0
  SINCE JAN 1      5                         0      5        0
..................................................................


WIND (MPH)
  HIGHEST WIND SPEED    13   HIGHEST WIND DIRECTION     N (350)
  HIGHEST GUST SPEED    19   HIGHEST GUST DIRECTION    NW (320)
  AVERAGE WIND SPEED     5.0


SKY COVER
  POSSIBLE SUNSHINE  MM
  AVERAGE SKY COVER 1.0


WEATHER CONDITIONS
 THE FOLLOWING WEATHER WAS RECORDED YESTERDAY.
  RAIN
  LIGHT RAIN
  FOG
  HAZE


RELATIVE HUMIDITY (PERCENT)
 HIGHEST    93           600 AM
 LOWEST     63           200 PM
 AVERAGE    78

..........................................................


THE MORGANTOWN WV CLIMATE NORMALS FOR TODAY
                         NORMAL    RECORD    YEAR
 MAXIMUM TEMPERATURE (F)   57        83      1977
 MINIMUM TEMPERATURE (F)   36        14      2015


SUNRISE AND SUNSET
MARCH 29 2017.........SUNRISE   708 AM EDT   SUNSET   741 PM EDT
MARCH 30 2017.........SUNRISE   707 AM EDT   SUNSET   742 PM EDT


-  INDICATES NEGATIVE NUMBERS.
R  INDICATES RECORD WAS SET OR TIED.
MM INDICATES DATA IS MISSING.
T  INDICATES TRACE AMOUNT.




$$
