000
CDUS41 KPBZ 230702
CLIMGW


CLIMATE REPORT
NATIONAL WEATHER SERVICE PITTSBURGH PA
302 AM EDT WED JUL 23 2014


...................................

...THE MORGANTOWN WV CLIMATE SUMMARY FOR JULY 22 2014...

CLIMATE NORMAL PERIOD 1981 TO 2010
CLIMATE RECORD PERIOD 1948 TO 2014


WEATHER ITEM   OBSERVED TIME   RECORD YEAR NORMAL DEPARTURE LAST
                VALUE   (LST)  VALUE       VALUE  FROM      YEAR
                                                  NORMAL
..................................................................
TEMPERATURE (F)
 YESTERDAY
  MAXIMUM         90    427 PM  96    2011  83      7       80
  MINIMUM         69    537 AM  50    1965  63      6       68
  AVERAGE         80                        73      7       74

PRECIPITATION (IN)
  YESTERDAY        0.00         MM      MM   0.15  -0.15    MM
  MONTH TO DATE    3.43                      3.38   0.05     5.49
  SINCE JUN 1      7.95                      7.49   0.46    10.27
  SINCE JAN 1     23.44                     24.68  -1.24    22.91

DEGREE DAYS
 HEATING
  YESTERDAY        0                         0      0        0
  MONTH TO DATE    0                         0      0        0
  SINCE JUN 1      2                        31    -29       11
  SINCE JUL 1      0                         0      0        0

 COOLING
  YESTERDAY       15                         8      7        9
  MONTH TO DATE  190                       176     14      255
  SINCE JUN 1    430                       338     92      424
  SINCE JAN 1    539                       405    134      570
..................................................................


WIND (MPH)
  HIGHEST WIND SPEED     8   HIGHEST WIND DIRECTION     W (270)
  HIGHEST GUST SPEED    12   HIGHEST GUST DIRECTION    SE (150)
  AVERAGE WIND SPEED     3.7


SKY COVER
  POSSIBLE SUNSHINE  MM
  AVERAGE SKY COVER 0.2


WEATHER CONDITIONS
 THE FOLLOWING WEATHER WAS RECORDED YESTERDAY.
  NO SIGNIFICANT WEATHER WAS OBSERVED.


RELATIVE HUMIDITY (PERCENT)
 HIGHEST    87          1100 PM
 LOWEST     44           300 PM
 AVERAGE    66

..........................................................


THE MORGANTOWN WV CLIMATE NORMALS FOR TODAY
                         NORMAL    RECORD    YEAR
 MAXIMUM TEMPERATURE (F)   83        95      1991
 MINIMUM TEMPERATURE (F)   63        50      1954


SUNRISE AND SUNSET
JULY 23 2014..........SUNRISE   611 AM EDT   SUNSET   841 PM EDT
JULY 24 2014..........SUNRISE   612 AM EDT   SUNSET   840 PM EDT


-  INDICATES NEGATIVE NUMBERS.
R  INDICATES RECORD WAS SET OR TIED.
MM INDICATES DATA IS MISSING.
T  INDICATES TRACE AMOUNT.




$$
