000
CDUS41 KPBZ 262220
CLIMGW


CLIMATE REPORT
NATIONAL WEATHER SERVICE PITTSBURGH PA
520 PM EST THU FEB 26 2015


...................................

...THE MORGANTOWN WV CLIMATE SUMMARY FOR FEBRUARY 26 2015...
VALID TODAY AS OF 0500 PM LOCAL TIME.

CLIMATE NORMAL PERIOD 1981 TO 2010
CLIMATE RECORD PERIOD 1948 TO 2015


WEATHER ITEM   OBSERVED TIME   RECORD YEAR NORMAL DEPARTURE LAST
                VALUE   (LST)  VALUE       VALUE  FROM      YEAR
                                                  NORMAL
..................................................................
TEMPERATURE (F)
 TODAY
  MAXIMUM         32    337 PM  77    2000  46    -14       26
  MINIMUM         24    735 AM  -5    1963  27     -3       16
  AVERAGE         28                        36     -8       21

PRECIPITATION (IN)
  TODAY            T            MM      MM   0.10  -0.10     0.01
  MONTH TO DATE    1.73                      2.40  -0.67     3.35
  SINCE JUN 1     30.52                     29.85   0.67    33.60
  SINCE JAN 1      4.29                      5.21  -0.92     5.17

DEGREE DAYS
 HEATING
  TODAY           37                        28      9       44
  MONTH TO DATE 1094                       806    288      913
  SINCE DEC 1   3047                      2785    262     2914
  SINCE JUL 1   4077                      3833    244     4031

 COOLING
  TODAY            0                         0      0        0
  MONTH TO DATE    0                         0      0        0
  SINCE DEC 1      0                         0      0        1
  SINCE JAN 1      0                         0      0        0
..................................................................


WIND (MPH)
  RESULTANT WIND SPEED   5   RESULTANT WIND DIRECTION   N (0)
  HIGHEST WIND SPEED    10   HIGHEST WIND DIRECTION     N (10)
  HIGHEST GUST SPEED    13   HIGHEST GUST DIRECTION     N (20)
  AVERAGE WIND SPEED     5.6


SKY COVER
  POSSIBLE SUNSHINE  MM
  AVERAGE SKY COVER 0.8


WEATHER CONDITIONS
 THE FOLLOWING WEATHER WAS RECORDED TODAY.
  LIGHT SNOW


RELATIVE HUMIDITY (PERCENT)
 HIGHEST    63           500 PM
 LOWEST     47          1100 AM
 AVERAGE    55

..........................................................


THE MORGANTOWN WV CLIMATE NORMALS FOR TOMORROW
                         NORMAL    RECORD    YEAR
 MAXIMUM TEMPERATURE (F)   46        73      1997
 MINIMUM TEMPERATURE (F)   28        -6      1963


SUNRISE AND SUNSET
FEBRUARY 26 2015......SUNRISE   657 AM EST   SUNSET   608 PM EST
FEBRUARY 27 2015......SUNRISE   656 AM EST   SUNSET   609 PM EST


-  INDICATES NEGATIVE NUMBERS.
R  INDICATES RECORD WAS SET OR TIED.
MM INDICATES DATA IS MISSING.
T  INDICATES TRACE AMOUNT.




$$
