750
CDUS41 KPBZ 042223
CLIMGW


CLIMATE REPORT
NATIONAL WEATHER SERVICE PITTSBURGH PA
523 PM EST SUN DEC 4 2016


...................................

...THE MORGANTOWN WV CLIMATE SUMMARY FOR DECEMBER 4 2016...
VALID TODAY AS OF 0500 PM LOCAL TIME.

CLIMATE NORMAL PERIOD 1981 TO 2010
CLIMATE RECORD PERIOD 1948 TO 2016


WEATHER ITEM   OBSERVED TIME   RECORD YEAR NORMAL DEPARTURE LAST
                VALUE   (LST)  VALUE       VALUE  FROM      YEAR
                                                  NORMAL
..................................................................
TEMPERATURE (F)
 TODAY
  MAXIMUM         46    328 PM  69    2012  46      0       46
  MINIMUM         32    643 AM   3    1966  30      2       29
  AVERAGE         39                        38      1       38

PRECIPITATION (IN)
  TODAY            0.00         MM      MM   0.10  -0.10     0.00
  MONTH TO DATE    0.02                      0.41  -0.39     1.33
  SINCE JUN 1     25.38                     22.14   3.24    21.09
  SINCE JAN 1     41.42                     39.33   2.09    38.34

DEGREE DAYS
 HEATING
  TODAY           26                        27     -1       27
  MONTH TO DATE  100                       106     -6       85
  SINCE DEC 1    100                       106     -6       85
  SINCE JUL 1    786                      1154   -368      804

 COOLING
  TODAY            0                         0      0        0
  MONTH TO DATE    0                         0      0        0
  SINCE DEC 1      0                         0      0        0
  SINCE JAN 1   1283                       814    469     1211
..................................................................


WIND (MPH)
  RESULTANT WIND SPEED   1   RESULTANT WIND DIRECTION  NE (30)
  HIGHEST WIND SPEED     7   HIGHEST WIND DIRECTION    NE (30)
  HIGHEST GUST SPEED    10   HIGHEST GUST DIRECTION    NE (50)
  AVERAGE WIND SPEED     2.2


SKY COVER
  POSSIBLE SUNSHINE  MM
  AVERAGE SKY COVER 0.5


WEATHER CONDITIONS
 THE FOLLOWING WEATHER WAS RECORDED TODAY.
  NO SIGNIFICANT WEATHER WAS OBSERVED.


RELATIVE HUMIDITY (PERCENT)
 HIGHEST    75           100 AM
 LOWEST     49           500 PM
 AVERAGE    62

..........................................................


THE MORGANTOWN WV CLIMATE NORMALS FOR TOMORROW
                         NORMAL    RECORD    YEAR
 MAXIMUM TEMPERATURE (F)   45        75      1982
 MINIMUM TEMPERATURE (F)   30        11      1974


SUNRISE AND SUNSET
DECEMBER  4 2016......SUNRISE   725 AM EST   SUNSET   455 PM EST
DECEMBER  5 2016......SUNRISE   726 AM EST   SUNSET   455 PM EST


-  INDICATES NEGATIVE NUMBERS.
R  INDICATES RECORD WAS SET OR TIED.
MM INDICATES DATA IS MISSING.
T  INDICATES TRACE AMOUNT.




$$
