000
CDUS41 KPBZ 262128
CLIMGW


CLIMATE REPORT
NATIONAL WEATHER SERVICE PITTSBURGH PA
526 PM EDT MON JUN 26 2017


...................................

...THE MORGANTOWN WV CLIMATE SUMMARY FOR JUNE 26 2017...
VALID TODAY AS OF 0500 PM LOCAL TIME.

CLIMATE NORMAL PERIOD 1981 TO 2010
CLIMATE RECORD PERIOD 1872 TO 2017


WEATHER ITEM   OBSERVED TIME   RECORD YEAR NORMAL DEPARTURE LAST
                VALUE   (LST)  VALUE       VALUE  FROM      YEAR
                                                  NORMAL
..................................................................
TEMPERATURE (F)
 TODAY
  MAXIMUM         76    321 PM  96    1952  83     -7       89
  MINIMUM         52    507 AM  47    1986  61     -9       65
  AVERAGE         64                        72     -8       77

PRECIPITATION (IN)
  TODAY            0.00          1.94 1978   0.14  -0.14     0.00
  MONTH TO DATE    3.81                      3.53   0.28     4.35
  SINCE JUN 1      3.81                      3.53   0.28     4.35
  SINCE JAN 1     26.90                     20.72   6.18    20.39

DEGREE DAYS
 HEATING
  TODAY            1                         0      1        0
  MONTH TO DATE   13                        29    -16       10
  SINCE JUN 1     13                        29    -16       10
  SINCE JUL 1   4032                      5182  -1150     4046

 COOLING
  TODAY            0                         7     -7       12
  MONTH TO DATE  160                       131     29      195
  SINCE JUN 1    160                       131     29      195
  SINCE JAN 1    267                       198     69      269
..................................................................


WIND (MPH)
  RESULTANT WIND SPEED   2   RESULTANT WIND DIRECTION   S (200)
  HIGHEST WIND SPEED    13   HIGHEST WIND DIRECTION     W (270)
  HIGHEST GUST SPEED    20   HIGHEST GUST DIRECTION    SW (230)
  AVERAGE WIND SPEED     4.4


SKY COVER
  POSSIBLE SUNSHINE  MM
  AVERAGE SKY COVER 0.4


WEATHER CONDITIONS
 THE FOLLOWING WEATHER WAS RECORDED TODAY.
  NO SIGNIFICANT WEATHER WAS OBSERVED.


RELATIVE HUMIDITY (PERCENT)
 HIGHEST    93           400 AM
 LOWEST     38           100 PM
 AVERAGE    66

..........................................................


THE MORGANTOWN WV CLIMATE NORMALS FOR TOMORROW
                         NORMAL    RECORD    YEAR
 MAXIMUM TEMPERATURE (F)   83        94      1969
                                             1934
 MINIMUM TEMPERATURE (F)   61        43      1927


SUNRISE AND SUNSET
JUNE 26 2017..........SUNRISE   554 AM EDT   SUNSET   851 PM EDT
JUNE 27 2017..........SUNRISE   554 AM EDT   SUNSET   851 PM EDT


-  INDICATES NEGATIVE NUMBERS.
R  INDICATES RECORD WAS SET OR TIED.
MM INDICATES DATA IS MISSING.
T  INDICATES TRACE AMOUNT.




$$
