000
CDUS41 KPBZ 230703
CLIMGW


CLIMATE REPORT
NATIONAL WEATHER SERVICE PITTSBURGH PA
302 AM EDT TUE MAY 23 2017


...................................

...THE MORGANTOWN WV CLIMATE SUMMARY FOR MAY 22 2017...

CLIMATE NORMAL PERIOD 1981 TO 2010
CLIMATE RECORD PERIOD 1948 TO 2017


WEATHER ITEM   OBSERVED TIME   RECORD YEAR NORMAL DEPARTURE LAST
                VALUE   (LST)  VALUE       VALUE  FROM      YEAR
                                                  NORMAL
..................................................................
TEMPERATURE (F)
 YESTERDAY
  MAXIMUM         71    158 PM  90    1970  73     -2       62
                                      1936
                                      1934
  MINIMUM         51   1159 PM  28    1895  52     -1       52
  AVERAGE         61                        63     -2       57

PRECIPITATION (IN)
  YESTERDAY        0.08          1.12 1901   0.16  -0.08     0.03
  MONTH TO DATE    3.29                      3.21   0.08     5.20
  SINCE JUN 1     50.28                     40.43   9.85    39.57
  SINCE JAN 1     20.87                     15.79   5.08    16.03

DEGREE DAYS
 HEATING
  YESTERDAY        4                         4      0        8
  MONTH TO DATE  140                       138      2      170
  SINCE MAR 1    995                      1232   -237      941
  SINCE JUL 1   4008                      5121  -1113     4035

 COOLING
  YESTERDAY        0                         2     -2        0
  MONTH TO DATE   49                        30     19        9
  SINCE MAR 1     86                        46     40       15
  SINCE JAN 1     89                        46     43       15
..................................................................


WIND (MPH)
  HIGHEST WIND SPEED    15   HIGHEST WIND DIRECTION    SW (230)
  HIGHEST GUST SPEED    23   HIGHEST GUST DIRECTION    SW (220)
  AVERAGE WIND SPEED     4.2


SKY COVER
  POSSIBLE SUNSHINE  MM
  AVERAGE SKY COVER 0.5


WEATHER CONDITIONS
 THE FOLLOWING WEATHER WAS RECORDED YESTERDAY.
  HEAVY RAIN
  LIGHT RAIN
  FOG
  HAZE


RELATIVE HUMIDITY (PERCENT)
 HIGHEST    87           700 AM
 LOWEST     48           500 PM
 AVERAGE    68

..........................................................


THE MORGANTOWN WV CLIMATE NORMALS FOR TODAY
                         NORMAL    RECORD    YEAR
 MAXIMUM TEMPERATURE (F)   74        91      1966
 MINIMUM TEMPERATURE (F)   52        34      2006
                                             1997


SUNRISE AND SUNSET
MAY 23 2017...........SUNRISE   559 AM EDT   SUNSET   835 PM EDT
MAY 24 2017...........SUNRISE   558 AM EDT   SUNSET   835 PM EDT


-  INDICATES NEGATIVE NUMBERS.
R  INDICATES RECORD WAS SET OR TIED.
MM INDICATES DATA IS MISSING.
T  INDICATES TRACE AMOUNT.




$$
