000
CDUS41 KPBZ 202213
CLIMGW


CLIMATE REPORT
NATIONAL WEATHER SERVICE PITTSBURGH PA
512 PM EST SAT DEC 20 2014


...................................

...THE MORGANTOWN WV CLIMATE SUMMARY FOR DECEMBER 20 2014...
VALID TODAY AS OF 0500 PM LOCAL TIME.

CLIMATE NORMAL PERIOD 1981 TO 2010
CLIMATE RECORD PERIOD 1948 TO 2014


WEATHER ITEM   OBSERVED TIME   RECORD YEAR NORMAL DEPARTURE LAST
                VALUE   (LST)  VALUE       VALUE  FROM      YEAR
                                                  NORMAL
..................................................................
TEMPERATURE (F)
 TODAY
  MAXIMUM         36    253 PM  64    1957  41     -5       60
  MINIMUM         28    841 AM   0    1963  26      2       47
  AVERAGE         32                        34     -2       54

PRECIPITATION (IN)
  TODAY            0.00         MM      MM   0.09  -0.09     0.03
  MONTH TO DATE    2.47                      1.94   0.53     2.83
  SINCE JUN 1     25.81                     23.67   2.14    26.73
  SINCE JAN 1     41.30                     40.86   0.44    39.37

DEGREE DAYS
 HEATING
  TODAY           33                        32      1       11
  MONTH TO DATE  550                       579    -29      556
  SINCE DEC 1    550                       579    -29      556
  SINCE JUL 1   1580                      1627    -47     1673

 COOLING
  TODAY            0                         0      0        0
  MONTH TO DATE    0                         0      0        0
  SINCE DEC 1      0                         0      0        0
  SINCE JAN 1    981                       814    167      906
..................................................................


WIND (MPH)
  RESULTANT WIND SPEED   2   RESULTANT WIND DIRECTION   N (10)
  HIGHEST WIND SPEED     7   HIGHEST WIND DIRECTION     N (360)
  HIGHEST GUST SPEED    10   HIGHEST GUST DIRECTION     N (360)
  AVERAGE WIND SPEED     2.2


SKY COVER
  POSSIBLE SUNSHINE  MM
  AVERAGE SKY COVER 0.9


WEATHER CONDITIONS
 THE FOLLOWING WEATHER WAS RECORDED TODAY.
  NO SIGNIFICANT WEATHER WAS OBSERVED.


RELATIVE HUMIDITY (PERCENT)
 HIGHEST    69           300 AM
 LOWEST     52           300 PM
 AVERAGE    61

..........................................................


THE MORGANTOWN WV CLIMATE NORMALS FOR TOMORROW
                         NORMAL    RECORD    YEAR
 MAXIMUM TEMPERATURE (F)   41        73      1967
 MINIMUM TEMPERATURE (F)   26        -3      1989


SUNRISE AND SUNSET
DECEMBER 20 2014......SUNRISE   736 AM EST   SUNSET   458 PM EST
DECEMBER 21 2014......SUNRISE   737 AM EST   SUNSET   459 PM EST


-  INDICATES NEGATIVE NUMBERS.
R  INDICATES RECORD WAS SET OR TIED.
MM INDICATES DATA IS MISSING.
T  INDICATES TRACE AMOUNT.




$$
