246
CDUS41 KPBZ 060830
CLIMGW


CLIMATE REPORT
NATIONAL WEATHER SERVICE PITTSBURGH PA
330 AM EST SAT FEB 6 2016


...................................

...THE MORGANTOWN WV CLIMATE SUMMARY FOR FEBRUARY 5 2016...

CLIMATE NORMAL PERIOD 1981 TO 2010
CLIMATE RECORD PERIOD 1948 TO 2016


WEATHER ITEM   OBSERVED TIME   RECORD YEAR NORMAL DEPARTURE LAST
                VALUE   (LST)  VALUE       VALUE  FROM      YEAR
                                                  NORMAL
..................................................................
TEMPERATURE (F)
 YESTERDAY
  MAXIMUM         39    229 PM  64    2008  41     -2       37
                                      1986
  MINIMUM         25   1151 PM  -1    1996  24      1        8
  AVERAGE         32                        32      0       23

PRECIPITATION (IN)
  YESTERDAY        T            MM      MM   0.09  -0.09     0.07
  MONTH TO DATE    0.49                      0.45   0.04     0.74
  SINCE JUN 1     26.07                     27.90  -1.83    29.53
  SINCE JAN 1      2.53                      3.26  -0.73     3.30

DEGREE DAYS
 HEATING
  YESTERDAY       33                        32      1       42
  MONTH TO DATE  109                       164    -55      175
  SINCE DEC 1   1744                      2143   -399     2128
  SINCE JUL 1   2463                      3191   -728     3158

 COOLING
  YESTERDAY        0                         0      0        0
  MONTH TO DATE    0                         0      0        0
  SINCE DEC 1      0                         0      0        0
  SINCE JAN 1      0                         0      0        0
..................................................................


WIND (MPH)
  HIGHEST WIND SPEED    12   HIGHEST WIND DIRECTION     W (280)
  HIGHEST GUST SPEED    16   HIGHEST GUST DIRECTION    NW (300)
  AVERAGE WIND SPEED     4.7


SKY COVER
  POSSIBLE SUNSHINE  MM
  AVERAGE SKY COVER 0.5


WEATHER CONDITIONS
 THE FOLLOWING WEATHER WAS RECORDED YESTERDAY.
  LIGHT SNOW


RELATIVE HUMIDITY (PERCENT)
 HIGHEST    63          1200 AM
 LOWEST     35           200 PM
 AVERAGE    49

..........................................................


THE MORGANTOWN WV CLIMATE NORMALS FOR TODAY
                         NORMAL    RECORD    YEAR
 MAXIMUM TEMPERATURE (F)   41        69      2008
 MINIMUM TEMPERATURE (F)   24        -1      2007


SUNRISE AND SUNSET
FEBRUARY  6 2016......SUNRISE   723 AM EST   SUNSET   545 PM EST
FEBRUARY  7 2016......SUNRISE   722 AM EST   SUNSET   546 PM EST


-  INDICATES NEGATIVE NUMBERS.
R  INDICATES RECORD WAS SET OR TIED.
MM INDICATES DATA IS MISSING.
T  INDICATES TRACE AMOUNT.




$$
