000
CDUS43 KFSD 200633
CLIMHE


CLIMATE REPORT
NATIONAL WEATHER SERVICE SIOUX FALLS SD
132 AM CDT SUN APR 20 2014


...................................

...THE MITCHELL SD CLIMATE SUMMARY FOR APRIL 19 2014...

CLIMATE NORMAL PERIOD 1981 TO 2010
CLIMATE RECORD PERIOD 1893 TO 2014


WEATHER ITEM   OBSERVED TIME   RECORD YEAR NORMAL DEPARTURE LAST
                VALUE   (LST)  VALUE       VALUE  FROM      YEAR
                                                  NORMAL
..................................................................
TEMPERATURE (F)
 YESTERDAY
  MAXIMUM         69    530 PM  90    1923  62      7       39
  MINIMUM         47   1159 PM  16    1928  37     10       23
  AVERAGE         58                        50      8       31

PRECIPITATION (IN)
  YESTERDAY        T             1.24 2012   0.08  -0.08     0.00
  MONTH TO DATE    0.11                      1.12  -1.01     2.03
  SINCE MAR 1      1.15                      2.18  -1.03     2.83
  SINCE JAN 1      1.65                      2.74  -1.09     4.40

SNOWFALL (IN)
  YESTERDAY        0.0           2.5  1966  MM     MM        0.0
  MONTH TO DATE    T                        MM     MM       17.1
  SINCE MAR 1      8.6                      MM     MM       20.5
  SINCE JUL 1     30.8                      MM     MM       48.4
  SNOW DEPTH       0

DEGREE DAYS
 HEATING
  YESTERDAY        7                        15     -8       34
  MONTH TO DATE  406                       375     31      551
  SINCE MAR 1   1452                      1333    119     1690
  SINCE JUL 1   7402                      6855    547     7155

 COOLING
  YESTERDAY        0                         0      0        0
  MONTH TO DATE    0                         0      0        0
  SINCE MAR 1      0                         0      0        0
  SINCE JAN 1      0                         0      0        0
..................................................................


WIND (MPH)
  HIGHEST WIND SPEED    29   HIGHEST WIND DIRECTION     S (170)
  HIGHEST GUST SPEED    36   HIGHEST GUST DIRECTION     S (180)
  AVERAGE WIND SPEED     9.5


SKY COVER
  POSSIBLE SUNSHINE  MM
  AVERAGE SKY COVER 0.0


WEATHER CONDITIONS
 THE FOLLOWING WEATHER WAS RECORDED YESTERDAY.
  LIGHT RAIN


RELATIVE HUMIDITY (PERCENT)
 HIGHEST    66           700 AM
 LOWEST     17           500 PM
 AVERAGE    42

..........................................................


THE MITCHELL SD CLIMATE NORMALS FOR TODAY
                         NORMAL    RECORD    YEAR
 MAXIMUM TEMPERATURE (F)   63        94      1980
 MINIMUM TEMPERATURE (F)   37        14      1966


SUNRISE AND SUNSET
APRIL 20 2014.........SUNRISE   641 AM CDT   SUNSET   822 PM CDT
APRIL 21 2014.........SUNRISE   639 AM CDT   SUNSET   823 PM CDT


-  INDICATES NEGATIVE NUMBERS.
R  INDICATES RECORD WAS SET OR TIED.
MM INDICATES DATA IS MISSING.
T  INDICATES TRACE AMOUNT.




$$
