000
CDUS43 KTOP 310633
CLIMHK


CLIMATE REPORT
NATIONAL WEATHER SERVICE TOPEKA KS
131 AM CDT THU JUL 31 2014


...................................

...THE MANHATTAN KS CLIMATE SUMMARY FOR JULY 30 2014...

CLIMATE NORMAL PERIOD 1981 TO 2010
CLIMATE RECORD PERIOD 9999 TO 9999


WEATHER ITEM   OBSERVED NORMAL DEPARTURE LAST
                VALUE   VALUE  FROM      YEAR
                               NORMAL
...............................................
TEMPERATURE (F)
 YESTERDAY
  MAXIMUM         82     91     -9       81
  MINIMUM         60     67     -7       69
  AVERAGE         71     79     -8       75

PRECIPITATION (IN)
  YESTERDAY        0.40   0.12   0.28     0.00
  MONTH TO DATE    0.85   3.86  -3.01     4.33
  SINCE JUN 1      7.67   8.95  -1.28     7.51
  SINCE JAN 1     13.52  20.15  -6.63    17.12

DEGREE DAYS
 HEATING
  YESTERDAY        0      0      0        0
  MONTH TO DATE    1      0      1        3
  SINCE JUN 1      1     11    -10       12
  SINCE JUL 1      1      0      1        3

 COOLING
  YESTERDAY        6     14     -8       10
  MONTH TO DATE  382    421    -39      383
  SINCE JUN 1    687    691     -4      701
  SINCE JAN 1    890    791     99      837
...............................................


WIND (MPH)
  HIGHEST WIND SPEED    12   HIGHEST WIND DIRECTION    NE (60)
  HIGHEST GUST SPEED    17   HIGHEST GUST DIRECTION     E (90)
  AVERAGE WIND SPEED     2.9


SKY COVER
  AVERAGE SKY COVER 0.4


WEATHER CONDITIONS
 THE FOLLOWING WEATHER WAS RECORDED YESTERDAY.
  HEAVY RAIN
  LIGHT RAIN
  FOG


RELATIVE HUMIDITY (PERCENT)
 HIGHEST    93
 LOWEST     39
 AVERAGE    66

..........................................................


THE MANHATTAN KS CLIMATE NORMALS FOR TODAY
                         NORMAL
 MAXIMUM TEMPERATURE (F)   91
 MINIMUM TEMPERATURE (F)   67


SUNRISE AND SUNSET
JULY 31 2014..........SUNRISE   626 AM CDT   SUNSET   839 PM CDT
AUGUST  1 2014........SUNRISE   627 AM CDT   SUNSET   838 PM CDT


-  INDICATES NEGATIVE NUMBERS.
R  INDICATES RECORD WAS SET OR TIED.
MM INDICATES DATA IS MISSING.
T  INDICATES TRACE AMOUNT.




$$
