000
CDUS43 KTOP 270635
CLIMHK


CLIMATE REPORT
NATIONAL WEATHER SERVICE TOPEKA KS
133 AM CDT WED MAY 27 2015


...................................

...THE MANHATTAN KS CLIMATE SUMMARY FOR MAY 26 2015...

CLIMATE NORMAL PERIOD 1981 TO 2010
CLIMATE RECORD PERIOD 9999 TO 9999


WEATHER ITEM   OBSERVED NORMAL DEPARTURE LAST
                VALUE   VALUE  FROM      YEAR
                               NORMAL
...............................................
TEMPERATURE (F)
 YESTERDAY
  MAXIMUM         78     79     -1       83
  MINIMUM         57     55      2       64
  AVERAGE         68     67      1       74

PRECIPITATION (IN)
  YESTERDAY        0.04   0.16  -0.12     0.00
  MONTH TO DATE    9.03   3.61   5.42     2.15
  SINCE MAR 1     11.81   8.61   3.20     4.63
  SINCE JAN 1     13.27  10.33   2.94     5.85

DEGREE DAYS
 HEATING
  YESTERDAY        0      2     -2        0
  MONTH TO DATE  101    116    -15      118
  SINCE MAR 1    926   1137   -211     1210
  SINCE JUL 1   5120   5297   -177     5741

 COOLING
  YESTERDAY        3      4     -1        9
  MONTH TO DATE   61     60      1      122
  SINCE MAR 1     69     77     -8      152
  SINCE JAN 1     69     77     -8      152
...............................................


WIND (MPH)
  HIGHEST WIND SPEED    21   HIGHEST WIND DIRECTION    SW (240)
  HIGHEST GUST SPEED    27   HIGHEST GUST DIRECTION    SW (240)
  AVERAGE WIND SPEED     6.5


SKY COVER
  AVERAGE SKY COVER 0.4


WEATHER CONDITIONS
 THE FOLLOWING WEATHER WAS RECORDED YESTERDAY.
  LIGHT RAIN


RELATIVE HUMIDITY (PERCENT)
 HIGHEST    97
 LOWEST     48
 AVERAGE    73

..........................................................


THE MANHATTAN KS CLIMATE NORMALS FOR TODAY
                         NORMAL
 MAXIMUM TEMPERATURE (F)   80
 MINIMUM TEMPERATURE (F)   55


SUNRISE AND SUNSET
MAY 27 2015...........SUNRISE   605 AM CDT   SUNSET   843 PM CDT
MAY 28 2015...........SUNRISE   604 AM CDT   SUNSET   844 PM CDT


-  INDICATES NEGATIVE NUMBERS.
R  INDICATES RECORD WAS SET OR TIED.
MM INDICATES DATA IS MISSING.
T  INDICATES TRACE AMOUNT.

$$
