000
CDUS43 KTOP 300632
CLIMHK


CLIMATE REPORT
NATIONAL WEATHER SERVICE TOPEKA KS
131 AM CDT MON MAR 30 2015


...................................

...THE MANHATTAN KS CLIMATE SUMMARY FOR MARCH 29 2015...

CLIMATE NORMAL PERIOD 1981 TO 2010
CLIMATE RECORD PERIOD 9999 TO 9999


WEATHER ITEM   OBSERVED NORMAL DEPARTURE LAST
                VALUE   VALUE  FROM      YEAR
                               NORMAL
...............................................
TEMPERATURE (F)
 YESTERDAY
  MAXIMUM         71     62      9       63
  MINIMUM         32     35     -3       24
  AVERAGE         52     48      4       44

PRECIPITATION (IN)
  YESTERDAY        0.00   0.06  -0.06     0.00
  MONTH TO DATE    0.26   2.08  -1.82     0.53
  SINCE MAR 1      0.26   2.08  -1.82     0.53
  SINCE JAN 1      1.72   3.80  -2.08     1.75

DEGREE DAYS
 HEATING
  YESTERDAY       13     17     -4       21
  MONTH TO DATE  561    645    -84      736
  SINCE MAR 1    561    645    -84      736
  SINCE JUL 1   4755   4805    -50     5267

 COOLING
  YESTERDAY        0      0      0        0
  MONTH TO DATE    2      0      2        0
  SINCE MAR 1      2      0      2        0
  SINCE JAN 1      2      0      2        0
...............................................


WIND (MPH)
  HIGHEST WIND SPEED    21   HIGHEST WIND DIRECTION     N (10)
  HIGHEST GUST SPEED    32   HIGHEST GUST DIRECTION    NW (330)
  AVERAGE WIND SPEED     7.5


SKY COVER
  AVERAGE SKY COVER 0.0


WEATHER CONDITIONS
 THE FOLLOWING WEATHER WAS RECORDED YESTERDAY.
  NO SIGNIFICANT WEATHER WAS OBSERVED.


RELATIVE HUMIDITY (PERCENT)
 HIGHEST    86
 LOWEST     28
 AVERAGE    57

..........................................................


THE MANHATTAN KS CLIMATE NORMALS FOR TODAY
                         NORMAL
 MAXIMUM TEMPERATURE (F)   62
 MINIMUM TEMPERATURE (F)   35


SUNRISE AND SUNSET
MARCH 30 2015.........SUNRISE   715 AM CDT   SUNSET   748 PM CDT
MARCH 31 2015.........SUNRISE   713 AM CDT   SUNSET   749 PM CDT


-  INDICATES NEGATIVE NUMBERS.
R  INDICATES RECORD WAS SET OR TIED.
MM INDICATES DATA IS MISSING.
T  INDICATES TRACE AMOUNT.




$$
