000
CDUS43 KTOP 170639
CLIMHK


CLIMATE REPORT
NATIONAL WEATHER SERVICE TOPEKA KS
1239 AM CST TUE JAN 17 2017


...................................

...THE MANHATTAN KS CLIMATE SUMMARY FOR JANUARY 16 2017...

CLIMATE NORMAL PERIOD 1981 TO 2010
CLIMATE RECORD PERIOD 9999 TO 9999


WEATHER ITEM   OBSERVED NORMAL DEPARTURE LAST
                VALUE   VALUE  FROM      YEAR
                               NORMAL
...............................................
TEMPERATURE (F)
 YESTERDAY
  MAXIMUM         40     41     -1       MM
  MINIMUM         33     17     16       MM
  AVERAGE         37     28      9       MM

PRECIPITATION (IN)
  YESTERDAY        0.73   0.02   0.71     0.00
  MONTH TO DATE    1.35   0.20   1.15     0.35
  SINCE DEC 1      2.29   1.22   1.07     3.44
  SINCE JAN 1      1.35   0.20   1.15     0.35

DEGREE DAYS
 HEATING
  YESTERDAY       28     36     -8       MM
  MONTH TO DATE  610    591     19      520
  SINCE DEC 1   1687   1657     30     1355
  SINCE JUL 1   2297   2732   -435     2094

 COOLING
  YESTERDAY        0      0      0       MM
  MONTH TO DATE    0      0      0        0
  SINCE DEC 1      0      0      0        0
  SINCE JAN 1      0      0      0        0
...............................................


WIND (MPH)
  HIGHEST WIND SPEED    16   HIGHEST WIND DIRECTION    NE (50)
  HIGHEST GUST SPEED    21   HIGHEST GUST DIRECTION    NE (40)
  AVERAGE WIND SPEED     7.5


SKY COVER
  AVERAGE SKY COVER 1.0


WEATHER CONDITIONS
 THE FOLLOWING WEATHER WAS RECORDED YESTERDAY.
  HEAVY RAIN
  RAIN
  LIGHT RAIN
  FOG
  FOG W/VISIBILITY <= 1/4 MILE


RELATIVE HUMIDITY (PERCENT)
 HIGHEST   100
 LOWEST     89
 AVERAGE    95

..........................................................


THE MANHATTAN KS CLIMATE NORMALS FOR TODAY
                         NORMAL
 MAXIMUM TEMPERATURE (F)   41
 MINIMUM TEMPERATURE (F)   17


SUNRISE AND SUNSET
JANUARY 17 2017.......SUNRISE   743 AM CST   SUNSET   531 PM CST
JANUARY 18 2017.......SUNRISE   743 AM CST   SUNSET   532 PM CST


-  INDICATES NEGATIVE NUMBERS.
R  INDICATES RECORD WAS SET OR TIED.
MM INDICATES DATA IS MISSING.
T  INDICATES TRACE AMOUNT.




$$
