000
CDUS43 KTOP 240632
CLIMHK


CLIMATE REPORT
NATIONAL WEATHER SERVICE TOPEKA KS
132 AM CDT WED MAY 24 2017


...................................

...THE MANHATTAN KS CLIMATE SUMMARY FOR MAY 23 2017...

CLIMATE NORMAL PERIOD 1981 TO 2010
CLIMATE RECORD PERIOD 9999 TO 9999


WEATHER ITEM   OBSERVED NORMAL DEPARTURE LAST
                VALUE   VALUE  FROM      YEAR
                               NORMAL
...............................................
TEMPERATURE (F)
 YESTERDAY
  MAXIMUM         69     78     -9       75
  MINIMUM         51     54     -3       67
  AVERAGE         60     66     -6       71

PRECIPITATION (IN)
  YESTERDAY        0.02   0.18  -0.16     0.10
  MONTH TO DATE    2.44   3.11  -0.67     1.31
  SINCE MAR 1     11.17   8.11   3.06     9.73
  SINCE JAN 1     12.97   9.83   3.14    10.71

DEGREE DAYS
 HEATING
  YESTERDAY        5      3      2        0
  MONTH TO DATE   84    110    -26      114
  SINCE MAR 1    875   1131   -256      818
  SINCE JUL 1   4159   5291  -1132     4115

 COOLING
  YESTERDAY        0      4     -4        6
  MONTH TO DATE   70     48     22       32
  SINCE MAR 1    114     65     49       60
  SINCE JAN 1    114     65     49       60
...............................................


WIND (MPH)
  HIGHEST WIND SPEED    20   HIGHEST WIND DIRECTION    NW (330)
  HIGHEST GUST SPEED    32   HIGHEST GUST DIRECTION    NW (330)
  AVERAGE WIND SPEED     5.9


SKY COVER
  AVERAGE SKY COVER 0.7


WEATHER CONDITIONS
 THE FOLLOWING WEATHER WAS RECORDED YESTERDAY.
  LIGHT RAIN


RELATIVE HUMIDITY (PERCENT)
 HIGHEST    93
 LOWEST     45
 AVERAGE    69

..........................................................


THE MANHATTAN KS CLIMATE NORMALS FOR TODAY
                         NORMAL
 MAXIMUM TEMPERATURE (F)   79
 MINIMUM TEMPERATURE (F)   54


SUNRISE AND SUNSET
MAY 24 2017...........SUNRISE   606 AM CDT   SUNSET   841 PM CDT
MAY 25 2017...........SUNRISE   606 AM CDT   SUNSET   842 PM CDT


-  INDICATES NEGATIVE NUMBERS.
R  INDICATES RECORD WAS SET OR TIED.
MM INDICATES DATA IS MISSING.
T  INDICATES TRACE AMOUNT.




$$
