000
CDUS43 KTOP 200635
CLIMHK


CLIMATE REPORT
NATIONAL WEATHER SERVICE TOPEKA KS
133 AM CDT WED AUG 20 2014


...................................

...THE MANHATTAN KS CLIMATE SUMMARY FOR AUGUST 19 2014...

CLIMATE NORMAL PERIOD 1981 TO 2010
CLIMATE RECORD PERIOD 9999 TO 9999


WEATHER ITEM   OBSERVED NORMAL DEPARTURE LAST
                VALUE   VALUE  FROM      YEAR
                               NORMAL
...............................................
TEMPERATURE (F)
 YESTERDAY
  MAXIMUM         96     89      7       87
  MINIMUM         66     65      1       61
  AVERAGE         81     77      4       74

PRECIPITATION (IN)
  YESTERDAY        0.09   0.16  -0.07     0.00
  MONTH TO DATE    1.87   2.36  -0.49     4.10
  SINCE JUN 1      9.54  11.42  -1.88    11.61
  SINCE JAN 1     15.39  22.62  -7.23    21.22

DEGREE DAYS
 HEATING
  YESTERDAY        0      0      0        0
  MONTH TO DATE    0      0      0        0
  SINCE JUN 1      1     12    -11       12
  SINCE JUL 1      1      1      0        3

 COOLING
  YESTERDAY       16     12      4        9
  MONTH TO DATE  249    251     -2      169
  SINCE JUN 1    942    957    -15      880
  SINCE JAN 1   1145   1057     88     1016
...............................................


WIND (MPH)
  HIGHEST WIND SPEED    28   HIGHEST WIND DIRECTION     W (260)
  HIGHEST GUST SPEED    37   HIGHEST GUST DIRECTION     W (260)
  AVERAGE WIND SPEED     5.6


SKY COVER
  AVERAGE SKY COVER 0.1


WEATHER CONDITIONS
 THE FOLLOWING WEATHER WAS RECORDED YESTERDAY.
  THUNDERSTORM
  RAIN
  LIGHT RAIN
  FOG


RELATIVE HUMIDITY (PERCENT)
 HIGHEST    87
 LOWEST     34
 AVERAGE    61

..........................................................


THE MANHATTAN KS CLIMATE NORMALS FOR TODAY
                         NORMAL
 MAXIMUM TEMPERATURE (F)   89
 MINIMUM TEMPERATURE (F)   64


SUNRISE AND SUNSET
AUGUST 20 2014........SUNRISE   644 AM CDT   SUNSET   815 PM CDT
AUGUST 21 2014........SUNRISE   645 AM CDT   SUNSET   814 PM CDT


-  INDICATES NEGATIVE NUMBERS.
R  INDICATES RECORD WAS SET OR TIED.
MM INDICATES DATA IS MISSING.
T  INDICATES TRACE AMOUNT.

$$
