000
CDUS43 KTOP 270633
CLIMHK


CLIMATE REPORT
NATIONAL WEATHER SERVICE TOPEKA KS
132 AM CDT MON MAR 27 2017


...................................

...THE MANHATTAN KS CLIMATE SUMMARY FOR MARCH 26 2017...

CLIMATE NORMAL PERIOD 1981 TO 2010
CLIMATE RECORD PERIOD 9999 TO 9999


WEATHER ITEM   OBSERVED NORMAL DEPARTURE LAST
                VALUE   VALUE  FROM      YEAR
                               NORMAL
...............................................
TEMPERATURE (F)
 YESTERDAY
  MAXIMUM         53     61     -8       51
  MINIMUM         43     34      9       36
  AVERAGE         48     47      1       44

PRECIPITATION (IN)
  YESTERDAY        0.36   0.06   0.30     0.26
  MONTH TO DATE    1.49   1.88  -0.39     0.50
  SINCE MAR 1      1.49   1.88  -0.39     0.50
  SINCE JAN 1      3.29   3.60  -0.31     1.48

DEGREE DAYS
 HEATING
  YESTERDAY       17     18     -1       21
  MONTH TO DATE  429    593   -164      413
  SINCE MAR 1    429    593   -164      413
  SINCE JUL 1   3713   4753  -1040     3710

 COOLING
  YESTERDAY        0      0      0        0
  MONTH TO DATE    6      0      6        5
  SINCE MAR 1      6      0      6        5
  SINCE JAN 1      6      0      6        5
...............................................


WIND (MPH)
  HIGHEST WIND SPEED    16   HIGHEST WIND DIRECTION     E (70)
  HIGHEST GUST SPEED    19   HIGHEST GUST DIRECTION     E (70)
  AVERAGE WIND SPEED     4.1


SKY COVER
  AVERAGE SKY COVER 1.0


WEATHER CONDITIONS
 THE FOLLOWING WEATHER WAS RECORDED YESTERDAY.
  THUNDERSTORM
  RAIN
  LIGHT RAIN
  FOG


RELATIVE HUMIDITY (PERCENT)
 HIGHEST   100
 LOWEST     71
 AVERAGE    86

..........................................................


THE MANHATTAN KS CLIMATE NORMALS FOR TODAY
                         NORMAL
 MAXIMUM TEMPERATURE (F)   61
 MINIMUM TEMPERATURE (F)   34


SUNRISE AND SUNSET
MARCH 27 2017.........SUNRISE   719 AM CDT   SUNSET   746 PM CDT
MARCH 28 2017.........SUNRISE   717 AM CDT   SUNSET   747 PM CDT


-  INDICATES NEGATIVE NUMBERS.
R  INDICATES RECORD WAS SET OR TIED.
MM INDICATES DATA IS MISSING.
T  INDICATES TRACE AMOUNT.




$$
