000
CDUS43 KTOP 310632
CLIMHK


CLIMATE REPORT
NATIONAL WEATHER SERVICE TOPEKA KS
132 AM CDT WED AUG 31 2016


...................................

...THE MANHATTAN KS CLIMATE SUMMARY FOR AUGUST 30 2016...

CLIMATE NORMAL PERIOD 1981 TO 2010
CLIMATE RECORD PERIOD 9999 TO 9999


WEATHER ITEM   OBSERVED NORMAL DEPARTURE LAST
                VALUE   VALUE  FROM      YEAR
                               NORMAL
...............................................
TEMPERATURE (F)
 YESTERDAY
  MAXIMUM         84     87     -3       82
  MINIMUM         69     62      7       60
  AVERAGE         77     74      3       71

PRECIPITATION (IN)
  YESTERDAY        0.02   0.16  -0.14     0.00
  MONTH TO DATE    6.86   4.11   2.75     3.35
  SINCE JUN 1     11.82  13.17  -1.35    10.74
  SINCE JAN 1     27.10  24.37   2.73    24.96

DEGREE DAYS
 HEATING
  YESTERDAY        0      0      0        0
  MONTH TO DATE    0      0      0        0
  SINCE JUN 1      0     12    -12        0
  SINCE JUL 1      0      1     -1        0

 COOLING
  YESTERDAY       12      9      3        6
  MONTH TO DATE  383    368     15      323
  SINCE JUN 1   1340   1074    266     1164
  SINCE JAN 1   1450   1174    276     1245
...............................................


WIND (MPH)
  HIGHEST WIND SPEED    12   HIGHEST WIND DIRECTION    NE (30)
  HIGHEST GUST SPEED    14   HIGHEST GUST DIRECTION    NE (30)
  AVERAGE WIND SPEED     3.5


SKY COVER
  AVERAGE SKY COVER 0.4


WEATHER CONDITIONS
 THE FOLLOWING WEATHER WAS RECORDED YESTERDAY.
  LIGHT RAIN


RELATIVE HUMIDITY (PERCENT)
 HIGHEST   100
 LOWEST     70
 AVERAGE    85

..........................................................


THE MANHATTAN KS CLIMATE NORMALS FOR TODAY
                         NORMAL
 MAXIMUM TEMPERATURE (F)   87
 MINIMUM TEMPERATURE (F)   61


SUNRISE AND SUNSET
AUGUST 31 2016........SUNRISE   655 AM CDT   SUNSET   758 PM CDT
SEPTEMBER  1 2016.....SUNRISE   656 AM CDT   SUNSET   756 PM CDT


-  INDICATES NEGATIVE NUMBERS.
R  INDICATES RECORD WAS SET OR TIED.
MM INDICATES DATA IS MISSING.
T  INDICATES TRACE AMOUNT.




$$
