000
CDUS46 KMFR 010037
CLIMHS


CLIMATE REPORT
NATIONAL WEATHER SERVICE MEDFORD, OR
537 PM PDT TUE JUN 30 2015


...................................

...THE MT SHASTA CITY CA CLIMATE SUMMARY FOR JUNE 30 2015...
VALID TODAY AS OF 0500 PM LOCAL TIME.

CLIMATE NORMAL PERIOD 1981 TO 2010
CLIMATE RECORD PERIOD 1908 TO 2015


WEATHER ITEM   OBSERVED TIME   RECORD YEAR NORMAL DEPARTURE LAST
                VALUE   (LST)  VALUE       VALUE  FROM      YEAR
                                                  NORMAL
..................................................................
TEMPERATURE (F)
 TODAY
  MAXIMUM         99R   238 PM  99    2013  82     17       95
                                      1915
  MINIMUM         56    437 AM  37    1968  49      7       50
  AVERAGE         78                        65     13       73

PRECIPITATION (IN)
  TODAY            0.00          1.50 1997   0.02  -0.02     0.00
  MONTH TO DATE    0.23                      1.20  -0.97     0.04
  SINCE OCT 1     34.90                     41.81  -6.91    12.94
  SINCE JAN 1     15.38                     26.60 -11.22    11.83

SNOWFALL (IN)
  TODAY           MM                         0.0   MM       MM
  MONTH TO DATE   MM                         T     MM       MM
  SINCE JUL 1     MM                        91.8   MM        0.0
  SNOW DEPTH      MM

DEGREE DAYS
 HEATING
  TODAY            0                         2     -2        0
  MONTH TO DATE   21                       141   -120       56
  SINCE JUN 1     21                       142   -121       56
  SINCE JUL 1   4170                      5694  -1524     4908

 COOLING
  TODAY           13                         2     11        8
  MONTH TO DATE  175                        37    138       58
  SINCE JUN 1    175                        37    138       58
  SINCE JAN 1    180                        45    135       67
..................................................................


WIND (MPH)
  HIGHEST WIND SPEED     7   HIGHEST WIND DIRECTION     W (290)
  HIGHEST GUST SPEED    10   HIGHEST GUST DIRECTION     W (290)
  AVERAGE WIND SPEED     2.0


SKY COVER
  POSSIBLE SUNSHINE  MM
  AVERAGE SKY COVER 0.0


WEATHER CONDITIONS
 THE FOLLOWING WEATHER WAS RECORDED TODAY.
  NO SIGNIFICANT WEATHER WAS OBSERVED.


RELATIVE HUMIDITY (PERCENT)
 HIGHEST    67           100 AM
 LOWEST     13           300 PM

..........................................................


THE MT SHASTA CITY CA CLIMATE NORMALS FOR TOMORROW
                         NORMAL    RECORD    YEAR
 MAXIMUM TEMPERATURE (F)   82        99      2014
 MINIMUM TEMPERATURE (F)   49        32      1976


SUNRISE AND SUNSET
JUNE 30 2015..........SUNRISE   539 AM PDT   SUNSET   846 PM PDT
JULY  1 2015..........SUNRISE   540 AM PDT   SUNSET   846 PM PDT


-  INDICATES NEGATIVE NUMBERS.
R  INDICATES RECORD WAS SET OR TIED.
MM INDICATES DATA IS MISSING.
T  INDICATES TRACE AMOUNT.




$$
