000
CDUS46 KMFR 290836
CLIMHS


CLIMATE REPORT
NATIONAL WEATHER SERVICE MEDFORD, OR
136 AM PDT THU JUN 29 2017


...................................

...THE MT SHASTA CITY CA CLIMATE SUMMARY FOR JUNE 28 2017...

CLIMATE NORMAL PERIOD 1981 TO 2010
CLIMATE RECORD PERIOD 1908 TO 2017


WEATHER ITEM   OBSERVED TIME   RECORD YEAR NORMAL DEPARTURE LAST
                VALUE   (LST)  VALUE       VALUE  FROM      YEAR
                                                  NORMAL
..................................................................
TEMPERATURE (F)
 YESTERDAY
  MAXIMUM         85    312 PM  97    1948  81      4       93
  MINIMUM         49    525 AM  29    1916  48      1       54
  AVERAGE         67                        65      2       74

PRECIPITATION (IN)
  YESTERDAY        0.00          0.88 1982   0.02  -0.02     0.00
  MONTH TO DATE    1.33                      1.15   0.18     2.40
  SINCE OCT 1     59.73                     41.76  17.97    42.31
  SINCE JAN 1     38.57                     26.55  12.02    32.82

SNOWFALL (IN)
  YESTERDAY       MM                         0.0   MM       MM
  MONTH TO DATE   MM                         0.0   MM       MM
  SINCE JUL 1     MM                        91.8   MM       MM
  SNOW DEPTH      MM

DEGREE DAYS
 HEATING
  YESTERDAY        0                         3     -3        0
  MONTH TO DATE  105                       136    -31       87
  SINCE JUN 1    105                       136    -31       87
  SINCE JUL 1   5418                      5688   -270     4813

 COOLING
  YESTERDAY        2                         2      0        9
  MONTH TO DATE   96                        36     60       90
  SINCE JUN 1     96                        36     60       90
  SINCE JAN 1    110                        44     66       98
..................................................................


WIND (MPH)
  HIGHEST WIND SPEED     7   HIGHEST WIND DIRECTION    NW (330)
  HIGHEST GUST SPEED    16   HIGHEST GUST DIRECTION     N (340)
  AVERAGE WIND SPEED     1.9


SKY COVER
  POSSIBLE SUNSHINE  MM
  AVERAGE SKY COVER 0.0


WEATHER CONDITIONS
 THE FOLLOWING WEATHER WAS RECORDED YESTERDAY.
  NO SIGNIFICANT WEATHER WAS OBSERVED.


RELATIVE HUMIDITY (PERCENT)
 HIGHEST    86           400 AM
 LOWEST     23           700 PM

..........................................................


THE MT SHASTA CITY CA CLIMATE NORMALS FOR TODAY
                         NORMAL    RECORD    YEAR
 MAXIMUM TEMPERATURE (F)   81        96      1974
 MINIMUM TEMPERATURE (F)   48        31      1963


SUNRISE AND SUNSET
JUNE 29 2017..........SUNRISE   539 AM PDT   SUNSET   846 PM PDT
JUNE 30 2017..........SUNRISE   540 AM PDT   SUNSET   846 PM PDT


-  INDICATES NEGATIVE NUMBERS.
R  INDICATES RECORD WAS SET OR TIED.
MM INDICATES DATA IS MISSING.
T  INDICATES TRACE AMOUNT.




$$
