000
CDUS46 KMFR 090837
CLIMHS


CLIMATE REPORT
NATIONAL WEATHER SERVICE MEDFORD, OR
1237 AM PST TUE FEB 9 2016


...................................

...THE MT SHASTA CITY CA CLIMATE SUMMARY FOR FEBRUARY 8 2016...

CLIMATE NORMAL PERIOD 1981 TO 2010
CLIMATE RECORD PERIOD 1908 TO 2016


WEATHER ITEM   OBSERVED TIME   RECORD YEAR NORMAL DEPARTURE LAST
                VALUE   (LST)  VALUE       VALUE  FROM      YEAR
                                                  NORMAL
..................................................................
TEMPERATURE (F)
 YESTERDAY
  MAXIMUM         70R   254 PM  63    1987  48     22       50
  MINIMUM         32    734 AM  -2    1929  27      5       43
  AVERAGE         51                        38     13       47

PRECIPITATION (IN)
  YESTERDAY        0.00          2.77 2015   0.25  -0.25     2.77
  MONTH TO DATE    0.13                      1.95  -1.82     9.51
  SINCE OCT 1     22.62                     24.22  -1.60    29.51
  SINCE JAN 1     13.13                      9.01   4.12     9.99

SNOWFALL (IN)
  YESTERDAY       MM                         0.7   MM       MM
  MONTH TO DATE   MM                         5.5   MM       MM
  SINCE JUL 1     MM                        58.8   MM       MM
  SNOW DEPTH      MM

DEGREE DAYS
 HEATING
  YESTERDAY       14                        28    -14       18
  MONTH TO DATE  198                       224    -26      149
  SINCE DEC 1   1970                      2053    -83     1563
  SINCE JUL 1   3102                      3450   -348     2573

 COOLING
  YESTERDAY        0                         0      0        0
  MONTH TO DATE    0                         0      0        0
  SINCE DEC 1      0                         0      0        0
  SINCE JAN 1      0                         0      0        0
..................................................................


WIND (MPH)
  HIGHEST WIND SPEED     9   HIGHEST WIND DIRECTION     S (200)
  HIGHEST GUST SPEED    19   HIGHEST GUST DIRECTION    SW (220)
  AVERAGE WIND SPEED     3.0


SKY COVER
  POSSIBLE SUNSHINE  MM
  AVERAGE SKY COVER 0.0


WEATHER CONDITIONS
 THE FOLLOWING WEATHER WAS RECORDED YESTERDAY.
  NO SIGNIFICANT WEATHER WAS OBSERVED.


RELATIVE HUMIDITY (PERCENT)
 HIGHEST    89          1200 AM
 LOWEST     20           200 PM

..........................................................


THE MT SHASTA CITY CA CLIMATE NORMALS FOR TODAY
                         NORMAL    RECORD    YEAR
 MAXIMUM TEMPERATURE (F)   48        67      2006
 MINIMUM TEMPERATURE (F)   28         1      1929


SUNRISE AND SUNSET
FEBRUARY  9 2016......SUNRISE   712 AM PST   SUNSET   535 PM PST
FEBRUARY 10 2016......SUNRISE   711 AM PST   SUNSET   537 PM PST


-  INDICATES NEGATIVE NUMBERS.
R  INDICATES RECORD WAS SET OR TIED.
MM INDICATES DATA IS MISSING.
T  INDICATES TRACE AMOUNT.




$$
