000
CDUS46 KMFR 120037
CLIMHS


CLIMATE REPORT
NATIONAL WEATHER SERVICE MEDFORD, OR
537 PM PDT FRI JUL 11 2014


...................................

...THE MT SHASTA CITY CA CLIMATE SUMMARY FOR JULY 11 2014...
VALID TODAY AS OF 0500 PM LOCAL TIME.

CLIMATE NORMAL PERIOD 1981 TO 2010
CLIMATE RECORD PERIOD 1908 TO 2014


WEATHER ITEM   OBSERVED TIME   RECORD YEAR NORMAL DEPARTURE LAST
                VALUE   (LST)  VALUE       VALUE  FROM      YEAR
                                                  NORMAL
..................................................................
TEMPERATURE (F)
 TODAY
  MAXIMUM         86    322 PM 100    2002  85      1       88
  MINIMUM         60    828 AM  38    1936  50     10       49
  AVERAGE         73                        68      5       69

PRECIPITATION (IN)
  TODAY            0.06R         0.06 1956   0.01   0.05     0.00
  MONTH TO DATE    0.06                      0.19  -0.13     0.05
  SINCE SEP 1     14.71                     42.67 -27.96    27.83
  SINCE JAN 1     11.89                     26.79 -14.90     7.13

SNOWFALL (IN)
  TODAY           MM                         0.0   MM       MM
  MONTH TO DATE   MM                         0.0   MM       MM
  SINCE JUL 1     MM                         0.0   MM       MM
  SNOW DEPTH      MM

DEGREE DAYS
 HEATING
  TODAY            0                         1     -1        0
  MONTH TO DATE    0                        17    -17        0
  SINCE JUN 1     56                       159   -103       87
  SINCE JUL 1      0                        17    -17        0

 COOLING
  TODAY            8                         4      4        4
  MONTH TO DATE  106                        35     71       88
  SINCE JUN 1    164                        72     92      187
  SINCE JAN 1    173                        80     93      196
..................................................................


WIND (MPH)
  HIGHEST WIND SPEED     7   HIGHEST WIND DIRECTION    NE (60)
  HIGHEST GUST SPEED    12   HIGHEST GUST DIRECTION    NE (40)
  AVERAGE WIND SPEED     0.8


SKY COVER
  POSSIBLE SUNSHINE  MM
  AVERAGE SKY COVER 0.3


WEATHER CONDITIONS
 THE FOLLOWING WEATHER WAS RECORDED TODAY.
  LIGHT RAIN
  FOG


RELATIVE HUMIDITY (PERCENT)
 HIGHEST    78           700 AM
 LOWEST     34           300 PM

..........................................................


THE MT SHASTA CITY CA CLIMATE NORMALS FOR TOMORROW
                         NORMAL    RECORD    YEAR
 MAXIMUM TEMPERATURE (F)   85        98      1961
 MINIMUM TEMPERATURE (F)   50        37      1913


SUNRISE AND SUNSET
JULY 11 2014..........SUNRISE   546 AM PDT   SUNSET   843 PM PDT
JULY 12 2014..........SUNRISE   547 AM PDT   SUNSET   843 PM PDT


-  INDICATES NEGATIVE NUMBERS.
R  INDICATES RECORD WAS SET OR TIED.
MM INDICATES DATA IS MISSING.
T  INDICATES TRACE AMOUNT.




$$
