000
CDUS46 KMFR 260858
CLIMHS


CLIMATE REPORT
NATIONAL WEATHER SERVICE MEDFORD, OR
1258 AM PST FRI DEC 26 2014


...................................

...THE MT SHASTA CITY CA CLIMATE SUMMARY FOR DECEMBER 25 2014...

CLIMATE NORMAL PERIOD 1981 TO 2010
CLIMATE RECORD PERIOD 1908 TO 2014


WEATHER ITEM   OBSERVED TIME   RECORD YEAR NORMAL DEPARTURE LAST
                VALUE   (LST)  VALUE       VALUE  FROM      YEAR
                                                  NORMAL
..................................................................
TEMPERATURE (F)
 YESTERDAY
  MAXIMUM         40    210 PM  62    1922  44     -4       51
  MINIMUM         32   1128 PM   2    1924  26      6       23
  AVERAGE         36                        35      1       37

PRECIPITATION (IN)
  YESTERDAY        0.02          2.02 1955   0.26  -0.24     0.00
  MONTH TO DATE   12.79                      6.31   6.48     0.24
  SINCE SEP 1     22.04                     14.34   7.70     2.82
  SINCE JAN 1     34.32                     41.67  -7.35    10.00

SNOWFALL (IN)
  YESTERDAY       MM                         1.0   MM       MM
  MONTH TO DATE   MM                        19.1   MM       MM
  SINCE JUL 1     MM                        26.9   MM        0.0
  SNOW DEPTH      MM

DEGREE DAYS
 HEATING
  YESTERDAY       29                        30     -1       28
  MONTH TO DATE  540                       742   -202      790
  SINCE DEC 1    540                       742   -202      790
  SINCE JUL 1   1550                      2139   -589     2027

 COOLING
  YESTERDAY        0                         0      0        0
  MONTH TO DATE    0                         0      0        0
  SINCE DEC 1      0                         0      0        0
  SINCE JAN 1    547                       288    259      474
..................................................................


WIND (MPH)
  HIGHEST WIND SPEED    18   HIGHEST WIND DIRECTION    NW (330)
  HIGHEST GUST SPEED    30   HIGHEST GUST DIRECTION    NW (330)
  AVERAGE WIND SPEED     9.4


SKY COVER
  POSSIBLE SUNSHINE  MM
  AVERAGE SKY COVER 0.7


WEATHER CONDITIONS
 THE FOLLOWING WEATHER WAS RECORDED YESTERDAY.
  LIGHT SNOW
  FOG


RELATIVE HUMIDITY (PERCENT)
 HIGHEST    89           900 AM
 LOWEST     64           400 AM

..........................................................


THE MT SHASTA CITY CA CLIMATE NORMALS FOR TODAY
                         NORMAL    RECORD    YEAR
 MAXIMUM TEMPERATURE (F)   44        61      1980
 MINIMUM TEMPERATURE (F)   26         2      1924


SUNRISE AND SUNSET
DECEMBER 26 2014......SUNRISE   734 AM PST   SUNSET   446 PM PST
DECEMBER 27 2014......SUNRISE   734 AM PST   SUNSET   447 PM PST


-  INDICATES NEGATIVE NUMBERS.
R  INDICATES RECORD WAS SET OR TIED.
MM INDICATES DATA IS MISSING.
T  INDICATES TRACE AMOUNT.




$$
