000
CDUS46 KMFR 290836
CLIMHS


CLIMATE REPORT
NATIONAL WEATHER SERVICE MEDFORD, OR
136 AM PDT FRI MAY 29 2015


...................................

...THE MT SHASTA CITY CA CLIMATE SUMMARY FOR MAY 28 2015...

CLIMATE NORMAL PERIOD 1981 TO 2010
CLIMATE RECORD PERIOD 1908 TO 2015


WEATHER ITEM   OBSERVED TIME   RECORD YEAR NORMAL DEPARTURE LAST
                VALUE   (LST)  VALUE       VALUE  FROM      YEAR
                                                  NORMAL
..................................................................
TEMPERATURE (F)
 YESTERDAY
  MAXIMUM         86    130 PM  94    1984  72     14       63
  MINIMUM         45    535 AM  27    1909  42      3       41
                                      1977
  AVERAGE         66                        57      9       52

PRECIPITATION (IN)
  YESTERDAY        0.00          1.48 1998   0.07  -0.07     0.00
  MONTH TO DATE    1.76                      2.01  -0.25     0.44
  SINCE OCT 1     34.67                     40.40  -5.73    12.90
  SINCE JAN 1     15.15                     25.19 -10.04    11.79

SNOWFALL (IN)
  YESTERDAY       MM                         0.0   MM       MM
  MONTH TO DATE   MM                         0.3   MM       MM
  SINCE JUL 1     MM                        91.8   MM        0.0
  SNOW DEPTH      MM

DEGREE DAYS
 HEATING
  YESTERDAY        0                         8     -8       13
  MONTH TO DATE  229                       312    -83      195
  SINCE MAR 1   1183                      1552   -369     1218
  SINCE JUL 1   4149                      5527  -1378     4834

 COOLING
  YESTERDAY        1                         0      1        0
  MONTH TO DATE    1                         0      1        8
  SINCE MAR 1      1                         0      1        9
  SINCE JAN 1      1                         0      1        9
..................................................................


WIND (MPH)
  HIGHEST WIND SPEED     6   HIGHEST WIND DIRECTION     E (100)
  HIGHEST GUST SPEED    11   HIGHEST GUST DIRECTION     S (200)
  AVERAGE WIND SPEED     0.4


SKY COVER
  POSSIBLE SUNSHINE  MM
  AVERAGE SKY COVER 0.0


WEATHER CONDITIONS
 THE FOLLOWING WEATHER WAS RECORDED YESTERDAY.
  NO SIGNIFICANT WEATHER WAS OBSERVED.


RELATIVE HUMIDITY (PERCENT)
 HIGHEST    89           400 AM
 LOWEST     20           100 PM

..........................................................


THE MT SHASTA CITY CA CLIMATE NORMALS FOR TODAY
                         NORMAL    RECORD    YEAR
 MAXIMUM TEMPERATURE (F)   73        93      1984
 MINIMUM TEMPERATURE (F)   43        30      1929


SUNRISE AND SUNSET
MAY 29 2015...........SUNRISE   540 AM PDT   SUNSET   834 PM PDT
MAY 30 2015...........SUNRISE   539 AM PDT   SUNSET   835 PM PDT


-  INDICATES NEGATIVE NUMBERS.
R  INDICATES RECORD WAS SET OR TIED.
MM INDICATES DATA IS MISSING.
T  INDICATES TRACE AMOUNT.




$$
