000
CDUS42 KMFL 100936
CLIMIA


CLIMATE REPORT
NATIONAL WEATHER SERVICE MIAMI, FL
436 AM EST SAT DEC 10 2016


...................................

...THE MIAMI CLIMATE SUMMARY FOR DECEMBER 9 2016...

CLIMATE NORMAL PERIOD 1981 TO 2010
CLIMATE RECORD PERIOD 1895 TO 2016


WEATHER ITEM   OBSERVED TIME   RECORD YEAR NORMAL DEPARTURE LAST
                VALUE   (LST)  VALUE       VALUE  FROM      YEAR
                                                  NORMAL
..................................................................
TEMPERATURE (F)
 YESTERDAY
  MAXIMUM         77    146 PM  87    2009  79     -2       83
  MINIMUM         62   1159 PM  43    1930  64     -2       70
                                      1917
  AVERAGE         70                        72     -2       77

PRECIPITATION (IN)
  YESTERDAY        T             2.21 1987   0.07  -0.07     0.01
  MONTH TO DATE    1.11                      0.63   0.48     9.25
  SINCE NOV 1      2.05                      3.90  -1.85    16.80
  SINCE JAN 1     64.71                     60.49   4.22    61.50

SNOWFALL (IN)
  YESTERDAY        0.0
  MONTH TO DATE    0.0
  SINCE DEC 1      0.0
  SINCE JUL 1      0.0
  SNOW DEPTH       0

DEGREE DAYS
 HEATING
  YESTERDAY        0                         1     -1        0
  MONTH TO DATE    0                         5     -5        0
  SINCE DEC 1      0                         5     -5        0
  SINCE JUL 1      0                         8     -8        0

 COOLING
  YESTERDAY        5                         7     -2       12
  MONTH TO DATE  117                        68     49       94
  SINCE DEC 1    117                        68     49       94
  SINCE JAN 1   4700                      4440    260     5027
..................................................................


WIND (MPH)
  HIGHEST WIND SPEED    13   HIGHEST WIND DIRECTION    NE (30)
  HIGHEST GUST SPEED    21   HIGHEST GUST DIRECTION     N (10)
  AVERAGE WIND SPEED     8.6


SKY COVER
  POSSIBLE SUNSHINE  19 PERCENT
  AVERAGE SKY COVER 1.0


WEATHER CONDITIONS
 THE FOLLOWING WEATHER WAS RECORDED YESTERDAY.
  LIGHT RAIN
  FOG


RELATIVE HUMIDITY (PERCENT)
 HIGHEST    90
 LOWEST     64
 AVERAGE    77

..........................................................


THE MIAMI CLIMATE NORMALS FOR TODAY
                         NORMAL    RECORD    YEAR
 MAXIMUM TEMPERATURE (F)   79        89      2009
 MINIMUM TEMPERATURE (F)   64        37      1917


SUNRISE AND SUNSET
DECEMBER 10 2016......SUNRISE   657 AM EST   SUNSET   531 PM EST
DECEMBER 11 2016......SUNRISE   658 AM EST   SUNSET   531 PM EST


-  INDICATES NEGATIVE NUMBERS.
R  INDICATES RECORD WAS SET OR TIED.
MM INDICATES DATA IS MISSING.
T  INDICATES TRACE AMOUNT.




$$
