119
CDUS42 KMFL 110924
CLIMIA


CLIMATE REPORT
NATIONAL WEATHER SERVICE MIAMI, FL
423 AM EST THU FEB 11 2016


...................................

...THE MIAMI CLIMATE SUMMARY FOR FEBRUARY 10 2016...

CLIMATE NORMAL PERIOD 1981 TO 2010
CLIMATE RECORD PERIOD 1895 TO 2016


WEATHER ITEM   OBSERVED TIME   RECORD YEAR NORMAL DEPARTURE LAST
                VALUE   (LST)  VALUE       VALUE  FROM      YEAR
                                                  NORMAL
..................................................................
TEMPERATURE (F)
 YESTERDAY
  MAXIMUM         64    212 PM  89    1982  78    -14       76
  MINIMUM         55   1159 PM  40    1947  62     -7       59
  AVERAGE         60                        70    -10       68

PRECIPITATION (IN)
  YESTERDAY        0.00          1.16 1937   0.08  -0.08     0.00
  MONTH TO DATE    1.44                      0.78   0.66     0.67
  SINCE NOV 1     26.38                      7.71  18.67     5.60
  SINCE JAN 1      9.01                      2.40   6.61     1.62

SNOWFALL (IN)
  YESTERDAY        0.0
  MONTH TO DATE    0.0
  SINCE DEC 1      0.0
  SINCE JUL 1      0.0
  SNOW DEPTH       0

DEGREE DAYS
 HEATING
  YESTERDAY        5                         1      4        0
  MONTH TO DATE   18                        10      8        0
  SINCE DEC 1     58                        97    -39       30
  SINCE JUL 1     58                       100    -42       41

 COOLING
  YESTERDAY        0                         6     -6        3
  MONTH TO DATE   51                        54     -3       47
  SINCE DEC 1    560                       408    152      469
  SINCE JAN 1    172                       205    -33      249
..................................................................


WIND (MPH)
  HIGHEST WIND SPEED    15   HIGHEST WIND DIRECTION    NW (310)
  HIGHEST GUST SPEED    20   HIGHEST GUST DIRECTION    NW (310)
  AVERAGE WIND SPEED     7.2


SKY COVER
  POSSIBLE SUNSHINE  MM
  AVERAGE SKY COVER 0.8


WEATHER CONDITIONS
 THE FOLLOWING WEATHER WAS RECORDED YESTERDAY.
  NO SIGNIFICANT WEATHER WAS OBSERVED.


RELATIVE HUMIDITY (PERCENT)
 HIGHEST    78
 LOWEST     46
 AVERAGE    62

..........................................................


THE MIAMI CLIMATE NORMALS FOR TODAY
                         NORMAL    RECORD    YEAR
 MAXIMUM TEMPERATURE (F)   78        87      1942
 MINIMUM TEMPERATURE (F)   62        40      1947


SUNRISE AND SUNSET
FEBRUARY 11 2016......SUNRISE   659 AM EST   SUNSET   612 PM EST
FEBRUARY 12 2016......SUNRISE   659 AM EST   SUNSET   612 PM EST


-  INDICATES NEGATIVE NUMBERS.
R  INDICATES RECORD WAS SET OR TIED.
MM INDICATES DATA IS MISSING.
T  INDICATES TRACE AMOUNT.




$$
