000
CDUS42 KMFL 292025
CLIMIA


CLIMATE REPORT
NATIONAL WEATHER SERVICE MIAMI, FL
425 PM EDT TUE JUL 29 2014


...................................

...THE MIAMI CLIMATE SUMMARY FOR JULY 29 2014...
VALID TODAY AS OF 0400 PM LOCAL TIME.

CLIMATE NORMAL PERIOD 1981 TO 2010
CLIMATE RECORD PERIOD 1839 TO 2014


WEATHER ITEM   OBSERVED TIME   RECORD YEAR NORMAL DEPARTURE LAST
                VALUE   (LST)  VALUE       VALUE  FROM      YEAR
                                                  NORMAL
..................................................................
TEMPERATURE (F)
 TODAY
  MAXIMUM         94    152 PM  97    1990  91      3       92
  MINIMUM         79    557 AM  69    1910  78      1       79
                                      1906
  AVERAGE         87                        84      3       86

PRECIPITATION (IN)
  TODAY            T             1.80 1912   0.20  -0.20     0.01
  MONTH TO DATE    8.97                      6.08   2.89    12.41
  SINCE JUN 1     28.59                     15.75  12.84    18.59
  SINCE JAN 1     38.74                     31.10   7.64    37.96

SNOWFALL (IN)
  TODAY            0.0
  MONTH TO DATE    0.0
  SINCE JUN 1      0.0
  SINCE JUL 1      0.0
  SNOW DEPTH       0

DEGREE DAYS
 HEATING
  TODAY            0                         0      0        0
  MONTH TO DATE    0                         0      0        0
  SINCE JUN 1      0                         0      0        0
  SINCE JUL 1      0                         0      0        0

 COOLING
  TODAY           22                        20      2       21
  MONTH TO DATE  554                       553      1      511
  SINCE JUN 1   1056                      1085    -29     1059
  SINCE JAN 1   2630                      2441    189     2504
..................................................................


WIND (MPH)
  HIGHEST WIND SPEED    12   HIGHEST WIND DIRECTION    SW (210)
  HIGHEST GUST SPEED    MM   HIGHEST GUST DIRECTION    MM
  AVERAGE WIND SPEED     5.4


SKY COVER
  AVERAGE SKY COVER 0.6


WEATHER CONDITIONS
 THE FOLLOWING WEATHER WAS RECORDED TODAY.
  THUNDERSTORM


RELATIVE HUMIDITY (PERCENT)
 HIGHEST    85
 LOWEST     49
 AVERAGE    67

..........................................................


THE MIAMI CLIMATE NORMALS FOR TOMORROW
                         NORMAL    RECORD    YEAR
 MAXIMUM TEMPERATURE (F)   91        95      1999
 MINIMUM TEMPERATURE (F)   78        71      1928


SUNRISE AND SUNSET
JULY 29 2014..........SUNRISE   646 AM EDT   SUNSET   809 PM EDT
JULY 30 2014..........SUNRISE   646 AM EDT   SUNSET   808 PM EDT


-  INDICATES NEGATIVE NUMBERS.
R  INDICATES RECORD WAS SET OR TIED.
MM INDICATES DATA IS MISSING.
T  INDICATES TRACE AMOUNT.




$$
