000
CDUS42 KMFL 232031
CLIMIA


CLIMATE REPORT
NATIONAL WEATHER SERVICE MIAMI, FL
428 PM EDT SUN APR 23 2017


...................................

...THE MIAMI CLIMATE SUMMARY FOR APRIL 23 2017...
VALID TODAY AS OF 0400 PM LOCAL TIME.

CLIMATE NORMAL PERIOD 1981 TO 2010
CLIMATE RECORD PERIOD 1895 TO 2017


WEATHER ITEM   OBSERVED TIME   RECORD YEAR NORMAL DEPARTURE LAST
                VALUE   (LST)  VALUE       VALUE  FROM      YEAR
                                                  NORMAL
..................................................................
TEMPERATURE (F)
 TODAY
  MAXIMUM         80    926 AM  91    2002  84     -4       89
                                      1991
  MINIMUM         71    216 PM  51    1940  69      2       73
                                      1901
  AVERAGE         76                        77     -1       81

PRECIPITATION (IN)
  TODAY            2.00R         2.00 1938   0.12   1.88     0.00
  MONTH TO DATE    2.08                      2.45  -0.37     1.09
  SINCE NOV 1     13.98                     14.63  -0.65    29.49
  SINCE JAN 1     10.71                      9.32   1.39    12.12

SNOWFALL (IN)
  TODAY            0.0
  MONTH TO DATE    0.0
  SINCE MAR 1      0.0
  SINCE JUL 1      0.0
  SNOW DEPTH       0

DEGREE DAYS
 HEATING
  TODAY            0                         0      0        0
  MONTH TO DATE    0                         0      0        0
  SINCE MAR 1      3                        11     -8        0
  SINCE JUL 1     17                       127   -110       67

 COOLING
  TODAY           11                        12     -1       16
  MONTH TO DATE  283                       238     45      271
  SINCE MAR 1    554                       485     69      635
  SINCE JAN 1   1048                       807    241      892
..................................................................


WIND (MPH)
  HIGHEST WIND SPEED    23   HIGHEST WIND DIRECTION    SE (120)
  HIGHEST GUST SPEED    32   HIGHEST GUST DIRECTION    SE (140)
  AVERAGE WIND SPEED     8.3


SKY COVER
  AVERAGE SKY COVER 0.9


WEATHER CONDITIONS
 THE FOLLOWING WEATHER WAS RECORDED TODAY.
  THUNDERSTORM
  HEAVY RAIN
  RAIN
  LIGHT RAIN
  FOG


RELATIVE HUMIDITY (PERCENT)
 HIGHEST    94
 LOWEST     79
 AVERAGE    87

..........................................................


THE MIAMI CLIMATE NORMALS FOR TOMORROW
                         NORMAL    RECORD    YEAR
 MAXIMUM TEMPERATURE (F)   84        94      1991
 MINIMUM TEMPERATURE (F)   70        56      1940


SUNRISE AND SUNSET
APRIL 23 2017.........SUNRISE   651 AM EDT   SUNSET   748 PM EDT
APRIL 24 2017.........SUNRISE   650 AM EDT   SUNSET   749 PM EDT


-  INDICATES NEGATIVE NUMBERS.
R  INDICATES RECORD WAS SET OR TIED.
MM INDICATES DATA IS MISSING.
T  INDICATES TRACE AMOUNT.




$$
