000
CDUS42 KMFL 270922
CLIMIA


CLIMATE REPORT
NATIONAL WEATHER SERVICE MIAMI, FL
422 AM EST MON FEB 27 2017


...................................

...THE MIAMI CLIMATE SUMMARY FOR FEBRUARY 26 2017...

CLIMATE NORMAL PERIOD 1981 TO 2010
CLIMATE RECORD PERIOD 1895 TO 2017


WEATHER ITEM   OBSERVED TIME   RECORD YEAR NORMAL DEPARTURE LAST
                VALUE   (LST)  VALUE       VALUE  FROM      YEAR
                                                  NORMAL
..................................................................
TEMPERATURE (F)
 YESTERDAY
  MAXIMUM         83    310 PM  88    1897  79      4       71
  MINIMUM         66    706 AM  36    1967  63      3       56
  AVERAGE         75                        71      4       64

PRECIPITATION (IN)
  YESTERDAY        0.00          0.89 1924   0.08  -0.08     0.00
  MONTH TO DATE    1.30                      2.08  -0.78     2.85
  SINCE NOV 1      7.97                      9.01  -1.04    27.79
  SINCE JAN 1      4.70                      3.70   0.00    10.42

SNOWFALL (IN)
  YESTERDAY        0.0
  MONTH TO DATE    0.0
  SINCE DEC 1      0.0
  SINCE JUL 1      0.0
  SNOW DEPTH       0

DEGREE DAYS
 HEATING
  YESTERDAY        0                         1     -1        1
  MONTH TO DATE    0                        26    -26       23
  SINCE DEC 1     14                       113    -99       63
  SINCE JUL 1     14                       116   -102       63

 COOLING
  YESTERDAY       10                         7      3        0
  MONTH TO DATE  208                       157     51      129
  SINCE DEC 1    837                       511    326      638
  SINCE JAN 1    466                       308    158      250
..................................................................


WIND (MPH)
  HIGHEST WIND SPEED    16   HIGHEST WIND DIRECTION    NE (40)
  HIGHEST GUST SPEED    25   HIGHEST GUST DIRECTION    NE (40)
  AVERAGE WIND SPEED     8.3


SKY COVER
  POSSIBLE SUNSHINE  76 PERCENT
  AVERAGE SKY COVER 0.3


WEATHER CONDITIONS
 THE FOLLOWING WEATHER WAS RECORDED YESTERDAY.
  NO SIGNIFICANT WEATHER WAS OBSERVED.


RELATIVE HUMIDITY (PERCENT)
 HIGHEST    87
 LOWEST     54
 AVERAGE    71

..........................................................


THE MIAMI CLIMATE NORMALS FOR TODAY
                         NORMAL    RECORD    YEAR
 MAXIMUM TEMPERATURE (F)   79        87      2003
                                             1959
 MINIMUM TEMPERATURE (F)   64        41      1965


SUNRISE AND SUNSET
FEBRUARY 27 2017......SUNRISE   646 AM EST   SUNSET   622 PM EST
FEBRUARY 28 2017......SUNRISE   645 AM EST   SUNSET   622 PM EST


-  INDICATES NEGATIVE NUMBERS.
R  INDICATES RECORD WAS SET OR TIED.
MM INDICATES DATA IS MISSING.
T  INDICATES TRACE AMOUNT.




$$
