000
CDUS42 KMFL 022024
CLIMIA


CLIMATE REPORT
NATIONAL WEATHER SERVICE MIAMI, FL
424 PM EDT TUE SEP 2 2014


...................................

...THE MIAMI CLIMATE SUMMARY FOR SEPTEMBER 2 2014...
VALID TODAY AS OF 0400 PM LOCAL TIME.

CLIMATE NORMAL PERIOD 1981 TO 2010
CLIMATE RECORD PERIOD 1839 TO 2014


WEATHER ITEM   OBSERVED TIME   RECORD YEAR NORMAL DEPARTURE LAST
                VALUE   (LST)  VALUE       VALUE  FROM      YEAR
                                                  NORMAL
..................................................................
TEMPERATURE (F)
 TODAY
  MAXIMUM         91    146 PM  93    2010  90      1       92
                                      2007
                                      1996
  MINIMUM         80    457 AM  69    1927  77      3       74
                                      1919
  AVERAGE         86                        84      2       83

PRECIPITATION (IN)
  TODAY            0.01          3.94 2006   0.33  -0.32     0.81
  MONTH TO DATE    0.07                      0.66  -0.59     0.81
  SINCE JUN 1     39.05                     25.71  13.34    24.12
  SINCE JAN 1     49.20                     41.06   8.14    43.49

SNOWFALL (IN)
  TODAY            0.0
  MONTH TO DATE    0.0
  SINCE SEP 1      0.0
  SINCE JUL 1      0.0
  SNOW DEPTH       0

DEGREE DAYS
 HEATING
  TODAY            0                         0      0        0
  MONTH TO DATE    0                         0      0        0
  SINCE SEP 1      0                         0      0        0
  SINCE JUL 1      0                         0      0        0

 COOLING
  TODAY           21                        19      2       18
  MONTH TO DATE   42                        38      4       37
  SINCE SEP 1     42                        38      4       37
  SINCE JAN 1   3337                      3113    224     3174
..................................................................


WIND (MPH)
  HIGHEST WIND SPEED    15   HIGHEST WIND DIRECTION     E (110)
  HIGHEST GUST SPEED    23   HIGHEST GUST DIRECTION     E (110)
  AVERAGE WIND SPEED     7.6


SKY COVER
  AVERAGE SKY COVER 0.5


WEATHER CONDITIONS
 THE FOLLOWING WEATHER WAS RECORDED TODAY.
  LIGHT RAIN


RELATIVE HUMIDITY (PERCENT)
 HIGHEST    79
 LOWEST     56
 AVERAGE    68

..........................................................


THE MIAMI CLIMATE NORMALS FOR TOMORROW
                         NORMAL    RECORD    YEAR
 MAXIMUM TEMPERATURE (F)   90        96      2007
 MINIMUM TEMPERATURE (F)   77        70      1928


SUNRISE AND SUNSET
SEPTEMBER  2 2014.....SUNRISE   702 AM EDT   SUNSET   739 PM EDT
SEPTEMBER  3 2014.....SUNRISE   702 AM EDT   SUNSET   738 PM EDT


-  INDICATES NEGATIVE NUMBERS.
R  INDICATES RECORD WAS SET OR TIED.
MM INDICATES DATA IS MISSING.
T  INDICATES TRACE AMOUNT.




$$
