000
CDUS42 KMFL 190939
CLIMIA


CLIMATE REPORT
NATIONAL WEATHER SERVICE MIAMI, FL
439 AM EST FRI DEC 19 2014


...................................

...THE MIAMI CLIMATE SUMMARY FOR DECEMBER 18 2014...

CLIMATE NORMAL PERIOD 1981 TO 2010
CLIMATE RECORD PERIOD 1895 TO 2014


WEATHER ITEM   OBSERVED TIME   RECORD YEAR NORMAL DEPARTURE LAST
                VALUE   (LST)  VALUE       VALUE  FROM      YEAR
                                                  NORMAL
..................................................................
TEMPERATURE (F)
 YESTERDAY
  MAXIMUM         79    303 PM  87    1989  78      1       78
  MINIMUM         60    452 AM  41    1973  63     -3       63
  AVERAGE         70                        70      0       71

PRECIPITATION (IN)
  YESTERDAY        0.00          2.46 1925   0.07  -0.07     0.00
  MONTH TO DATE    0.88                      1.24  -0.36     0.46
  SINCE NOV 1      3.54                      4.51  -0.97     6.19
  SINCE JAN 1     63.16                     61.10   2.06    66.21

SNOWFALL (IN)
  YESTERDAY        0.0
  MONTH TO DATE    0.0
  SINCE DEC 1      0.0
  SINCE JUL 1      0.0
  SNOW DEPTH       0

DEGREE DAYS
 HEATING
  YESTERDAY        0                         1     -1
  MONTH TO DATE   18                        14      4
  SINCE DEC 1     18                        14      4
  SINCE JUL 1     29                        17     12

 COOLING
  YESTERDAY        5                         6     -1
  MONTH TO DATE   97                       128    -31
  SINCE DEC 1     97                       128    -31
  SINCE JAN 1   4641                      4500    141
..................................................................


WIND (MPH)
  HIGHEST WIND SPEED     8   HIGHEST WIND DIRECTION     W (260)
  HIGHEST GUST SPEED    14   HIGHEST GUST DIRECTION     W (270)
  AVERAGE WIND SPEED     2.9


SKY COVER
  POSSIBLE SUNSHINE  MM
  AVERAGE SKY COVER 0.2


WEATHER CONDITIONS
 THE FOLLOWING WEATHER WAS RECORDED YESTERDAY.
  NO SIGNIFICANT WEATHER WAS OBSERVED.


RELATIVE HUMIDITY (PERCENT)
 HIGHEST    84
 LOWEST     45
 AVERAGE    65

..........................................................


THE MIAMI CLIMATE NORMALS FOR TODAY
                         NORMAL    RECORD    YEAR
 MAXIMUM TEMPERATURE (F)   78        85      1989
                                             1909
 MINIMUM TEMPERATURE (F)   62        39      1981
                                             1901


SUNRISE AND SUNSET
DECEMBER 19 2014......SUNRISE   702 AM EST   SUNSET   534 PM EST
DECEMBER 20 2014......SUNRISE   703 AM EST   SUNSET   535 PM EST


-  INDICATES NEGATIVE NUMBERS.
R  INDICATES RECORD WAS SET OR TIED.
MM INDICATES DATA IS MISSING.
T  INDICATES TRACE AMOUNT.




$$
