000
CDUS42 KMFL 052024
CLIMIA


CLIMATE REPORT
NATIONAL WEATHER SERVICE MIAMI, FL
423 PM EDT SUN JUL 5 2015


...................................

...THE MIAMI CLIMATE SUMMARY FOR JULY 5 2015...
VALID TODAY AS OF 0400 PM LOCAL TIME.

CLIMATE NORMAL PERIOD 1981 TO 2010
CLIMATE RECORD PERIOD 1895 TO 2015


WEATHER ITEM   OBSERVED TIME   RECORD YEAR NORMAL DEPARTURE LAST
                VALUE   (LST)  VALUE       VALUE  FROM      YEAR
                                                  NORMAL
..................................................................
TEMPERATURE (F)
 TODAY
  MAXIMUM         91    152 PM  97    1992  90      1       89
  MINIMUM         82    531 AM  70    1944  77      5       76
  AVERAGE         87                        84      3       83

PRECIPITATION (IN)
  TODAY            0.00          1.89 1941   0.25  -0.25     0.77
  MONTH TO DATE    0.31                      1.31  -1.00     1.48
  SINCE JUN 1      3.91                     10.98  -7.07    21.10
  SINCE JAN 1     15.41                     26.33 -10.92    31.25

SNOWFALL (IN)
  TODAY            0.0
  MONTH TO DATE    0.0
  SINCE JUN 1      0.0
  SINCE JUL 1      0.0
  SNOW DEPTH       0

DEGREE DAYS
 HEATING
  TODAY            0                         0      0        0
  MONTH TO DATE    0                         0      0        0
  SINCE JUN 1      0                         0      0        0
  SINCE JUL 1      0                         0      0        0

 COOLING
  TODAY           22                        19      3       18
  MONTH TO DATE  101                        94      7       95
  SINCE JUN 1    666                       626     40      597
  SINCE JAN 1   2343                      1982    361     2171
..................................................................


WIND (MPH)
  HIGHEST WIND SPEED    17   HIGHEST WIND DIRECTION     E (100)
  HIGHEST GUST SPEED    23   HIGHEST GUST DIRECTION    SE (130)
  AVERAGE WIND SPEED    10.4


SKY COVER
  AVERAGE SKY COVER 0.4


WEATHER CONDITIONS
 THE FOLLOWING WEATHER WAS RECORDED TODAY.
  NO SIGNIFICANT WEATHER WAS OBSERVED.


RELATIVE HUMIDITY (PERCENT)
 HIGHEST    74
 LOWEST     52
 AVERAGE    63

..........................................................


THE MIAMI CLIMATE NORMALS FOR TOMORROW
                         NORMAL    RECORD    YEAR
 MAXIMUM TEMPERATURE (F)   91        95      2009
                                             1992
 MINIMUM TEMPERATURE (F)   77        70      1922
                                             1907


SUNRISE AND SUNSET
JULY  5 2015..........SUNRISE   635 AM EDT   SUNSET   817 PM EDT
JULY  6 2015..........SUNRISE   635 AM EDT   SUNSET   817 PM EDT


-  INDICATES NEGATIVE NUMBERS.
R  INDICATES RECORD WAS SET OR TIED.
MM INDICATES DATA IS MISSING.
T  INDICATES TRACE AMOUNT.




$$
