000
CDUS43 KIND 120534
CLIMIE


CLIMATE REPORT
NATIONAL WEATHER SERVICE INDIANAPOLIS IN
1231 AM EST TUE DEC 12 2017


...................................

...THE MUNCIE IN CLIMATE SUMMARY FOR DECEMBER 11 2017...

CLIMATE NORMAL PERIOD 1981 TO 2010
CLIMATE RECORD PERIOD 9999 TO 9999


WEATHER ITEM   OBSERVED TIME   NORMAL DEPARTURE LAST
                VALUE   (LST)  VALUE  FROM      YEAR
                                      NORMAL
......................................................
TEMPERATURE (F)
 YESTERDAY
  MAXIMUM         42    319 PM  39      3       37
  MINIMUM         18    458 AM  25     -7       26
  AVERAGE         30            32     -2       32

PRECIPITATION (IN)
  YESTERDAY        0.00          0.09  -0.09     0.09
  MONTH TO DATE    0.14          1.08  -0.94     0.45
  SINCE DEC 1      0.14          1.08  -0.94     0.45
  SINCE JAN 1     46.78         38.32   8.46    39.26

DEGREE DAYS
 HEATING
  YESTERDAY       35            33      2       33
  MONTH TO DATE  310           345    -35      355
  SINCE DEC 1    310           345    -35      355
  SINCE JUL 1   1222          1480   -258     1057

 COOLING
  YESTERDAY        0             0      0        0
  MONTH TO DATE    0             0      0        0
  SINCE DEC 1      0             0      0        0
  SINCE JAN 1   1090           956    134     1355
......................................................


WIND (MPH)
  HIGHEST WIND SPEED    21   HIGHEST WIND DIRECTION    NW (300)
  HIGHEST GUST SPEED    25   HIGHEST GUST DIRECTION    NW (310)
  AVERAGE WIND SPEED     8.0


SKY COVER
  AVERAGE SKY COVER 0.4


WEATHER CONDITIONS
 THE FOLLOWING WEATHER WAS RECORDED YESTERDAY.
  NO SIGNIFICANT WEATHER WAS OBSERVED.


RELATIVE HUMIDITY (PERCENT)
 HIGHEST    84           500 AM
 LOWEST     55           300 PM
 AVERAGE    70

..........................................................


THE MUNCIE IN CLIMATE NORMALS FOR TODAY
                         NORMAL
 MAXIMUM TEMPERATURE (F)   39
 MINIMUM TEMPERATURE (F)   24


SUNRISE AND SUNSET
DECEMBER 12 2017......SUNRISE   755 AM EST   SUNSET   516 PM EST
DECEMBER 13 2017......SUNRISE   756 AM EST   SUNSET   516 PM EST


-  INDICATES NEGATIVE NUMBERS.
R  INDICATES RECORD WAS SET OR TIED.
MM INDICATES DATA IS MISSING.
T  INDICATES TRACE AMOUNT.




$$
