000
CDUS43 KIND 200530
CLIMIE


CLIMATE REPORT
NATIONAL WEATHER SERVICE INDIANAPOLIS IN
130 AM EDT FRI OCT 20 2017


...................................

...THE MUNCIE IN CLIMATE SUMMARY FOR OCTOBER 19 2017...

CLIMATE NORMAL PERIOD 1981 TO 2010
CLIMATE RECORD PERIOD 9999 TO 9999


WEATHER ITEM   OBSERVED TIME   NORMAL DEPARTURE LAST
                VALUE   (LST)  VALUE  FROM      YEAR
                                      NORMAL
......................................................
TEMPERATURE (F)
 YESTERDAY
  MAXIMUM         75    404 PM  63     12       74
  MINIMUM         49   1159 PM  42      7       53
  AVERAGE         62            53      9       64

PRECIPITATION (IN)
  YESTERDAY        0.00          0.09  -0.09     0.42
  MONTH TO DATE    3.01          1.84   1.17     0.76
  SINCE SEP 1      4.85          4.80   0.05     5.46
  SINCE JAN 1     39.74         32.71   7.03    34.74

DEGREE DAYS
 HEATING
  YESTERDAY        3            13    -10        1
  MONTH TO DATE   51           191   -140       59
  SINCE SEP 1    106           282   -176       69
  SINCE JUL 1    109           292   -183       72

 COOLING
  YESTERDAY        0             0      0        0
  MONTH TO DATE   50            13     37       51
  SINCE SEP 1    205           118     87      239
  SINCE JAN 1   1083           952    131     1339
......................................................


WIND (MPH)
  HIGHEST WIND SPEED    13   HIGHEST WIND DIRECTION    SW (240)
  HIGHEST GUST SPEED    17   HIGHEST GUST DIRECTION     W (250)
  AVERAGE WIND SPEED     6.0


SKY COVER
  AVERAGE SKY COVER 0.0


WEATHER CONDITIONS
 THE FOLLOWING WEATHER WAS RECORDED YESTERDAY.
  NO SIGNIFICANT WEATHER WAS OBSERVED.


RELATIVE HUMIDITY (PERCENT)
 HIGHEST    89          1000 PM
 LOWEST     41           200 PM
 AVERAGE    65

..........................................................


THE MUNCIE IN CLIMATE NORMALS FOR TODAY
                         NORMAL
 MAXIMUM TEMPERATURE (F)   63
 MINIMUM TEMPERATURE (F)   42


SUNRISE AND SUNSET
OCTOBER 20 2017.......SUNRISE   758 AM EDT   SUNSET   654 PM EDT
OCTOBER 21 2017.......SUNRISE   759 AM EDT   SUNSET   653 PM EDT


-  INDICATES NEGATIVE NUMBERS.
R  INDICATES RECORD WAS SET OR TIED.
MM INDICATES DATA IS MISSING.
T  INDICATES TRACE AMOUNT.




$$
