000
CDUS43 KMKX 290052
CLIMKE


CLIMATE REPORT
NATIONAL WEATHER SERVICE IN MILWAUKEE
652 PM CST FRI NOV 28 2014


...................................

...THE MILWAUKEE WI CLIMATE SUMMARY FOR NOVEMBER 28 2014...
VALID TODAY AS OF 0600 PM LOCAL TIME.

CLIMATE NORMAL PERIOD 1981 TO 2010
CLIMATE RECORD PERIOD 1871 TO 2014


WEATHER ITEM   OBSERVED TIME   RECORD YEAR NORMAL DEPARTURE LAST
                VALUE   (LST)  VALUE       VALUE  FROM      YEAR
                                                  NORMAL
..................................................................
TEMPERATURE (F)
 TODAY
  MAXIMUM         30    559 PM  65    1998  40    -10       29
  MINIMUM         14    122 AM  -4    1887  26    -12       21
  AVERAGE         22                        33    -11       25

PRECIPITATION (IN)
  TODAY            0.02          0.98 1968   0.09  -0.07     0.00
  MONTH TO DATE    1.83                      2.54  -0.71     2.97
  SINCE SEP 1      5.78                      8.37  -2.59     8.10
  SINCE JAN 1     31.07                     32.55  -1.48    38.23

SNOWFALL (IN)
  TODAY            0.2           5.0  1886   0.1    0.1      0.0
  MONTH TO DATE    4.7                       2.0    2.7      2.0
  SINCE SEP 1      4.8                       2.3    2.5      2.0
  SINCE JUL 1      4.8                       2.3    2.5      2.0
  SNOW DEPTH       2

DEGREE DAYS
 HEATING
  TODAY           43                        32     11       40
  MONTH TO DATE  915                       716    199      766
  SINCE SEP 1   1491                      1275    216     1284
  SINCE JUL 1   1517                      1301    216     1306

 COOLING
  TODAY            0                         0      0        0
  MONTH TO DATE    0                         0      0        0
  SINCE SEP 1     63                        76    -13      111
  SINCE JAN 1    464                       641   -177      688
..................................................................


WIND (MPH)
  HIGHEST WIND SPEED    18   HIGHEST WIND DIRECTION     S (160)
  HIGHEST GUST SPEED    23   HIGHEST GUST DIRECTION    SE (150)
  AVERAGE WIND SPEED     7.3


SKY COVER
  POSSIBLE SUNSHINE  MM
  AVERAGE SKY COVER 0.9


WEATHER CONDITIONS
 THE FOLLOWING WEATHER WAS RECORDED TODAY.
  LIGHT SNOW
  HAZE


RELATIVE HUMIDITY (PERCENT)
 HIGHEST    80           800 AM
 LOWEST     60          1200 PM
 AVERAGE    70

..........................................................


THE MILWAUKEE WI CLIMATE NORMALS FOR TOMORROW
                         NORMAL    RECORD    YEAR
 MAXIMUM TEMPERATURE (F)   39        66      1998
 MINIMUM TEMPERATURE (F)   26       -14      1875


SUNRISE AND SUNSET
NOVEMBER 28 2014......SUNRISE   700 AM CST   SUNSET   419 PM CST
NOVEMBER 29 2014......SUNRISE   701 AM CST   SUNSET   419 PM CST


-  INDICATES NEGATIVE NUMBERS.
R  INDICATES RECORD WAS SET OR TIED.
MM INDICATES DATA IS MISSING.
T  INDICATES TRACE AMOUNT.




$$
