000
CDUS43 KGRR 050512
CLIMKG


CLIMATE REPORT
NATIONAL WEATHER SERVICE GRAND RAPIDS, MI
112 AM EDT SAT SEP 5 2015


...................................

...THE MUSKEGON MI CLIMATE SUMMARY FOR SEPTEMBER 4 2015...

CLIMATE NORMAL PERIOD 1981 TO 2010
CLIMATE RECORD PERIOD 1896 TO 2015


WEATHER ITEM   OBSERVED TIME   RECORD YEAR NORMAL DEPARTURE LAST
                VALUE   (LST)  VALUE       VALUE  FROM      YEAR
                                                  NORMAL
..................................................................
TEMPERATURE (F)
 YESTERDAY
  MAXIMUM         77    501 PM  90    1999  76      1       80
  MINIMUM         66   1158 PM  36    1974  57      9       68
  AVERAGE         72                        66      6       74

PRECIPITATION (IN)
  YESTERDAY        T             3.25 2008   0.12  -0.12     1.68
  MONTH TO DATE    T                         0.47  -0.47     1.73
  SINCE SEP 1      T                         0.47  -0.47     1.73
  SINCE JAN 1     23.13                     21.05   2.08    28.34

SNOWFALL (IN)
  YESTERDAY        0.0          MM      MM   0.0    0.0      0.0
  MONTH TO DATE    0.0                       0.0    0.0      0.0
  SINCE SEP 1      0.0                       0.0    0.0      0.0
  SINCE JUL 1      0.0                       0.0    0.0      0.0
  SNOW DEPTH       0

DEGREE DAYS
 HEATING
  YESTERDAY        0                         2     -2        0
  MONTH TO DATE    0                         8     -8        0
  SINCE SEP 1      0                         8     -8        0
  SINCE JUL 1     32                        38     -6       49

 COOLING
  YESTERDAY        7                         3      4        9
  MONTH TO DATE   38                        14     24       30
  SINCE SEP 1     38                        14     24       30
  SINCE JAN 1    492                       521    -29      426
..................................................................


WIND (MPH)
  RESULTANT WIND SPEED   3   RESULTANT WIND DIRECTION   W (280)
  HIGHEST WIND SPEED    10   HIGHEST WIND DIRECTION    SW (220)
  HIGHEST GUST SPEED    11   HIGHEST GUST DIRECTION    SW (240)
  AVERAGE WIND SPEED     3.9


SKY COVER
  AVERAGE SKY COVER 0.8


WEATHER CONDITIONS
 THE FOLLOWING WEATHER WAS RECORDED YESTERDAY.
  LIGHT RAIN
  FOG
  HAZE


RELATIVE HUMIDITY (PERCENT)
 HIGHEST    93          1100 PM
 LOWEST     73           900 AM
 AVERAGE    83

..........................................................


THE MUSKEGON MI CLIMATE NORMALS FOR TODAY
                         NORMAL    RECORD    YEAR
 MAXIMUM TEMPERATURE (F)   75        92      1948
 MINIMUM TEMPERATURE (F)   57        37      1900


SUNRISE AND SUNSET
SEPTEMBER  5 2015.....SUNRISE   713 AM EDT   SUNSET   813 PM EDT
SEPTEMBER  6 2015.....SUNRISE   714 AM EDT   SUNSET   812 PM EDT


-  INDICATES NEGATIVE NUMBERS.
R  INDICATES RECORD WAS SET OR TIED.
MM INDICATES DATA IS MISSING.
T  INDICATES TRACE AMOUNT.




$$
