000
CDUS44 KMEG 032257
CLIMKL


CLIMATE REPORT
NATIONAL WEATHER SERVICE MEMPHIS TN
456 PM CST TUE MAR 3 2015


...................................

...THE JACKSON CLIMATE SUMMARY FOR MARCH 3 2015...
VALID TODAY AS OF 0400 PM LOCAL TIME.

CLIMATE NORMAL PERIOD 1981 TO 2010
CLIMATE RECORD PERIOD 1948 TO 2015


WEATHER ITEM   OBSERVED TIME   RECORD YEAR NORMAL DEPARTURE LAST
                VALUE   (LST)  VALUE       VALUE  FROM      YEAR
                                                  NORMAL
..................................................................
TEMPERATURE (F)
 TODAY
  MAXIMUM         62    141 PM  80    1976  58      4       30
  MINIMUM         43    251 AM   9    1980  36      7       15
  AVERAGE         53                        47      6       23

PRECIPITATION (IN)
  TODAY            0.02          3.15 1977   0.14  -0.12     0.39
  MONTH TO DATE    0.56                      0.42   0.14     3.14
  SINCE MAR 1      0.56                      0.42   0.14     3.14
  SINCE JAN 1      6.45                      8.66  -2.21    11.30

SNOWFALL (IN)
  TODAY            0.0

DEGREE DAYS
 HEATING
  TODAY           12                        18     -6       42
  MONTH TO DATE   59                        55      4       72
  SINCE MAR 1     59                        55      4       72
  SINCE JUL 1   3232                      2939    293     3368

 COOLING
  TODAY            0                         0      0        0
  MONTH TO DATE    0                         0      0        0
  SINCE MAR 1      0                         0      0        0
  SINCE JAN 1      0                         1     -1        0
..................................................................


WIND (MPH)
  HIGHEST WIND SPEED    17   HIGHEST WIND DIRECTION     S (190)
  HIGHEST GUST SPEED    22   HIGHEST GUST DIRECTION     S (190)
  AVERAGE WIND SPEED     7.4


SKY COVER
  POSSIBLE SUNSHINE  MM
  AVERAGE SKY COVER 1.0


WEATHER CONDITIONS
 THE FOLLOWING WEATHER WAS RECORDED TODAY.
  LIGHT RAIN
  FOG


RELATIVE HUMIDITY (PERCENT)
 HIGHEST    93           500 AM
 LOWEST     65          1200 AM
 AVERAGE    79

..........................................................


THE JACKSON CLIMATE NORMALS FOR TOMORROW
                         NORMAL    RECORD    YEAR
 MAXIMUM TEMPERATURE (F)   59        80      1976
 MINIMUM TEMPERATURE (F)   36        13      2002


SUNRISE AND SUNSET
MARCH  3 2015.........SUNRISE   623 AM CST   SUNSET   552 PM CST
MARCH  4 2015.........SUNRISE   622 AM CST   SUNSET   553 PM CST


-  INDICATES NEGATIVE NUMBERS.
R  INDICATES RECORD WAS SET OR TIED.
MM INDICATES DATA IS MISSING.
T  INDICATES TRACE AMOUNT.




$$
