000
CDUS44 KMEG 260627
CLIMKL


CLIMATE REPORT
NATIONAL WEATHER SERVICE MEMPHIS TN
127 AM CDT SUN OCT 26 2014


...................................

...THE JACKSON CLIMATE SUMMARY FOR OCTOBER 25 2014...

CLIMATE NORMAL PERIOD 1981 TO 2010
CLIMATE RECORD PERIOD 1948 TO 2014


WEATHER ITEM   OBSERVED TIME   RECORD YEAR NORMAL DEPARTURE LAST
                VALUE   (LST)  VALUE       VALUE  FROM      YEAR
                                                  NORMAL
..................................................................
TEMPERATURE (F)
 YESTERDAY
  MAXIMUM         81    326 PM  83    2004  70     11       53
                                      2000
  MINIMUM         47    215 AM  27    2013  45      2       27
                                      1965
  AVERAGE         64                        58      6       40

PRECIPITATION (IN)
  YESTERDAY        0.01          1.57 2003   0.12  -0.11     0.00
  MONTH TO DATE    3.46                      3.03   0.43     2.06
  SINCE SEP 1      8.29                      6.41   1.88     4.92
  SINCE JAN 1     51.95                     42.28   9.67    50.01

SNOWFALL (IN)
  YESTERDAY       MM             0.0    MM   0.0   MM        0.0
  MONTH TO DATE    0.0                       0.0    0.0      0.0
  SINCE SEP 1      0.0                       0.0    0.0      0.0
  SINCE JUL 1      0.0                       0.0    0.0      0.0
  SNOW DEPTH       0

DEGREE DAYS
 HEATING
  YESTERDAY        1                         8     -7       25
  MONTH TO DATE  113                       133    -20      159
  SINCE SEP 1    123                       159    -36      167
  SINCE JUL 1    123                       159    -36      167

 COOLING
  YESTERDAY        0                         1     -1        0
  MONTH TO DATE   63                        43     20       68
  SINCE SEP 1    278                       263     15      305
  SINCE JAN 1   1595                      1686    -91     1589
..................................................................


WIND (MPH)
  HIGHEST WIND SPEED    12   HIGHEST WIND DIRECTION     W (250)
  HIGHEST GUST SPEED    16   HIGHEST GUST DIRECTION     W (270)
  AVERAGE WIND SPEED     3.8


SKY COVER
  POSSIBLE SUNSHINE  MM
  AVERAGE SKY COVER 0.1


WEATHER CONDITIONS
 THE FOLLOWING WEATHER WAS RECORDED YESTERDAY.
  FOG


RELATIVE HUMIDITY (PERCENT)
 HIGHEST    97          1100 PM
 LOWEST     54           100 PM
 AVERAGE    76

..........................................................


THE JACKSON CLIMATE NORMALS FOR TODAY
                         NORMAL    RECORD    YEAR
 MAXIMUM TEMPERATURE (F)   70        87      2004
 MINIMUM TEMPERATURE (F)   45        28      2013
                                             1982


SUNRISE AND SUNSET
OCTOBER 26 2014.......SUNRISE   712 AM CDT   SUNSET   607 PM CDT
OCTOBER 27 2014.......SUNRISE   713 AM CDT   SUNSET   606 PM CDT


-  INDICATES NEGATIVE NUMBERS.
R  INDICATES RECORD WAS SET OR TIED.
MM INDICATES DATA IS MISSING.
T  INDICATES TRACE AMOUNT.




$$
