000
CDUS44 KMEG 230636
CLIMKL


CLIMATE REPORT
NATIONAL WEATHER SERVICE MEMPHIS TN
136 AM CDT TUE MAY 23 2017


...................................

...THE JACKSON CLIMATE SUMMARY FOR MAY 22 2017...

CLIMATE NORMAL PERIOD 1981 TO 2010
CLIMATE RECORD PERIOD 1948 TO 2017


WEATHER ITEM   OBSERVED TIME   RECORD YEAR NORMAL DEPARTURE LAST
                VALUE   (LST)  VALUE       VALUE  FROM      YEAR
                                                  NORMAL
..................................................................
TEMPERATURE (F)
 YESTERDAY
  MAXIMUM         76    151 PM  92    1987  81     -5       82
                                      1975
                                      1972
  MINIMUM         58    512 AM  42    2015  59     -1       52
                                      2002
  AVERAGE         67                        70     -3       67

PRECIPITATION (IN)
  YESTERDAY        0.00          2.21 1957   0.17  -0.17     0.00
  MONTH TO DATE    1.44                      4.06  -2.62     2.50
  SINCE MAR 1     14.89                     13.67   1.22    18.35
  SINCE JAN 1     19.72                     21.91  -2.19    23.97

DEGREE DAYS
 HEATING
  YESTERDAY        0                         1     -1        0
  MONTH TO DATE   39                        41     -2       64
  SINCE MAR 1    477                       683   -206      511
  SINCE JUL 1   2517                      3567  -1050     2879

 COOLING
  YESTERDAY        2                         6     -4        2
  MONTH TO DATE  102                        94      8       52
  SINCE MAR 1    204                       152     52       96
  SINCE JAN 1    206                       153     53       96
..................................................................


WIND (MPH)
  HIGHEST WIND SPEED    14   HIGHEST WIND DIRECTION     E (90)
  HIGHEST GUST SPEED    19   HIGHEST GUST DIRECTION    NE (60)
  AVERAGE WIND SPEED     3.7


SKY COVER
  POSSIBLE SUNSHINE  MM
  AVERAGE SKY COVER 0.2


WEATHER CONDITIONS
 THE FOLLOWING WEATHER WAS RECORDED YESTERDAY.
  HAZE


RELATIVE HUMIDITY (PERCENT)
 HIGHEST    84          1200 AM
 LOWEST     46           200 PM
 AVERAGE    65

..........................................................


THE JACKSON CLIMATE NORMALS FOR TODAY
                         NORMAL    RECORD    YEAR
 MAXIMUM TEMPERATURE (F)   82        93      1996
 MINIMUM TEMPERATURE (F)   59        40      1963


SUNRISE AND SUNSET
MAY 23 2017...........SUNRISE   545 AM CDT   SUNSET   800 PM CDT
MAY 24 2017...........SUNRISE   545 AM CDT   SUNSET   801 PM CDT


-  INDICATES NEGATIVE NUMBERS.
R  INDICATES RECORD WAS SET OR TIED.
MM INDICATES DATA IS MISSING.
T  INDICATES TRACE AMOUNT.




$$
