000
CDUS44 KMEG 042158
CLIMKL


CLIMATE REPORT
NATIONAL WEATHER SERVICE MEMPHIS TN
457 PM CDT FRI SEP 4 2015


...................................

...THE JACKSON CLIMATE SUMMARY FOR SEPTEMBER 4 2015...
VALID TODAY AS OF 0400 PM LOCAL TIME.

CLIMATE NORMAL PERIOD 1981 TO 2010
CLIMATE RECORD PERIOD 1948 TO 2015


WEATHER ITEM   OBSERVED TIME   RECORD YEAR NORMAL DEPARTURE LAST
                VALUE   (LST)  VALUE       VALUE  FROM      YEAR
                                                  NORMAL
..................................................................
TEMPERATURE (F)
 TODAY
  MAXIMUM         94    324 PM 104    1954  88      6       89
  MINIMUM         68    556 AM  48    1974  63      5       64
  AVERAGE         81                        76      5       77

PRECIPITATION (IN)
  TODAY            0.00          2.92 1962   0.09  -0.09     0.00
  MONTH TO DATE    0.00                      0.36  -0.36     0.61
  SINCE SEP 1      0.00                      0.36  -0.36     0.61
  SINCE JAN 1     31.46                     36.23  -4.77    44.27

SNOWFALL (IN)
  TODAY            0.0

DEGREE DAYS
 HEATING
  TODAY            0                         0      0        0
  MONTH TO DATE    0                         0      0        0
  SINCE SEP 1      0                         0      0        0
  SINCE JUL 1      0                         0      0        0

 COOLING
  TODAY           16                        11      5       12
  MONTH TO DATE   58                        44     14       56
  SINCE SEP 1     58                        44     14       56
  SINCE JAN 1   1620                      1467    153     1373
..................................................................


WIND (MPH)
  HIGHEST WIND SPEED     6   HIGHEST WIND DIRECTION    NE (30)
  HIGHEST GUST SPEED     8   HIGHEST GUST DIRECTION     E (90)
  AVERAGE WIND SPEED     1.7


SKY COVER
  POSSIBLE SUNSHINE  MM
  AVERAGE SKY COVER 0.0


WEATHER CONDITIONS
 THE FOLLOWING WEATHER WAS RECORDED TODAY.
  FOG


RELATIVE HUMIDITY (PERCENT)
 HIGHEST   100          1200 AM
 LOWEST     49           200 PM
 AVERAGE    75

..........................................................


THE JACKSON CLIMATE NORMALS FOR TOMORROW
                         NORMAL    RECORD    YEAR
 MAXIMUM TEMPERATURE (F)   88       105      1954
 MINIMUM TEMPERATURE (F)   63        45      1997


SUNRISE AND SUNSET
SEPTEMBER  4 2015.....SUNRISE   630 AM CDT   SUNSET   719 PM CDT
SEPTEMBER  5 2015.....SUNRISE   631 AM CDT   SUNSET   718 PM CDT


-  INDICATES NEGATIVE NUMBERS.
R  INDICATES RECORD WAS SET OR TIED.
MM INDICATES DATA IS MISSING.
T  INDICATES TRACE AMOUNT.




$$
