000
CDUS44 KMEG 022150
CLIMKL


CLIMATE REPORT
NATIONAL WEATHER SERVICE MEMPHIS TN
449 PM CDT MON MAY 2 2016


...................................

...THE JACKSON CLIMATE SUMMARY FOR MAY 2 2016...
VALID TODAY AS OF 0400 PM LOCAL TIME.

CLIMATE NORMAL PERIOD 1981 TO 2010
CLIMATE RECORD PERIOD 1948 TO 2016


WEATHER ITEM   OBSERVED TIME   RECORD YEAR NORMAL DEPARTURE LAST
                VALUE   (LST)  VALUE       VALUE  FROM      YEAR
                                                  NORMAL
..................................................................
TEMPERATURE (F)
 TODAY
  MAXIMUM         66    153 AM  92    1952  77    -11       77
  MINIMUM         55   1030 AM  40    2014  53      2       41
                                      2005
                                      1961
  AVERAGE         61                        65     -4       59

PRECIPITATION (IN)
  TODAY            0.73          2.99 1984   0.19   0.54     0.00
  MONTH TO DATE    0.75                      0.38   0.37     0.00
  SINCE MAR 1     15.24                      9.99   5.25    10.00
  SINCE JAN 1     20.86                     18.23   2.63    15.89

SNOWFALL (IN)
  TODAY            0.0

DEGREE DAYS
 HEATING
  TODAY            4                         3      1        6
  MONTH TO DATE    4                         6     -2       15
  SINCE MAR 1    451                       648   -197      640
  SINCE JUL 1   2819                      3532   -713     3813

 COOLING
  TODAY            0                         3     -3        0
  MONTH TO DATE    7                         6      1        0
  SINCE MAR 1     51                        64    -13       61
  SINCE JAN 1     51                        65    -14       61
..................................................................


WIND (MPH)
  HIGHEST WIND SPEED    21   HIGHEST WIND DIRECTION     N (20)
  HIGHEST GUST SPEED    26   HIGHEST GUST DIRECTION     N (10)
  AVERAGE WIND SPEED     4.8


SKY COVER
  POSSIBLE SUNSHINE  MM
  AVERAGE SKY COVER 0.9


WEATHER CONDITIONS
 THE FOLLOWING WEATHER WAS RECORDED TODAY.
  THUNDERSTORM
  HEAVY RAIN
  RAIN
  LIGHT RAIN
  FOG


RELATIVE HUMIDITY (PERCENT)
 HIGHEST    93          1200 AM
 LOWEST     72           500 AM
 AVERAGE    83

..........................................................


THE JACKSON CLIMATE NORMALS FOR TOMORROW
                         NORMAL    RECORD    YEAR
 MAXIMUM TEMPERATURE (F)   77        90      1955
                                             1949
 MINIMUM TEMPERATURE (F)   54        35      2005


SUNRISE AND SUNSET
MAY  2 2016...........SUNRISE   602 AM CDT   SUNSET   743 PM CDT
MAY  3 2016...........SUNRISE   601 AM CDT   SUNSET   744 PM CDT


-  INDICATES NEGATIVE NUMBERS.
R  INDICATES RECORD WAS SET OR TIED.
MM INDICATES DATA IS MISSING.
T  INDICATES TRACE AMOUNT.




$$
