000
CDUS42 KMLB 220626
CLIMLB


CLIMATE REPORT
NATIONAL WEATHER SERVICE MELBOURNE FL
226 AM EDT WED OCT 22 2014


...................................

...THE MELBOURNE CLIMATE SUMMARY FOR OCTOBER 21 2014...

CLIMATE NORMAL PERIOD 1981 TO 2010
CLIMATE RECORD PERIOD 1939 TO 2014


WEATHER ITEM   OBSERVED TIME   RECORD YEAR NORMAL DEPARTURE LAST
                VALUE   (LST)  VALUE       VALUE  FROM      YEAR
                                                  NORMAL
..................................................................
TEMPERATURE (F)
 YESTERDAY
  MAXIMUM         84    138 PM  91    1942  83      1       90
  MINIMUM         71   1159 PM  46    1989  67      4       73
  AVERAGE         78                        75      3       82

PRECIPITATION (IN)
  YESTERDAY        0.00          2.21 1959   0.15  -0.15     0.01
  MONTH TO DATE    1.78                      3.78  -2.00     0.25
  SINCE SEP 1     14.31                     11.42   2.89     4.79
  SINCE JAN 1     52.14                     45.27   6.87    35.98

SNOWFALL (IN)
  YESTERDAY        0.0
  MONTH TO DATE    0.0
  SINCE JUL 1      0.0

DEGREE DAYS
 HEATING
  YESTERDAY        0                         0      0        0
  MONTH TO DATE    0                         0      0        0
  SINCE SEP 1      0                         0      0        0
  SINCE JUL 1      0                         0      0        0

 COOLING
  YESTERDAY       13                        10      3       17
  MONTH TO DATE  274                       256     18      288
  SINCE SEP 1    753                       722     31      785
  SINCE JAN 1   3240                      2948    292     3234
..................................................................


WIND (MPH)
  HIGHEST WIND SPEED    15   HIGHEST WIND DIRECTION    SE (150)
  HIGHEST GUST SPEED    19   HIGHEST GUST DIRECTION    SE (150)
  AVERAGE WIND SPEED     3.3


SKY COVER
  AVERAGE SKY COVER 0.3


WEATHER CONDITIONS
 THE FOLLOWING WEATHER WAS RECORDED YESTERDAY.
  NO SIGNIFICANT WEATHER WAS OBSERVED.


RELATIVE HUMIDITY (PERCENT)
 HIGHEST    93          1000 PM
 LOWEST     62           300 PM
 AVERAGE    78

..........................................................


THE MELBOURNE CLIMATE NORMALS FOR TODAY
                         NORMAL    RECORD    YEAR
 MAXIMUM TEMPERATURE (F)   83        92      2013
 MINIMUM TEMPERATURE (F)   66        50      1976


SUNRISE AND SUNSET
OCTOBER 22 2014.......SUNRISE   727 AM EDT   SUNSET   646 PM EDT
OCTOBER 23 2014.......SUNRISE   728 AM EDT   SUNSET   646 PM EDT


-  INDICATES NEGATIVE NUMBERS.
R  INDICATES RECORD WAS SET OR TIED.
MM INDICATES DATA IS MISSING.
T  INDICATES TRACE AMOUNT.




$$
