000
CDUS42 KMLB 220626
CLIMLB


CLIMATE REPORT
NATIONAL WEATHER SERVICE MELBOURNE FL
225 AM EDT SAT JUL 22 2017


...................................

...THE MELBOURNE CLIMATE SUMMARY FOR JULY 21 2017...

CLIMATE NORMAL PERIOD 1981 TO 2010
CLIMATE RECORD PERIOD 1939 TO 2017


WEATHER ITEM   OBSERVED TIME   RECORD YEAR NORMAL DEPARTURE LAST
                VALUE   (LST)  VALUE       VALUE  FROM      YEAR
                                                  NORMAL
..................................................................
TEMPERATURE (F)
 YESTERDAY
  MAXIMUM         91   1107 AM  99    1942  91      0       91
  MINIMUM         75    327 PM  69    1994  73      2       82
                                      1982
                                      1966
  AVERAGE         83                        82      1       87

PRECIPITATION (IN)
  YESTERDAY        0.02          3.12 1945   0.19  -0.17      T
  MONTH TO DATE    4.55                      3.92   0.63     1.09
  SINCE JUN 1     11.00                     10.63   0.37    10.00
  SINCE JAN 1     19.34                     24.13  -4.79    31.97

SNOWFALL (IN)
  YESTERDAY        0.0
  MONTH TO DATE    0.0
  SINCE JUL 1      0.0

DEGREE DAYS
 HEATING
  YESTERDAY        0                         0      0        0
  MONTH TO DATE    0                         0      0        0
  SINCE JUN 1      0                         0      0        0
  SINCE JUL 1      0                         0      0        0

 COOLING
  YESTERDAY       18                        17      1       22
  MONTH TO DATE  406                       346     60      424
  SINCE JUN 1    925                       808    117      934
  SINCE JAN 1   2072                      1534    538     1867
..................................................................


WIND (MPH)
  HIGHEST WIND SPEED    22   HIGHEST WIND DIRECTION     N (340)
  HIGHEST GUST SPEED    26   HIGHEST GUST DIRECTION     N (340)
  AVERAGE WIND SPEED     5.0


SKY COVER
  AVERAGE SKY COVER 0.3


WEATHER CONDITIONS
 THE FOLLOWING WEATHER WAS RECORDED YESTERDAY.
  THUNDERSTORM
  LIGHT RAIN
  FOG


RELATIVE HUMIDITY (PERCENT)
 HIGHEST   100           600 AM
 LOWEST     59          1100 AM
 AVERAGE    80

..........................................................


THE MELBOURNE CLIMATE NORMALS FOR TODAY
                         NORMAL    RECORD    YEAR
 MAXIMUM TEMPERATURE (F)   91        98      1981
                                             1942
 MINIMUM TEMPERATURE (F)   73        68      1982


SUNRISE AND SUNSET
JULY 22 2017..........SUNRISE   640 AM EDT   SUNSET   818 PM EDT
JULY 23 2017..........SUNRISE   640 AM EDT   SUNSET   818 PM EDT


-  INDICATES NEGATIVE NUMBERS.
R  INDICATES RECORD WAS SET OR TIED.
MM INDICATES DATA IS MISSING.
T  INDICATES TRACE AMOUNT.




$$
