000
CDUS42 KMLB 220628
CLIMLB


CLIMATE REPORT
NATIONAL WEATHER SERVICE MELBOURNE FL
127 AM EST MON JAN 22 2018


...................................

...THE MELBOURNE CLIMATE SUMMARY FOR JANUARY 21 2018...

CLIMATE NORMAL PERIOD 1981 TO 2010
CLIMATE RECORD PERIOD 1939 TO 2018


WEATHER ITEM   OBSERVED TIME   RECORD YEAR NORMAL DEPARTURE LAST
                VALUE   (LST)  VALUE       VALUE  FROM      YEAR
                                                  NORMAL
..................................................................
TEMPERATURE (F)
 YESTERDAY
  MAXIMUM         77    234 PM  85    1963  72      5       83
  MINIMUM         60    128 AM  23    1985  49     11       61
  AVERAGE         69                        60      9       72

PRECIPITATION (IN)
  YESTERDAY        0.00          1.48 1989   0.07  -0.07     0.00
  MONTH TO DATE    2.17                      1.48   0.69     0.56
  SINCE DEC 1      3.24                      4.05  -0.81     0.88
  SINCE JAN 1      2.17                      1.48   0.69     0.56

SNOWFALL (IN)
  YESTERDAY        0.0
  MONTH TO DATE    0.0
  SINCE JUL 1      0.0

DEGREE DAYS
 HEATING
  YESTERDAY        0                         6     -6        0
  MONTH TO DATE  149                       126     23       39
  SINCE DEC 1    221                       263    -42       67
  SINCE JUL 1    234                       305    -71       86

 COOLING
  YESTERDAY        4                         1      3        7
  MONTH TO DATE   37                        24     13       60
  SINCE DEC 1    180                       100     80      236
  SINCE JAN 1     37                        24     13       60
..................................................................


WIND (MPH)
  HIGHEST WIND SPEED    14   HIGHEST WIND DIRECTION     E (90)
  HIGHEST GUST SPEED    18   HIGHEST GUST DIRECTION     E (100)
  AVERAGE WIND SPEED     6.2


SKY COVER
  AVERAGE SKY COVER 0.3


WEATHER CONDITIONS
 THE FOLLOWING WEATHER WAS RECORDED YESTERDAY.
  NO SIGNIFICANT WEATHER WAS OBSERVED.


RELATIVE HUMIDITY (PERCENT)
 HIGHEST    93          1000 PM
 LOWEST     56           100 PM
 AVERAGE    75

..........................................................


THE MELBOURNE CLIMATE NORMALS FOR TODAY
                         NORMAL    RECORD    YEAR
 MAXIMUM TEMPERATURE (F)   72        87      2017
 MINIMUM TEMPERATURE (F)   49        22      1985


SUNRISE AND SUNSET
JANUARY 22 2018.......SUNRISE   714 AM EST   SUNSET   555 PM EST
JANUARY 23 2018.......SUNRISE   714 AM EST   SUNSET   556 PM EST


-  INDICATES NEGATIVE NUMBERS.
R  INDICATES RECORD WAS SET OR TIED.
MM INDICATES DATA IS MISSING.
T  INDICATES TRACE AMOUNT.




$$
