000
CDUS42 KMLB 012128
CLIMLB


CLIMATE REPORT
NATIONAL WEATHER SERVICE MELBOURNE FL
425 PM EST SUN FEB 1 2015


...................................

...THE MELBOURNE CLIMATE SUMMARY FOR FEBRUARY 1 2015...
VALID TODAY AS OF 0400 PM LOCAL TIME.

CLIMATE NORMAL PERIOD 1981 TO 2010
CLIMATE RECORD PERIOD 1939 TO 2015


WEATHER ITEM   OBSERVED TIME   RECORD YEAR NORMAL DEPARTURE LAST
                VALUE   (LST)  VALUE       VALUE  FROM      YEAR
                                                  NORMAL
..................................................................
TEMPERATURE (F)
 TODAY
  MAXIMUM         73   1246 PM  86    1985  72      1       82
  MINIMUM         53    617 AM  32    1966  50      3       65
  AVERAGE         63                        61      2       74

PRECIPITATION (IN)
  TODAY            0.00          1.43 1972   0.09  -0.09      T
  MONTH TO DATE    0.00                      0.09  -0.09      T
  SINCE DEC 1      4.10                      4.93  -0.83     7.93
  SINCE JAN 1      2.48                      2.36   0.12     5.78

SNOWFALL (IN)
  TODAY            0.0
  MONTH TO DATE    0.0
  SINCE JUL 1      0.0

DEGREE DAYS
 HEATING
  TODAY            2                         5     -3        0
  MONTH TO DATE    2                         5     -3        0
  SINCE DEC 1    205                       332   -127      232
  SINCE JUL 1    270                       374   -104      246

 COOLING
  TODAY            0                         2     -2        9
  MONTH TO DATE    0                         2     -2        9
  SINCE DEC 1    198                       122     76      217
  SINCE JAN 1     67                        46     21       66
..................................................................


WIND (MPH)
  HIGHEST WIND SPEED    20   HIGHEST WIND DIRECTION    SE (120)
  HIGHEST GUST SPEED    26   HIGHEST GUST DIRECTION    SE (140)
  AVERAGE WIND SPEED     8.9


SKY COVER
  AVERAGE SKY COVER 0.4


WEATHER CONDITIONS
 THE FOLLOWING WEATHER WAS RECORDED TODAY.
  NO SIGNIFICANT WEATHER WAS OBSERVED.


RELATIVE HUMIDITY (PERCENT)
 HIGHEST    93           700 AM
 LOWEST     41          1200 PM
 AVERAGE    67

..........................................................


THE MELBOURNE CLIMATE NORMALS FOR TOMORROW
                         NORMAL    RECORD    YEAR
 MAXIMUM TEMPERATURE (F)   73        88      1985
 MINIMUM TEMPERATURE (F)   50        33      1980


SUNRISE AND SUNSET
FEBRUARY  1 2015......SUNRISE   710 AM EST   SUNSET   603 PM EST
FEBRUARY  2 2015......SUNRISE   709 AM EST   SUNSET   603 PM EST


-  INDICATES NEGATIVE NUMBERS.
R  INDICATES RECORD WAS SET OR TIED.
MM INDICATES DATA IS MISSING.
T  INDICATES TRACE AMOUNT.




$$
