166
CDUS42 KMLB 182116
CLIMLB


CLIMATE REPORT
NATIONAL WEATHER SERVICE MELBOURNE FL
415 PM EST SAT NOV 18 2017


...................................

...THE MELBOURNE CLIMATE SUMMARY FOR NOVEMBER 18 2017...
VALID TODAY AS OF 0400 PM LOCAL TIME.

CLIMATE NORMAL PERIOD 1981 TO 2010
CLIMATE RECORD PERIOD 1939 TO 2017


WEATHER ITEM   OBSERVED TIME   RECORD YEAR NORMAL DEPARTURE LAST
                VALUE   (LST)  VALUE       VALUE  FROM      YEAR
                                                  NORMAL
..................................................................
TEMPERATURE (F)
 TODAY
  MAXIMUM         81   1214 PM  88    2013  78      3       79
  MINIMUM         59    156 AM  34    1940  59      0       57
  AVERAGE         70                        68      2       68

PRECIPITATION (IN)
  TODAY            0.00          0.71 1959   0.08  -0.08     0.00
  MONTH TO DATE    0.27                      1.92  -1.65     0.12
  SINCE SEP 1     34.65                     14.62  20.03    20.61
  SINCE JAN 1     62.34                     48.47  13.87    59.17

SNOWFALL (IN)
  TODAY            0.0
  MONTH TO DATE    0.0
  SINCE JUL 1      0.0

DEGREE DAYS
 HEATING
  TODAY            0                         1     -1        0
  MONTH TO DATE    0                        16    -16        0
  SINCE SEP 1     13                        20     -7        0
  SINCE JUL 1     13                        20     -7        0

 COOLING
  TODAY            5                         5      0        3
  MONTH TO DATE  180                       109     71      118
  SINCE SEP 1   1128                       920    208     1027
  SINCE JAN 1   4016                      3146    870     3675
..................................................................


WIND (MPH)
  HIGHEST WIND SPEED    13   HIGHEST WIND DIRECTION    SE (130)
  HIGHEST GUST SPEED    17   HIGHEST GUST DIRECTION    SE (140)
  AVERAGE WIND SPEED     5.4


SKY COVER
  AVERAGE SKY COVER 0.3


WEATHER CONDITIONS
 THE FOLLOWING WEATHER WAS RECORDED TODAY.
  NO SIGNIFICANT WEATHER WAS OBSERVED.


RELATIVE HUMIDITY (PERCENT)
 HIGHEST   100           400 AM
 LOWEST     39           100 PM
 AVERAGE    70

..........................................................


THE MELBOURNE CLIMATE NORMALS FOR TOMORROW
                         NORMAL    RECORD    YEAR
 MAXIMUM TEMPERATURE (F)   78        88      1948
 MINIMUM TEMPERATURE (F)   59        40      1981
                                             1951


SUNRISE AND SUNSET
NOVEMBER 18 2017......SUNRISE   647 AM EST   SUNSET   529 PM EST
NOVEMBER 19 2017......SUNRISE   648 AM EST   SUNSET   528 PM EST


-  INDICATES NEGATIVE NUMBERS.
R  INDICATES RECORD WAS SET OR TIED.
MM INDICATES DATA IS MISSING.
T  INDICATES TRACE AMOUNT.




$$
