000
CDUS42 KMLB 300635
CLIMLB


CLIMATE REPORT
NATIONAL WEATHER SERVICE MELBOURNE FL
235 AM EDT SAT JUL 30 2016


...................................

...THE MELBOURNE CLIMATE SUMMARY FOR JULY 29 2016...

CLIMATE NORMAL PERIOD 1981 TO 2010
CLIMATE RECORD PERIOD 1939 TO 2016


WEATHER ITEM   OBSERVED TIME   RECORD YEAR NORMAL DEPARTURE LAST
                VALUE   (LST)  VALUE       VALUE  FROM      YEAR
                                                  NORMAL
..................................................................
TEMPERATURE (F)
 YESTERDAY
  MAXIMUM         96    102 PM  98    1999  91      5       91
  MINIMUM         76   1129 PM  68    1975  73      3       76
                                      1969
                                      1965
  AVERAGE         86                        82      4       84

PRECIPITATION (IN)
  YESTERDAY        0.00          1.50 1943   0.21  -0.21     0.01
  MONTH TO DATE    1.09                      5.54  -4.45    10.30
  SINCE JUN 1     10.00                     12.25  -2.25    16.55
  SINCE JAN 1     31.97                     25.75   6.22    29.40

SNOWFALL (IN)
  YESTERDAY        0.0
  MONTH TO DATE    0.0
  SINCE JUL 1      0.0

DEGREE DAYS
 HEATING
  YESTERDAY        0                         0      0        0
  MONTH TO DATE    0                         0      0        0
  SINCE JUN 1      0                         0      0        0
  SINCE JUL 1      0                         0      0        0

 COOLING
  YESTERDAY       21                        17      4       19
  MONTH TO DATE  572                       482     90      485
  SINCE JUN 1   1082                       944    138      975
  SINCE JAN 1   2015                      1670    345     2087
..................................................................


WIND (MPH)
  HIGHEST WIND SPEED    23   HIGHEST WIND DIRECTION    SW (230)
  HIGHEST GUST SPEED    30   HIGHEST GUST DIRECTION    SW (240)
  AVERAGE WIND SPEED     6.1


SKY COVER
  AVERAGE SKY COVER 0.1


WEATHER CONDITIONS
 THE FOLLOWING WEATHER WAS RECORDED YESTERDAY.
  THUNDERSTORM
  FOG


RELATIVE HUMIDITY (PERCENT)
 HIGHEST    97           600 AM
 LOWEST     49           100 PM
 AVERAGE    73

..........................................................


THE MELBOURNE CLIMATE NORMALS FOR TODAY
                         NORMAL    RECORD    YEAR
 MAXIMUM TEMPERATURE (F)   91       100      2010
 MINIMUM TEMPERATURE (F)   73        68      1974


SUNRISE AND SUNSET
JULY 30 2016..........SUNRISE   644 AM EDT   SUNSET   813 PM EDT
JULY 31 2016..........SUNRISE   645 AM EDT   SUNSET   813 PM EDT


-  INDICATES NEGATIVE NUMBERS.
R  INDICATES RECORD WAS SET OR TIED.
MM INDICATES DATA IS MISSING.
T  INDICATES TRACE AMOUNT.




$$
