000
CDUS43 KDVN 230930
CLIMLI


CLIMATE REPORT
NATIONAL WEATHER SERVICE QUAD CITIES IA IL
427 AM CDT MON OCT 23 2017


...................................

...THE MOLINE IL CLIMATE SUMMARY FOR OCTOBER 22 2017...

CLIMATE NORMAL PERIOD 1981 TO 2010
CLIMATE RECORD PERIOD 1872 TO 2017


WEATHER ITEM   OBSERVED TIME   RECORD YEAR NORMAL DEPARTURE LAST
                VALUE   (LST)  VALUE       VALUE  FROM      YEAR
                                                  NORMAL
..................................................................
TEMPERATURE (F)
 YESTERDAY
  MAXIMUM         71   1200 AM  84    1963  62      9       69
                                      1947
                                      1927
  MINIMUM         49   1112 PM  21    1976  41      8       38
  AVERAGE         60                        51      9       54

PRECIPITATION (IN)
  YESTERDAY        0.33          1.94 1941   0.10   0.23     0.00
  MONTH TO DATE    6.07                      2.09   3.98     1.53
  SINCE SEP 1      8.46                      5.18   3.28     2.75
  SINCE JAN 1     34.58                     32.34   2.24    32.17

SNOWFALL (IN)
  YESTERDAY        0.0          MM      MM   0.0    0.0      0.0
  MONTH TO DATE    0.0                       0.0    0.0      0.0
  SINCE SEP 1      0.0                       0.0    0.0      0.0
  SINCE JUL 1      0.0                       0.0    0.0      0.0
  SNOW DEPTH       0

DEGREE DAYS
 HEATING
  YESTERDAY        5                        14     -9       11
  MONTH TO DATE   72                       236   -164      132
  SINCE SEP 1    120                       332   -212      149
  SINCE JUL 1    121                       340   -219      150

 COOLING
  YESTERDAY        0                         0      0        0
  MONTH TO DATE   33                        11     22       43
  SINCE SEP 1    182                       117     65      232
  SINCE JAN 1    993                      1000     -7     1305
..................................................................


WIND (MPH)
  HIGHEST WIND SPEED    20   HIGHEST WIND DIRECTION    NW (300)
  HIGHEST GUST SPEED    24   HIGHEST GUST DIRECTION    NW (330)
  AVERAGE WIND SPEED     5.1


SKY COVER
  POSSIBLE SUNSHINE  MM
  AVERAGE SKY COVER 0.7


WEATHER CONDITIONS
 THE FOLLOWING WEATHER WAS RECORDED YESTERDAY.
  HEAVY RAIN
  RAIN
  LIGHT RAIN
  FOG


RELATIVE HUMIDITY (PERCENT)
 HIGHEST    93          1100 PM
 LOWEST     61          1200 AM
 AVERAGE    77

..........................................................


THE MOLINE IL CLIMATE NORMALS FOR TODAY
                         NORMAL    RECORD    YEAR
 MAXIMUM TEMPERATURE (F)   61        85      1963
 MINIMUM TEMPERATURE (F)   40        23      1981


SUNRISE AND SUNSET
OCTOBER 23 2017.......SUNRISE   723 AM CDT   SUNSET   609 PM CDT
OCTOBER 24 2017.......SUNRISE   725 AM CDT   SUNSET   607 PM CDT


-  INDICATES NEGATIVE NUMBERS.
R  INDICATES RECORD WAS SET OR TIED.
MM INDICATES DATA IS MISSING.
T  INDICATES TRACE AMOUNT.




$$
