000
CDUS43 KDVN 202225
CLIMLI


CLIMATE REPORT
NATIONAL WEATHER SERVICE QUAD CITIES IA IL
421 PM CST MON FEB 20 2017


...................................

...THE MOLINE IL CLIMATE SUMMARY FOR FEBRUARY 20 2017...
VALID TODAY AS OF 0400 PM LOCAL TIME.

CLIMATE NORMAL PERIOD 1981 TO 2010
CLIMATE RECORD PERIOD 1872 TO 2017


WEATHER ITEM   OBSERVED TIME   RECORD YEAR NORMAL DEPARTURE LAST
                VALUE   (LST)  VALUE       VALUE  FROM      YEAR
                                                  NORMAL
..................................................................
TEMPERATURE (F)
 TODAY
  MAXIMUM         73R   352 PM  65    1930  37     36       59
  MINIMUM         48    449 AM -11    1929  20     28       38
  AVERAGE         61                        29     32       49

PRECIPITATION (IN)
  TODAY            0.00          1.33 1953   0.07  -0.07     0.00
  MONTH TO DATE    0.26                      1.03  -0.77     0.88
  SINCE DEC 1      3.38                      4.70  -1.32     5.52
  SINCE JAN 1      1.76                      2.52  -0.76     1.32

SNOWFALL (IN)
  TODAY            0.0          MM      MM   0.2   -0.2      0.0
  MONTH TO DATE    1.3                       5.2   -3.9      6.3
  SINCE DEC 1     15.5                      23.9   -8.4     11.3
  SINCE JUL 1     15.5                      25.1   -9.6     21.2
  SNOW DEPTH       0

DEGREE DAYS
 HEATING
  TODAY            4                        36    -32       16
  MONTH TO DATE  577                       788   -211      739
  SINCE DEC 1   2868                      3291   -423     2807
  SINCE JUL 1   3649                      4522   -873     3770

 COOLING
  TODAY            0                         0      0        0
  MONTH TO DATE    0                         0      0        0
  SINCE DEC 1      0                         0      0        0
  SINCE JAN 1      0                         0      0        0
..................................................................


WIND (MPH)
  HIGHEST WIND SPEED    25   HIGHEST WIND DIRECTION    SE (150)
  HIGHEST GUST SPEED    31   HIGHEST GUST DIRECTION    SE (150)
  AVERAGE WIND SPEED    10.0


SKY COVER
  POSSIBLE SUNSHINE  MM
  AVERAGE SKY COVER 0.4


WEATHER CONDITIONS
 THE FOLLOWING WEATHER WAS RECORDED TODAY.
  FOG
  HAZE


RELATIVE HUMIDITY (PERCENT)
 HIGHEST    89           700 AM
 LOWEST     46           400 PM
 AVERAGE    68

..........................................................


THE MOLINE IL CLIMATE NORMALS FOR TOMORROW
                         NORMAL    RECORD    YEAR
 MAXIMUM TEMPERATURE (F)   38        66      1930
 MINIMUM TEMPERATURE (F)   20        -8      1963


SUNRISE AND SUNSET
FEBRUARY 20 2017......SUNRISE   650 AM CST   SUNSET   542 PM CST
FEBRUARY 21 2017......SUNRISE   648 AM CST   SUNSET   544 PM CST


-  INDICATES NEGATIVE NUMBERS.
R  INDICATES RECORD WAS SET OR TIED.
MM INDICATES DATA IS MISSING.
T  INDICATES TRACE AMOUNT.




$$
