630
CDUS43 KDVN 211023
CLIMLI


CLIMATE REPORT
NATIONAL WEATHER SERVICE QUAD CITIES IA IL
423 AM CST SUN JAN 21 2018


...................................

...THE MOLINE IL CLIMATE SUMMARY FOR JANUARY 20 2018...

CLIMATE NORMAL PERIOD 1981 TO 2010
CLIMATE RECORD PERIOD 1872 TO 2018


WEATHER ITEM   OBSERVED TIME   RECORD YEAR NORMAL DEPARTURE LAST
                VALUE   (LST)  VALUE       VALUE  FROM      YEAR
                                                  NORMAL
..................................................................
TEMPERATURE (F)
 YESTERDAY
  MAXIMUM         48    106 PM  63    1906  31     17       46
  MINIMUM         25    749 AM -21    1985  14     11       36
  AVERAGE         37                        22     15       41

PRECIPITATION (IN)
  YESTERDAY        0.00          1.83 1904   0.05  -0.05     0.00
  MONTH TO DATE    0.28                      0.99  -0.71     1.35
  SINCE DEC 1      0.80                      3.17  -2.37     2.97
  SINCE JAN 1      0.28                      0.99  -0.71     1.35

SNOWFALL (IN)
  YESTERDAY        0.0          MM      MM   0.3   -0.3      0.0
  MONTH TO DATE    2.2                       6.1   -3.9       T
  SINCE DEC 1     11.8                      15.4   -3.6     13.8
  SINCE JUL 1     11.8                      16.6   -4.8     13.8
  SNOW DEPTH       0

DEGREE DAYS
 HEATING
  YESTERDAY       28                        43    -15       24
  MONTH TO DATE  976                       849    127      779
  SINCE DEC 1   2142                      2039    103     1955
  SINCE JUL 1   3215                      3270    -55     2736

 COOLING
  YESTERDAY        0                         0      0        0
  MONTH TO DATE    0                         0      0        0
  SINCE DEC 1      0                         0      0        0
  SINCE JAN 1      0                         0      0        0
..................................................................


WIND (MPH)
  HIGHEST WIND SPEED    16   HIGHEST WIND DIRECTION    SW (220)
  HIGHEST GUST SPEED    18   HIGHEST GUST DIRECTION    SW (220)
  AVERAGE WIND SPEED     5.6


SKY COVER
  POSSIBLE SUNSHINE  MM
  AVERAGE SKY COVER 0.4


WEATHER CONDITIONS
 THE FOLLOWING WEATHER WAS RECORDED YESTERDAY.
  FOG
  HAZE


RELATIVE HUMIDITY (PERCENT)
 HIGHEST    92           600 AM
 LOWEST     64          1200 AM
 AVERAGE    78

..........................................................


THE MOLINE IL CLIMATE NORMALS FOR TODAY
                         NORMAL    RECORD    YEAR
 MAXIMUM TEMPERATURE (F)   31        64      1957
 MINIMUM TEMPERATURE (F)   14       -21      1970


SUNRISE AND SUNSET
JANUARY 21 2018.......SUNRISE   723 AM CST   SUNSET   505 PM CST
JANUARY 22 2018.......SUNRISE   722 AM CST   SUNSET   506 PM CST


-  INDICATES NEGATIVE NUMBERS.
R  INDICATES RECORD WAS SET OR TIED.
MM INDICATES DATA IS MISSING.
T  INDICATES TRACE AMOUNT.




$$
