000
CDUS43 KDVN 271026
CLIMLI


CLIMATE REPORT
NATIONAL WEATHER SERVICE QUAD CITIES IA IL
424 AM CST THU NOV 27 2014


...................................

...THE MOLINE IL CLIMATE SUMMARY FOR NOVEMBER 26 2014...

CLIMATE NORMAL PERIOD 1981 TO 2010
CLIMATE RECORD PERIOD 1872 TO 2014


WEATHER ITEM   OBSERVED TIME   RECORD YEAR NORMAL DEPARTURE LAST
                VALUE   (LST)  VALUE       VALUE  FROM      YEAR
                                                  NORMAL
..................................................................
TEMPERATURE (F)
 YESTERDAY
  MAXIMUM         29    530 PM  70    1990  43    -14       33
  MINIMUM         11    217 AM  -6    1977  26    -15       16
  AVERAGE         20                        34    -14       25

PRECIPITATION (IN)
  YESTERDAY        T             0.91 1965   0.08  -0.08     0.00
  MONTH TO DATE    1.57                      2.23  -0.66     1.22
  SINCE SEP 1     10.00                      8.29   1.71     5.41
  SINCE JAN 1     38.57                     35.45   3.12    38.02

SNOWFALL (IN)
  YESTERDAY        T            MM      MM   0.1   -0.1      0.0
  MONTH TO DATE    4.4                       0.8    3.6      0.6
  SINCE SEP 1      4.4                       0.8    3.6      1.0
  SINCE JUL 1      4.4                       0.8    3.6      1.0
  SNOW DEPTH       1

DEGREE DAYS
 HEATING
  YESTERDAY       45                        31     14       40
  MONTH TO DATE  835                       621    214      695
  SINCE SEP 1   1360                      1095    265     1183
  SINCE JUL 1   1365                      1103    262     1194

 COOLING
  YESTERDAY        0                         0      0        0
  MONTH TO DATE    0                         0      0        0
  SINCE SEP 1     73                       120    -47      184
  SINCE JAN 1    839                      1003   -164      998
..................................................................


WIND (MPH)
  HIGHEST WIND SPEED    18   HIGHEST WIND DIRECTION     E (100)
  HIGHEST GUST SPEED    22   HIGHEST GUST DIRECTION     E (90)
  AVERAGE WIND SPEED     9.0


SKY COVER
  POSSIBLE SUNSHINE  MM
  AVERAGE SKY COVER 0.6


WEATHER CONDITIONS
 THE FOLLOWING WEATHER WAS RECORDED YESTERDAY.
  LIGHT SNOW
  FOG
  HAZE


RELATIVE HUMIDITY (PERCENT)
 HIGHEST    88          1200 AM
 LOWEST     69           800 PM
 AVERAGE    79

..........................................................


THE MOLINE IL CLIMATE NORMALS FOR TODAY
                         NORMAL    RECORD    YEAR
 MAXIMUM TEMPERATURE (F)   43        70      1909
 MINIMUM TEMPERATURE (F)   25         1      1887


SUNRISE AND SUNSET
NOVEMBER 27 2014......SUNRISE   705 AM CST   SUNSET   435 PM CST
NOVEMBER 28 2014......SUNRISE   706 AM CST   SUNSET   434 PM CST


-  INDICATES NEGATIVE NUMBERS.
R  INDICATES RECORD WAS SET OR TIED.
MM INDICATES DATA IS MISSING.
T  INDICATES TRACE AMOUNT.




$$
