000
CDUS43 KDVN 061008
CLIMLI


CLIMATE REPORT
NATIONAL WEATHER SERVICE QUAD CITIES IA IL
407 AM CST SAT FEB 6 2016


...................................

...THE MOLINE IL CLIMATE SUMMARY FOR FEBRUARY 5 2016...

CLIMATE NORMAL PERIOD 1981 TO 2010
CLIMATE RECORD PERIOD 1872 TO 2016


WEATHER ITEM   OBSERVED TIME   RECORD YEAR NORMAL DEPARTURE LAST
                VALUE   (LST)  VALUE       VALUE  FROM      YEAR
                                                  NORMAL
..................................................................
TEMPERATURE (F)
 YESTERDAY
  MAXIMUM         32    420 PM  63    1946  33     -1       14
  MINIMUM         26    923 PM -21    1979  15     11      -12
  AVERAGE         29                        24      5        1

PRECIPITATION (IN)
  YESTERDAY        0.00          1.21 1911   0.04  -0.04     0.00
  MONTH TO DATE    0.60                      0.22   0.38     1.09
  SINCE DEC 1      5.24                      3.89   1.35     3.36
  SINCE JAN 1      1.04                      1.71  -0.67     2.64

SNOWFALL (IN)
  YESTERDAY        0.0          MM      MM   0.2   -0.2      0.0
  MONTH TO DATE    0.6                       1.4   -0.8     14.5
  SINCE DEC 1      5.6                      20.1  -14.5     29.6
  SINCE JUL 1     15.5                      21.3   -5.8     34.2
  SNOW DEPTH       0

DEGREE DAYS
 HEATING
  YESTERDAY       36                        41     -5       64
  MONTH TO DATE  176                       207    -31      266
  SINCE DEC 1   2244                      2710   -466     2612
  SINCE JUL 1   3207                      3941   -734     4117

 COOLING
  YESTERDAY        0                         0      0        0
  MONTH TO DATE    0                         0      0        0
  SINCE DEC 1      0                         0      0        0
  SINCE JAN 1      0                         0      0        0
..................................................................


WIND (MPH)
  HIGHEST WIND SPEED    18   HIGHEST WIND DIRECTION    NW (310)
  HIGHEST GUST SPEED    25   HIGHEST GUST DIRECTION     W (280)
  AVERAGE WIND SPEED     4.8


SKY COVER
  POSSIBLE SUNSHINE  MM
  AVERAGE SKY COVER 0.8


WEATHER CONDITIONS
 THE FOLLOWING WEATHER WAS RECORDED YESTERDAY.
  NO SIGNIFICANT WEATHER WAS OBSERVED.


RELATIVE HUMIDITY (PERCENT)
 HIGHEST    81          1200 AM
 LOWEST     54           400 PM
 AVERAGE    68

..........................................................


THE MOLINE IL CLIMATE NORMALS FOR TODAY
                         NORMAL    RECORD    YEAR
 MAXIMUM TEMPERATURE (F)   33        62      1882
 MINIMUM TEMPERATURE (F)   16       -16      1982


SUNRISE AND SUNSET
FEBRUARY  6 2016......SUNRISE   709 AM CST   SUNSET   524 PM CST
FEBRUARY  7 2016......SUNRISE   708 AM CST   SUNSET   525 PM CST


-  INDICATES NEGATIVE NUMBERS.
R  INDICATES RECORD WAS SET OR TIED.
MM INDICATES DATA IS MISSING.
T  INDICATES TRACE AMOUNT.




$$
