000
CDUS43 KDVN 200918
CLIMLI


CLIMATE REPORT
NATIONAL WEATHER SERVICE QUAD CITIES IA IL
417 AM CDT MON OCT 20 2014


...................................

...THE MOLINE IL CLIMATE SUMMARY FOR OCTOBER 19 2014...

CLIMATE NORMAL PERIOD 1981 TO 2010
CLIMATE RECORD PERIOD 1872 TO 2014


WEATHER ITEM   OBSERVED TIME   RECORD YEAR NORMAL DEPARTURE LAST
                VALUE   (LST)  VALUE       VALUE  FROM      YEAR
                                                  NORMAL
..................................................................
TEMPERATURE (F)
 YESTERDAY
  MAXIMUM         62    308 PM  84    1953  63     -1       56
  MINIMUM         32    651 AM  20    1992  42    -10       35
  AVERAGE         47                        52     -5       46

PRECIPITATION (IN)
  YESTERDAY        0.00          1.30 1982   0.10  -0.10     0.00
  MONTH TO DATE    2.80                      1.79   1.01     0.94
  SINCE SEP 1      8.43                      4.88   3.55     1.90
  SINCE JAN 1     37.00                     32.04   4.96    34.51

SNOWFALL (IN)
  YESTERDAY        0.0          MM      MM   0.0    0.0      0.0
  MONTH TO DATE    T                         0.0    0.0      0.0
  SINCE SEP 1      T                         0.0    0.0      0.0
  SINCE JUL 1      T                         0.0    0.0      0.0
  SNOW DEPTH       0

DEGREE DAYS
 HEATING
  YESTERDAY       18                        13      5       19
  MONTH TO DATE  231                       195     36      158
  SINCE SEP 1    350                       291     59      225
  SINCE JUL 1    355                       299     56      236

 COOLING
  YESTERDAY        0                         0      0        0
  MONTH TO DATE    0                        11    -11       27
  SINCE SEP 1     70                       117    -47      184
  SINCE JAN 1    836                      1000   -164      998
..................................................................


WIND (MPH)
  HIGHEST WIND SPEED    17   HIGHEST WIND DIRECTION    SW (230)
  HIGHEST GUST SPEED    23   HIGHEST GUST DIRECTION     S (190)
  AVERAGE WIND SPEED     6.5


SKY COVER
  POSSIBLE SUNSHINE  MM
  AVERAGE SKY COVER 0.1


WEATHER CONDITIONS
 THE FOLLOWING WEATHER WAS RECORDED YESTERDAY.
  FOG


RELATIVE HUMIDITY (PERCENT)
 HIGHEST    96          1200 AM
 LOWEST     48           300 PM
 AVERAGE    72

..........................................................


THE MOLINE IL CLIMATE NORMALS FOR TODAY
                         NORMAL    RECORD    YEAR
 MAXIMUM TEMPERATURE (F)   63        86      1947
 MINIMUM TEMPERATURE (F)   41        22      1952


SUNRISE AND SUNSET
OCTOBER 20 2014.......SUNRISE   720 AM CDT   SUNSET   613 PM CDT
OCTOBER 21 2014.......SUNRISE   721 AM CDT   SUNSET   612 PM CDT


-  INDICATES NEGATIVE NUMBERS.
R  INDICATES RECORD WAS SET OR TIED.
MM INDICATES DATA IS MISSING.
T  INDICATES TRACE AMOUNT.




$$
