000
CDUS45 KBYZ 242226
CLIMLS


CLIMATE REPORT
NATIONAL WEATHER SERVICE BILLINGS MT
423 PM MDT SAT SEP 24 2016


...................................

...THE MILES CITY MT CLIMATE SUMMARY FOR SEPTEMBER 24 2016...
VALID TODAY AS OF 0400 PM LOCAL TIME.

CLIMATE NORMAL PERIOD 1981 TO 2010
CLIMATE RECORD PERIOD 1937 TO 2016


WEATHER ITEM   OBSERVED TIME   RECORD YEAR NORMAL DEPARTURE LAST
                VALUE   (LST)  VALUE       VALUE  FROM      YEAR
                                                  NORMAL
..................................................................
TEMPERATURE (F)
 TODAY
  MAXIMUM         53   1224 AM  94    1938  70    -17       88
  MINIMUM         50    259 PM  26    2000  42      8       46
  AVERAGE         52                        56     -4       67

PRECIPITATION (IN)
  TODAY            1.23R         0.40 1976   0.04   1.19     0.00
  MONTH TO DATE    2.71                      0.85   1.86     0.18
  SINCE OCT 1     14.63                     12.21   2.42     8.25
  SINCE JAN 1     13.37                     10.61   2.76     7.24

DEGREE DAYS
 HEATING
  TODAY           13                        10      3        0
  MONTH TO DATE  126                       136    -10       46
  SINCE SEP 1    126                       136    -10       46
  SINCE JUL 1    140                       170    -30       87

 COOLING
  TODAY            0                         1     -1        2
  MONTH TO DATE   48                        55     -7       60
  SINCE SEP 1     48                        55     -7       60
  SINCE JAN 1    859                       727    132      799
..................................................................


WIND (MPH)
  HIGHEST WIND SPEED    30   HIGHEST WIND DIRECTION    NW (330)
  HIGHEST GUST SPEED    36   HIGHEST GUST DIRECTION     N (340)
  AVERAGE WIND SPEED    15.2


SKY COVER
  POSSIBLE SUNSHINE  MM
  AVERAGE SKY COVER 0.9


WEATHER CONDITIONS
 THE FOLLOWING WEATHER WAS RECORDED TODAY.
  THUNDERSTORM
  HEAVY RAIN
  RAIN
  LIGHT RAIN
  FOG


RELATIVE HUMIDITY (PERCENT)
 HIGHEST    96           800 AM
 LOWEST     86           200 PM
 AVERAGE    91

..........................................................


THE MILES CITY MT CLIMATE NORMALS FOR TOMORROW
                         NORMAL    RECORD    YEAR
 MAXIMUM TEMPERATURE (F)   69        97      2015
                                             2014
 MINIMUM TEMPERATURE (F)   42        24      1942


SUNRISE AND SUNSET
SEPTEMBER 24 2016.....SUNRISE   654 AM MDT   SUNSET   656 PM MDT
SEPTEMBER 25 2016.....SUNRISE   655 AM MDT   SUNSET   654 PM MDT


-  INDICATES NEGATIVE NUMBERS.
R  INDICATES RECORD WAS SET OR TIED.
MM INDICATES DATA IS MISSING.
T  INDICATES TRACE AMOUNT.





&&

THIS IS AN AUTOMATED...UNATTENDED WEATHER STATION AND MAY
UNDERESTIMATE WINTER PRECIPITATION.

$$
