000
CDUS45 KBYZ 040934
CLIMLS


CLIMATE REPORT
NATIONAL WEATHER SERVICE BILLINGS MT
333 AM MDT TUE AUG 4 2015


...................................

...THE MILES CITY MT CLIMATE SUMMARY FOR AUGUST 3 2015...

CLIMATE NORMAL PERIOD 1981 TO 2010
CLIMATE RECORD PERIOD 1937 TO 2015


WEATHER ITEM   OBSERVED TIME   RECORD YEAR NORMAL DEPARTURE LAST
                VALUE   (LST)  VALUE       VALUE  FROM      YEAR
                                                  NORMAL
..................................................................
TEMPERATURE (F)
 YESTERDAY
  MAXIMUM         93    354 PM 106    1947  90      3       92
  MINIMUM         59    539 AM  44    1978  61     -2       68
  AVERAGE         76                        75      1       80

PRECIPITATION (IN)
  YESTERDAY        0.00          0.86 1942   0.04  -0.04     0.00
  MONTH TO DATE    0.00                      0.12  -0.12     0.00
  SINCE OCT 1      7.31                     10.57  -3.26    11.45
  SINCE JAN 1      6.30                      8.97  -2.67     9.77

DEGREE DAYS
 HEATING
  YESTERDAY        0                         0      0        0
  MONTH TO DATE    0                         0      0        0
  SINCE JUN 1     25                       101    -76       95
  SINCE JUL 1      0                        12    -12        1

 COOLING
  YESTERDAY       11                        11      0       15
  MONTH TO DATE   34                        33      1       39
  SINCE JUN 1    492                       428     64      360
  SINCE JAN 1    493                       448     45      394
..................................................................


WIND (MPH)
  HIGHEST WIND SPEED    16   HIGHEST WIND DIRECTION     S (160)
  HIGHEST GUST SPEED    21   HIGHEST GUST DIRECTION     E (70)
  AVERAGE WIND SPEED     9.2


SKY COVER
  POSSIBLE SUNSHINE  MM
  AVERAGE SKY COVER 0.0


WEATHER CONDITIONS
 THE FOLLOWING WEATHER WAS RECORDED YESTERDAY.
  NO SIGNIFICANT WEATHER WAS OBSERVED.


RELATIVE HUMIDITY (PERCENT)
 HIGHEST    64           600 AM
 LOWEST     20           400 PM
 AVERAGE    42

..........................................................


THE MILES CITY MT CLIMATE NORMALS FOR TODAY
                         NORMAL    RECORD    YEAR
 MAXIMUM TEMPERATURE (F)   90       105      1964
 MINIMUM TEMPERATURE (F)   61        47      1952


SUNRISE AND SUNSET
AUGUST  4 2015........SUNRISE   548 AM MDT   SUNSET   830 PM MDT
AUGUST  5 2015........SUNRISE   549 AM MDT   SUNSET   829 PM MDT


-  INDICATES NEGATIVE NUMBERS.
R  INDICATES RECORD WAS SET OR TIED.
MM INDICATES DATA IS MISSING.
T  INDICATES TRACE AMOUNT.





&&

THIS IS AN AUTOMATED...UNATTENDED WEATHER STATION AND MAY
UNDERESTIMATE WINTER PRECIPITATION.

$$
