000
CDUS45 KBYZ 040941
CLIMLS


CLIMATE REPORT
NATIONAL WEATHER SERVICE BILLINGS MT
340 AM MDT SAT JUL 4 2015


...................................

...THE MILES CITY MT CLIMATE SUMMARY FOR JULY 3 2015...

CLIMATE NORMAL PERIOD 1981 TO 2010
CLIMATE RECORD PERIOD 1937 TO 2015


WEATHER ITEM   OBSERVED TIME   RECORD YEAR NORMAL DEPARTURE LAST
                VALUE   (LST)  VALUE       VALUE  FROM      YEAR
                                                  NORMAL
..................................................................
TEMPERATURE (F)
 YESTERDAY
  MAXIMUM         91    519 PM 104    2012  85      6       88
  MINIMUM         57    444 AM  44    1972  57      0       55
  AVERAGE         74                        71      3       72

PRECIPITATION (IN)
  YESTERDAY        0.00          1.23 1993   0.06  -0.06     0.00
  MONTH TO DATE    T                         0.18  -0.18     0.03
  SINCE OCT 1      6.41                      8.99  -2.58    11.39
  SINCE JAN 1      5.40                      7.39  -1.99     9.71

DEGREE DAYS
 HEATING
  YESTERDAY        0                         1     -1        0
  MONTH TO DATE    0                         3     -3        0
  SINCE JUN 1     25                        92    -67       94
  SINCE JUL 1      0                         3     -3        0

 COOLING
  YESTERDAY        9                         7      2        7
  MONTH TO DATE   26                        21      5       11
  SINCE JUN 1    188                       128     60       48
  SINCE JAN 1    189                       148     41       82
..................................................................


WIND (MPH)
  HIGHEST WIND SPEED    12   HIGHEST WIND DIRECTION     S (170)
  HIGHEST GUST SPEED    16   HIGHEST GUST DIRECTION     S (170)
  AVERAGE WIND SPEED     3.8


SKY COVER
  POSSIBLE SUNSHINE  MM
  AVERAGE SKY COVER 0.0


WEATHER CONDITIONS
 THE FOLLOWING WEATHER WAS RECORDED YESTERDAY.
  HAZE


RELATIVE HUMIDITY (PERCENT)
 HIGHEST    86           400 AM
 LOWEST     24           500 PM
 AVERAGE    55

..........................................................


THE MILES CITY MT CLIMATE NORMALS FOR TODAY
                         NORMAL    RECORD    YEAR
 MAXIMUM TEMPERATURE (F)   86       104      1937
 MINIMUM TEMPERATURE (F)   58        44      1972
                                             1890


SUNRISE AND SUNSET
JULY  4 2015..........SUNRISE   517 AM MDT   SUNSET   859 PM MDT
JULY  5 2015..........SUNRISE   517 AM MDT   SUNSET   858 PM MDT


-  INDICATES NEGATIVE NUMBERS.
R  INDICATES RECORD WAS SET OR TIED.
MM INDICATES DATA IS MISSING.
T  INDICATES TRACE AMOUNT.





&&

THIS IS AN AUTOMATED...UNATTENDED WEATHER STATION AND MAY
UNDERESTIMATE WINTER PRECIPITATION.

$$
