000
CDUS45 KBYZ 010934
CLIMLS


CLIMATE REPORT
NATIONAL WEATHER SERVICE BILLINGS MT
333 AM MDT WED OCT 1 2014


...................................

...THE MILES CITY MT CLIMATE SUMMARY FOR SEPTEMBER 30 2014...

CLIMATE NORMAL PERIOD 1981 TO 2010
CLIMATE RECORD PERIOD 1937 TO 2014


WEATHER ITEM   OBSERVED TIME   RECORD YEAR NORMAL DEPARTURE LAST
                VALUE   (LST)  VALUE       VALUE  FROM      YEAR
                                                  NORMAL
..................................................................
TEMPERATURE (F)
 YESTERDAY
  MAXIMUM         65    331 PM  93    1989  67     -2       72
  MINIMUM         50    612 AM  21    1985  40     10       42
  AVERAGE         58                        53      5       57

PRECIPITATION (IN)
  YESTERDAY        T             1.00 1977   0.03  -0.03     0.09
  MONTH TO DATE    0.29                      1.08  -0.79     1.59
  SINCE OCT 1     13.96                     12.44   1.52    16.96
  SINCE JAN 1     12.28                     10.84   1.44    15.43

SNOWFALL (IN)
  YESTERDAY       MM
  MONTH TO DATE   MM
  SINCE SEP 1     MM
  SINCE JUL 1     MM
  SNOW DEPTH      MM

DEGREE DAYS
 HEATING
  YESTERDAY        7                        12     -5        8
  MONTH TO DATE  192                       202    -10      103
  SINCE SEP 1    192                       202    -10      103
  SINCE JUL 1    226                       236    -10      103

 COOLING
  YESTERDAY        0                         0      0        0
  MONTH TO DATE   53                        56     -3      142
  SINCE SEP 1     53                        56     -3      142
  SINCE JAN 1    648                       728    -80      877
..................................................................


WIND (MPH)
  HIGHEST WIND SPEED    24   HIGHEST WIND DIRECTION    NW (320)
  HIGHEST GUST SPEED    31   HIGHEST GUST DIRECTION    NW (310)
  AVERAGE WIND SPEED     9.4


SKY COVER
  POSSIBLE SUNSHINE  MM
  AVERAGE SKY COVER 0.8


WEATHER CONDITIONS
 THE FOLLOWING WEATHER WAS RECORDED YESTERDAY.
  LIGHT RAIN


RELATIVE HUMIDITY (PERCENT)
 HIGHEST    96           500 AM
 LOWEST     52           300 PM
 AVERAGE    74

..........................................................


THE MILES CITY MT CLIMATE NORMALS FOR TODAY
                         NORMAL    RECORD    YEAR
 MAXIMUM TEMPERATURE (F)   66        95      2011
 MINIMUM TEMPERATURE (F)   39        23      2004


SUNRISE AND SUNSET
OCTOBER  1 2014.......SUNRISE   702 AM MDT   SUNSET   643 PM MDT
OCTOBER  2 2014.......SUNRISE   703 AM MDT   SUNSET   641 PM MDT


-  INDICATES NEGATIVE NUMBERS.
R  INDICATES RECORD WAS SET OR TIED.
MM INDICATES DATA IS MISSING.
T  INDICATES TRACE AMOUNT.





&&

THIS IS AN AUTOMATED...UNATTENDED WEATHER STATION AND MAY
UNDERESTIMATE WINTER PRECIPITATION.

$$
