000
CDUS45 KBYZ 280934
CLIMLS


CLIMATE REPORT
NATIONAL WEATHER SERVICE BILLINGS MT
333 AM MDT SUN AUG 28 2016


...................................

...THE MILES CITY MT CLIMATE SUMMARY FOR AUGUST 27 2016...

CLIMATE NORMAL PERIOD 1981 TO 2010
CLIMATE RECORD PERIOD 1937 TO 2016


WEATHER ITEM   OBSERVED TIME   RECORD YEAR NORMAL DEPARTURE LAST
                VALUE   (LST)  VALUE       VALUE  FROM      YEAR
                                                  NORMAL
..................................................................
TEMPERATURE (F)
 YESTERDAY
  MAXIMUM         87    357 PM 102    1997  84      3       93
  MINIMUM         48    452 AM  44    1988  55     -7       65
  AVERAGE         68                        69     -1       79

PRECIPITATION (IN)
  YESTERDAY        0.00          0.38 1977   0.03  -0.03     0.00
  MONTH TO DATE    0.77                      0.81  -0.04     0.64
  SINCE OCT 1     11.92                     11.26   0.66     7.95
  SINCE JAN 1     10.66                      9.66   1.00     6.94

DEGREE DAYS
 HEATING
  YESTERDAY        0                         1     -1        0
  MONTH TO DATE   12                        11      1       41
  SINCE JUN 1     23                       112    -89       66
  SINCE JUL 1     14                        23     -9       41

 COOLING
  YESTERDAY        3                         6     -3       14
  MONTH TO DATE  199                       237    -38      242
  SINCE JUN 1    734                       632    102      700
  SINCE JAN 1    758                       652    106      701
..................................................................


WIND (MPH)
  HIGHEST WIND SPEED    20   HIGHEST WIND DIRECTION     W (250)
  HIGHEST GUST SPEED    25   HIGHEST GUST DIRECTION    SW (230)
  AVERAGE WIND SPEED     7.6


SKY COVER
  POSSIBLE SUNSHINE  MM
  AVERAGE SKY COVER 0.0


WEATHER CONDITIONS
 THE FOLLOWING WEATHER WAS RECORDED YESTERDAY.
  NO SIGNIFICANT WEATHER WAS OBSERVED.


RELATIVE HUMIDITY (PERCENT)
 HIGHEST    80           400 AM
 LOWEST     14           400 PM
 AVERAGE    47

..........................................................


THE MILES CITY MT CLIMATE NORMALS FOR TODAY
                         NORMAL    RECORD    YEAR
 MAXIMUM TEMPERATURE (F)   84       102      2012
 MINIMUM TEMPERATURE (F)   54        43      1960


SUNRISE AND SUNSET
AUGUST 28 2016........SUNRISE   619 AM MDT   SUNSET   749 PM MDT
AUGUST 29 2016........SUNRISE   621 AM MDT   SUNSET   747 PM MDT


-  INDICATES NEGATIVE NUMBERS.
R  INDICATES RECORD WAS SET OR TIED.
MM INDICATES DATA IS MISSING.
T  INDICATES TRACE AMOUNT.





&&

THIS IS AN AUTOMATED...UNATTENDED WEATHER STATION AND MAY
UNDERESTIMATE WINTER PRECIPITATION.

$$
