000
CDUS45 KBYZ 302229
CLIMLS


CLIMATE REPORT
NATIONAL WEATHER SERVICE BILLINGS MT
428 PM MDT SUN APR 30 2017


...................................

...THE MILES CITY MT CLIMATE SUMMARY FOR APRIL 30 2017...
VALID TODAY AS OF 0400 PM LOCAL TIME.

CLIMATE NORMAL PERIOD 1981 TO 2010
CLIMATE RECORD PERIOD 1937 TO 2017


WEATHER ITEM   OBSERVED TIME   RECORD YEAR NORMAL DEPARTURE LAST
                VALUE   (LST)  VALUE       VALUE  FROM      YEAR
                                                  NORMAL
..................................................................
TEMPERATURE (F)
 TODAY
  MAXIMUM         65   1129 AM  88    1968  64      1       61
  MINIMUM         34    511 AM  20    1966  38     -4       42
  AVERAGE         50                        51     -1       52

PRECIPITATION (IN)
  TODAY            0.00          0.98 1944   0.06  -0.06     0.00
  MONTH TO DATE    0.95                      1.37  -0.42     4.36
  SINCE OCT 1      3.07                      4.12  -1.05     6.69
  SINCE JAN 1      1.98                      2.52  -0.54     5.43

DEGREE DAYS
 HEATING
  TODAY           15                        14      1       13
  MONTH TO DATE  497                       571    -74      475
  SINCE MAR 1   1299                      1512   -213     1162
  SINCE JUL 1   6851                      7246   -395     5855

 COOLING
  TODAY            0                         0      0        0
  MONTH TO DATE    0                         1     -1        2
  SINCE MAR 1      0                         1     -1        2
  SINCE JAN 1      0                         1     -1        2
..................................................................


WIND (MPH)
  HIGHEST WIND SPEED    18   HIGHEST WIND DIRECTION     W (270)
  HIGHEST GUST SPEED    24   HIGHEST GUST DIRECTION     W (270)
  AVERAGE WIND SPEED     9.6


SKY COVER
  POSSIBLE SUNSHINE  MM
  AVERAGE SKY COVER 0.2


WEATHER CONDITIONS
 THE FOLLOWING WEATHER WAS RECORDED TODAY.
  NO SIGNIFICANT WEATHER WAS OBSERVED.


RELATIVE HUMIDITY (PERCENT)
 HIGHEST    70           300 AM
 LOWEST     25          1100 AM
 AVERAGE    48

..........................................................


THE MILES CITY MT CLIMATE NORMALS FOR TOMORROW
                         NORMAL    RECORD    YEAR
 MAXIMUM TEMPERATURE (F)   64        89      1981
 MINIMUM TEMPERATURE (F)   38        21      2013


SUNRISE AND SUNSET
APRIL 30 2017.........SUNRISE   550 AM MDT   SUNSET   812 PM MDT
MAY  1 2017...........SUNRISE   549 AM MDT   SUNSET   813 PM MDT


-  INDICATES NEGATIVE NUMBERS.
R  INDICATES RECORD WAS SET OR TIED.
MM INDICATES DATA IS MISSING.
T  INDICATES TRACE AMOUNT.





&&

THIS IS AN AUTOMATED...UNATTENDED WEATHER STATION AND MAY
UNDERESTIMATE WINTER PRECIPITATION.

$$
