000
CDUS45 KBYZ 280812
CLIMLS


CLIMATE REPORT
NATIONAL WEATHER SERVICE BILLINGS MT
211 AM MDT WED JUN 28 2017


...................................

...THE MILES CITY MT CLIMATE SUMMARY FOR JUNE 27 2017...

CLIMATE NORMAL PERIOD 1981 TO 2010
CLIMATE RECORD PERIOD 1937 TO 2017


WEATHER ITEM   OBSERVED TIME   RECORD YEAR NORMAL DEPARTURE LAST
                VALUE   (LST)  VALUE       VALUE  FROM      YEAR
                                                  NORMAL
..................................................................
TEMPERATURE (F)
 YESTERDAY
  MAXIMUM         88   1100 AM 104    2002  83      5       85
  MINIMUM         59   1156 PM  42    1985  56      3       54
  AVERAGE         74                        69      5       70

PRECIPITATION (IN)
  YESTERDAY        T             0.77 1952   0.07  -0.07     0.00
  MONTH TO DATE    0.72                      2.32  -1.60     0.69
  SINCE OCT 1      4.25                      8.62  -4.37     9.81
  SINCE JAN 1      3.16                      7.02  -3.86     8.55

DEGREE DAYS
 HEATING
  YESTERDAY        0                         1     -1        0
  MONTH TO DATE   17                        85    -68        9
  SINCE JUN 1     17                        85    -68        9
  SINCE JUL 1   7114                      7634   -520     6101

 COOLING
  YESTERDAY        9                         6      3        5
  MONTH TO DATE  126                        89     37      169
  SINCE JUN 1    126                        89     37      169
  SINCE JAN 1    147                       109     38      193
..................................................................


WIND (MPH)
  HIGHEST WIND SPEED    35   HIGHEST WIND DIRECTION    NW (320)
  HIGHEST GUST SPEED    44   HIGHEST GUST DIRECTION    NW (320)
  AVERAGE WIND SPEED    12.9


SKY COVER
  POSSIBLE SUNSHINE  MM
  AVERAGE SKY COVER 0.3


WEATHER CONDITIONS
 THE FOLLOWING WEATHER WAS RECORDED YESTERDAY.
  NO SIGNIFICANT WEATHER WAS OBSERVED.


RELATIVE HUMIDITY (PERCENT)
 HIGHEST    67          1100 PM
 LOWEST     21          1100 AM
 AVERAGE    44

..........................................................


THE MILES CITY MT CLIMATE NORMALS FOR TODAY
                         NORMAL    RECORD    YEAR
 MAXIMUM TEMPERATURE (F)   84       105      2002
 MINIMUM TEMPERATURE (F)   56        43      1951


SUNRISE AND SUNSET
JUNE 28 2017..........SUNRISE   514 AM MDT   SUNSET   900 PM MDT
JUNE 29 2017..........SUNRISE   514 AM MDT   SUNSET   900 PM MDT


-  INDICATES NEGATIVE NUMBERS.
R  INDICATES RECORD WAS SET OR TIED.
MM INDICATES DATA IS MISSING.
T  INDICATES TRACE AMOUNT.




$$
