000
CDUS41 KCAR 220526
CLIMLT


CLIMATE REPORT
NATIONAL WEATHER SERVICE CARIBOU, ME
126 AM EDT SAT JUL 22 2017


...................................

...THE MILLINOCKET ME CLIMATE SUMMARY FOR JULY 21 2017...

CLIMATE NORMAL PERIOD 1981 TO 2010
CLIMATE RECORD PERIOD 1903 TO 2017


WEATHER ITEM   OBSERVED TIME   RECORD YEAR NORMAL DEPARTURE LAST
                VALUE   (LST)  VALUE       VALUE  FROM      YEAR
                                                  NORMAL
..................................................................
TEMPERATURE (F)
 YESTERDAY
  MAXIMUM         86    326 PM  96    1991  79      7       83
  MINIMUM         60   1159 PM  44    1912  58      2       61
  AVERAGE         73                        68      5       72

PRECIPITATION (IN)
  YESTERDAY        0.13          1.58 1975   0.12   0.01     0.00
  MONTH TO DATE    1.38                      2.72  -1.34     2.08
  SINCE JUN 1      7.54                      6.79   0.75     5.00
  SINCE JAN 1     23.22                     21.86   1.36    18.61

SNOWFALL (IN)
  YESTERDAY       MM            MM      MM  MM     MM       MM
  MONTH TO DATE   MM                        MM     MM       MM
  SINCE JUN 1     MM                        MM     MM       MM
  SINCE JUL 1     MM                        MM     MM       MM
  SNOW DEPTH      MM

DEGREE DAYS
 HEATING
  YESTERDAY        0                         1     -1        0
  MONTH TO DATE   13                        21     -8       33
  SINCE JUN 1    133                       137     -4      149
  SINCE JUL 1     13                        21     -8       33

 COOLING
  YESTERDAY        8                         4      4        7
  MONTH TO DATE   84                        81      3       79
  SINCE JUN 1    136                       130      6      105
  SINCE JAN 1    145                       136      9      111
..................................................................


WIND (MPH)
  HIGHEST WIND SPEED    22   HIGHEST WIND DIRECTION    NW (320)
  HIGHEST GUST SPEED    31   HIGHEST GUST DIRECTION    NW (320)
  AVERAGE WIND SPEED     5.4


SKY COVER
  POSSIBLE SUNSHINE  MM
  AVERAGE SKY COVER 0.1


WEATHER CONDITIONS
 THE FOLLOWING WEATHER WAS RECORDED YESTERDAY.
  LIGHT RAIN
  FOG


RELATIVE HUMIDITY (PERCENT)
 HIGHEST   100          1200 AM
 LOWEST     37           300 PM
 AVERAGE    69

..........................................................


THE MILLINOCKET ME CLIMATE NORMALS FOR TODAY
                         NORMAL    RECORD    YEAR
 MAXIMUM TEMPERATURE (F)   79        93      1994
 MINIMUM TEMPERATURE (F)   58        42      1905


SUNRISE AND SUNSET
JULY 22 2017..........SUNRISE   507 AM EDT   SUNSET   815 PM EDT
JULY 23 2017..........SUNRISE   508 AM EDT   SUNSET   813 PM EDT


-  INDICATES NEGATIVE NUMBERS.
R  INDICATES RECORD WAS SET OR TIED.
MM INDICATES DATA IS MISSING.
T  INDICATES TRACE AMOUNT.




$$
