000
CDUS41 KCAR 310529
CLIMLT


CLIMATE REPORT
NATIONAL WEATHER SERVICE CARIBOU, ME
129 AM EDT TUE MAY 31 2016


...................................

...THE MILLINOCKET ME CLIMATE SUMMARY FOR MAY 30 2016...

CLIMATE NORMAL PERIOD 1981 TO 2010
CLIMATE RECORD PERIOD 1903 TO 2016


WEATHER ITEM   OBSERVED TIME   RECORD YEAR NORMAL DEPARTURE LAST
                VALUE   (LST)  VALUE       VALUE  FROM      YEAR
                                                  NORMAL
..................................................................
TEMPERATURE (F)
 YESTERDAY
  MAXIMUM         72    539 PM  93    1978  69      3       85
  MINIMUM         46    338 AM  31    1915  46      0       59
  AVERAGE         59                        58      1       72

PRECIPITATION (IN)
  YESTERDAY        0.03          1.02 1908   0.11  -0.08     0.09
  MONTH TO DATE    2.28                      3.21  -0.93     4.26
  SINCE MAR 1      8.30                      9.83  -1.53     8.18
  SINCE JAN 1     13.61                     14.94  -1.33    11.41

SNOWFALL (IN)
  YESTERDAY       MM            MM      MM  MM     MM       MM
  MONTH TO DATE   MM                        MM     MM       MM
  SINCE MAR 1     MM                        MM     MM       MM
  SINCE JUL 1     MM                        MM     MM       MM
  SNOW DEPTH      MM

DEGREE DAYS
 HEATING
  YESTERDAY        6                         8     -2        0
  MONTH TO DATE  321                       362    -41      231
  SINCE MAR 1   2195                      2231    -36     2238
  SINCE JUL 1   7159                      8283  -1124     8283

 COOLING
  YESTERDAY        0                         0      0        7
  MONTH TO DATE    2                         0      2       34
  SINCE MAR 1      2                         0      2       34
  SINCE JAN 1      2                         0      2       34
..................................................................


WIND (MPH)
  HIGHEST WIND SPEED    10   HIGHEST WIND DIRECTION     S (170)
  HIGHEST GUST SPEED    15   HIGHEST GUST DIRECTION     S (190)
  AVERAGE WIND SPEED     4.2


SKY COVER
  POSSIBLE SUNSHINE  MM
  AVERAGE SKY COVER 0.6


WEATHER CONDITIONS
 THE FOLLOWING WEATHER WAS RECORDED YESTERDAY.
  LIGHT RAIN
  FOG


RELATIVE HUMIDITY (PERCENT)
 HIGHEST   100           300 AM
 LOWEST     68           200 PM
 AVERAGE    84

..........................................................


THE MILLINOCKET ME CLIMATE NORMALS FOR TODAY
                         NORMAL    RECORD    YEAR
 MAXIMUM TEMPERATURE (F)   69        95      1937
 MINIMUM TEMPERATURE (F)   47        27      1923


SUNRISE AND SUNSET
MAY 31 2016...........SUNRISE   449 AM EDT   SUNSET   816 PM EDT
JUNE  1 2016..........SUNRISE   449 AM EDT   SUNSET   817 PM EDT


-  INDICATES NEGATIVE NUMBERS.
R  INDICATES RECORD WAS SET OR TIED.
MM INDICATES DATA IS MISSING.
T  INDICATES TRACE AMOUNT.




$$
