000
CDUS41 KCAR 062034
CLIMLT


CLIMATE REPORT
NATIONAL WEATHER SERVICE CARIBOU, ME
433 PM EDT FRI MAY 6 2016


...................................

...THE MILLINOCKET ME CLIMATE SUMMARY FOR MAY 6 2016...
VALID TODAY AS OF 0400 PM LOCAL TIME.

CLIMATE NORMAL PERIOD 1981 TO 2010
CLIMATE RECORD PERIOD 1903 TO 2016


WEATHER ITEM   OBSERVED TIME   RECORD YEAR NORMAL DEPARTURE LAST
                VALUE   (LST)  VALUE       VALUE  FROM      YEAR
                                                  NORMAL
..................................................................
TEMPERATURE (F)
 TODAY
  MAXIMUM         69    330 PM  86    1913  61      8       70
  MINIMUM         43    532 AM  25    1956  39      4       36
  AVERAGE         56                        50      6       53

PRECIPITATION (IN)
  TODAY            T             1.23 1918   0.11  -0.11     0.00
  MONTH TO DATE    0.50                      0.68  -0.18      T
  SINCE MAR 1      6.52                      7.30  -0.78     3.92
  SINCE JAN 1     11.83                     12.41  -0.58     7.15

SNOWFALL (IN)
  TODAY           MM            MM      MM  MM     MM       MM
  MONTH TO DATE   MM                        MM     MM       MM
  SINCE MAR 1     MM                        MM     MM       MM
  SINCE JUL 1     MM                        MM     MM       MM
  SNOW DEPTH      MM

DEGREE DAYS
 HEATING
  TODAY            9                        15     -6       12
  MONTH TO DATE  109                        95     14       57
  SINCE MAR 1   1983                      1964     19     2064
  SINCE JUL 1   6947                      8016  -1069     8109

 COOLING
  TODAY            0                         0      0        0
  MONTH TO DATE    0                         0      0        0
  SINCE MAR 1      0                         0      0        0
  SINCE JAN 1      0                         0      0        0
..................................................................


WIND (MPH)
  HIGHEST WIND SPEED    16   HIGHEST WIND DIRECTION    NE (60)
  HIGHEST GUST SPEED    24   HIGHEST GUST DIRECTION     N (20)
  AVERAGE WIND SPEED    MM


SKY COVER
  POSSIBLE SUNSHINE  MM
  AVERAGE SKY COVER 1.0


WEATHER CONDITIONS
 THE FOLLOWING WEATHER WAS RECORDED TODAY.
  LIGHT RAIN


RELATIVE HUMIDITY (PERCENT)
 HIGHEST    MM
 LOWEST     MM
 AVERAGE    MM

..........................................................


THE MILLINOCKET ME CLIMATE NORMALS FOR TOMORROW
                         NORMAL    RECORD    YEAR
 MAXIMUM TEMPERATURE (F)   62        84      1960
 MINIMUM TEMPERATURE (F)   40        19      1932


SUNRISE AND SUNSET
MAY  6 2016...........SUNRISE   515 AM EDT   SUNSET   749 PM EDT
MAY  7 2016...........SUNRISE   513 AM EDT   SUNSET   750 PM EDT


-  INDICATES NEGATIVE NUMBERS.
R  INDICATES RECORD WAS SET OR TIED.
MM INDICATES DATA IS MISSING.
T  INDICATES TRACE AMOUNT.




$$
