000
CDUS41 KCAR 282129
CLIMLT


CLIMATE REPORT
NATIONAL WEATHER SERVICE CARIBOU, ME
428 PM EST SAT FEB 28 2015


...................................

...THE MILLINOCKET ME CLIMATE SUMMARY FOR FEBRUARY 28 2015...
VALID TODAY AS OF 0400 PM LOCAL TIME.

CLIMATE NORMAL PERIOD 1981 TO 2010
CLIMATE RECORD PERIOD 1903 TO 2015


WEATHER ITEM   OBSERVED TIME   RECORD YEAR NORMAL DEPARTURE LAST
                VALUE   (LST)  VALUE       VALUE  FROM      YEAR
                                                  NORMAL
..................................................................
TEMPERATURE (F)
 TODAY
  MAXIMUM         28    357 PM  55    1903  33     -5       19
  MINIMUM         -4    645 AM -19    1963  13    -17        1
  AVERAGE         12                        23    -11       10

PRECIPITATION (IN)
  TODAY            0.00          1.79 1921   0.10  -0.10      T
  MONTH TO DATE    1.39                      2.18  -0.79     1.61
  SINCE DEC 1      9.23                      8.64   0.59     7.43
  SINCE JAN 1      3.23                      5.11  -1.88     5.19

SNOWFALL (IN)
  TODAY           MM            MM      MM  MM     MM       MM
  MONTH TO DATE   MM                        MM     MM       MM
  SINCE DEC 1     MM                        MM     MM       MM
  SINCE JUL 1     MM                        MM     MM       MM
  SNOW DEPTH      MM

DEGREE DAYS
 HEATING
  TODAY           53                        42     11       55
  MONTH TO DATE 1647                      1306    341     1360
  SINCE DEC 1   4449                      4209    240     4346
  SINCE JUL 1   6045                      6052     -7     6038

 COOLING
  TODAY            0                         0      0        0
  MONTH TO DATE    0                         0      0        0
  SINCE DEC 1      0                         0      0        0
  SINCE JAN 1      0                         0      0        0
..................................................................


WIND (MPH)
  HIGHEST WIND SPEED    13   HIGHEST WIND DIRECTION     W (290)
  HIGHEST GUST SPEED    19   HIGHEST GUST DIRECTION    NW (310)
  AVERAGE WIND SPEED     6.0


SKY COVER
  POSSIBLE SUNSHINE  MM
  AVERAGE SKY COVER 0.0


WEATHER CONDITIONS
 THE FOLLOWING WEATHER WAS RECORDED TODAY.
  HAZE


RELATIVE HUMIDITY (PERCENT)
 HIGHEST    65           400 AM
 LOWEST     29           300 PM
 AVERAGE    47

..........................................................


THE MILLINOCKET ME CLIMATE NORMALS FOR TOMORROW
                         NORMAL    RECORD    YEAR
 MAXIMUM TEMPERATURE (F)   33        60      1903
 MINIMUM TEMPERATURE (F)   13       -22      1982


SUNRISE AND SUNSET
FEBRUARY 28 2015......SUNRISE   615 AM EST   SUNSET   520 PM EST
MARCH  1 2015.........SUNRISE   614 AM EST   SUNSET   521 PM EST


-  INDICATES NEGATIVE NUMBERS.
R  INDICATES RECORD WAS SET OR TIED.
MM INDICATES DATA IS MISSING.
T  INDICATES TRACE AMOUNT.




$$
