000
CDUS41 KCAR 250550
CLIMLT


CLIMATE REPORT
NATIONAL WEATHER SERVICE CARIBOU, ME
1249 AM EST SUN FEB 25 2018


...................................

...THE MILLINOCKET ME CLIMATE SUMMARY FOR FEBRUARY 24 2018...

CLIMATE NORMAL PERIOD 1981 TO 2010
CLIMATE RECORD PERIOD 1903 TO 2018


WEATHER ITEM   OBSERVED TIME   RECORD YEAR NORMAL DEPARTURE LAST
                VALUE   (LST)  VALUE       VALUE  FROM      YEAR
                                                  NORMAL
..................................................................
TEMPERATURE (F)
 YESTERDAY
  MAXIMUM         42    139 PM  57    2017  32     10       57
  MINIMUM         21   1134 PM -27    1914  11     10       34
  AVERAGE         32                        22     10       46

PRECIPITATION (IN)
  YESTERDAY        0.00          0.71 2016   0.10  -0.10     0.03
  MONTH TO DATE    2.04                      1.78   0.26     1.38
  SINCE DEC 1      8.42                      8.24   0.18     7.60
  SINCE JAN 1      5.74                      4.71   1.03     4.29

SNOWFALL (IN)
  YESTERDAY       MM            MM      MM  MM     MM       MM
  MONTH TO DATE   MM                        MM     MM       MM
  SINCE DEC 1     MM                        MM     MM       MM
  SINCE JUL 1     MM                        MM     MM       MM
  SNOW DEPTH      MM

DEGREE DAYS
 HEATING
  YESTERDAY       33                        43    -10       19
  MONTH TO DATE 1061                      1136    -75     1114
  SINCE DEC 1   4077                      4039     38     3819
  SINCE JUL 1   5614                      5882   -268     5369

 COOLING
  YESTERDAY        0                         0      0        0
  MONTH TO DATE    0                         0      0        0
  SINCE DEC 1      0                         0      0        0
  SINCE JAN 1      0                         0      0        0
..................................................................


WIND (MPH)
  HIGHEST WIND SPEED    23   HIGHEST WIND DIRECTION    NW (320)
  HIGHEST GUST SPEED    30   HIGHEST GUST DIRECTION    NW (300)
  AVERAGE WIND SPEED     8.1


SKY COVER
  POSSIBLE SUNSHINE  MM
  AVERAGE SKY COVER 0.6


WEATHER CONDITIONS
 THE FOLLOWING WEATHER WAS RECORDED YESTERDAY.
  FOG
  HAZE


RELATIVE HUMIDITY (PERCENT)
 HIGHEST   100           100 AM
 LOWEST     45           200 PM
 AVERAGE    73

..........................................................


THE MILLINOCKET ME CLIMATE NORMALS FOR TODAY
                         NORMAL    RECORD    YEAR
 MAXIMUM TEMPERATURE (F)   32        52      2016
 MINIMUM TEMPERATURE (F)   12       -20      1972
                                             1910


SUNRISE AND SUNSET
FEBRUARY 25 2018......SUNRISE   620 AM EST   SUNSET   516 PM EST
FEBRUARY 26 2018......SUNRISE   619 AM EST   SUNSET   517 PM EST


-  INDICATES NEGATIVE NUMBERS.
R  INDICATES RECORD WAS SET OR TIED.
MM INDICATES DATA IS MISSING.
T  INDICATES TRACE AMOUNT.




$$
