000
CDUS41 KCAR 280527
CLIMLT


CLIMATE REPORT
NATIONAL WEATHER SERVICE CARIBOU, ME
126 AM EDT THU JUL 28 2016


...................................

...THE MILLINOCKET ME CLIMATE SUMMARY FOR JULY 27 2016...

CLIMATE NORMAL PERIOD 1981 TO 2010
CLIMATE RECORD PERIOD 1903 TO 2016


WEATHER ITEM   OBSERVED TIME   RECORD YEAR NORMAL DEPARTURE LAST
                VALUE   (LST)  VALUE       VALUE  FROM      YEAR
                                                  NORMAL
..................................................................
TEMPERATURE (F)
 YESTERDAY
  MAXIMUM         87    421 PM  95    1963  79      8       76
  MINIMUM         65    511 AM  41    1946  57      8       62
  AVERAGE         76                        68      8       69

PRECIPITATION (IN)
  YESTERDAY        0.00          1.82 1919   0.11  -0.11     0.01
  MONTH TO DATE    2.15                      3.39  -1.24     3.28
  SINCE JUN 1      5.07                      7.46  -2.39     7.80
  SINCE JAN 1     18.68                     22.53  -3.85    19.49

SNOWFALL (IN)
  YESTERDAY       MM            MM      MM  MM     MM       MM
  MONTH TO DATE   MM                        MM     MM       MM
  SINCE JUN 1     MM                        MM     MM       MM
  SINCE JUL 1     MM                        MM     MM       MM
  SNOW DEPTH      MM

DEGREE DAYS
 HEATING
  YESTERDAY        0                         1     -1        0
  MONTH TO DATE   33                        27      6       21
  SINCE JUN 1    149                       143      6      181
  SINCE JUL 1     33                        27      6       21

 COOLING
  YESTERDAY       11                         4      7        4
  MONTH TO DATE  137                       105     32       72
  SINCE JUN 1    163                       154      9       92
  SINCE JAN 1    169                       160      9      126
..................................................................


WIND (MPH)
  HIGHEST WIND SPEED    12   HIGHEST WIND DIRECTION    NW (320)
  HIGHEST GUST SPEED    17   HIGHEST GUST DIRECTION    NW (300)
  AVERAGE WIND SPEED     2.4


SKY COVER
  POSSIBLE SUNSHINE  MM
  AVERAGE SKY COVER 0.1


WEATHER CONDITIONS
 THE FOLLOWING WEATHER WAS RECORDED YESTERDAY.
  NO SIGNIFICANT WEATHER WAS OBSERVED.


RELATIVE HUMIDITY (PERCENT)
 HIGHEST    93           400 AM
 LOWEST     34           200 PM
 AVERAGE    64

..........................................................


THE MILLINOCKET ME CLIMATE NORMALS FOR TODAY
                         NORMAL    RECORD    YEAR
 MAXIMUM TEMPERATURE (F)   79        93      1970
 MINIMUM TEMPERATURE (F)   57        40      1920


SUNRISE AND SUNSET
JULY 28 2016..........SUNRISE   514 AM EDT   SUNSET   808 PM EDT
JULY 29 2016..........SUNRISE   515 AM EDT   SUNSET   806 PM EDT


-  INDICATES NEGATIVE NUMBERS.
R  INDICATES RECORD WAS SET OR TIED.
MM INDICATES DATA IS MISSING.
T  INDICATES TRACE AMOUNT.




$$
