000
CDUS41 KCAR 280533
CLIMLT


CLIMATE REPORT
NATIONAL WEATHER SERVICE CARIBOU, ME
133 AM EDT TUE MAR 28 2017


...................................

...THE MILLINOCKET ME CLIMATE SUMMARY FOR MARCH 27 2017...

CLIMATE NORMAL PERIOD 1981 TO 2010
CLIMATE RECORD PERIOD 1903 TO 2017


WEATHER ITEM   OBSERVED TIME   RECORD YEAR NORMAL DEPARTURE LAST
                VALUE   (LST)  VALUE       VALUE  FROM      YEAR
                                                  NORMAL
..................................................................
TEMPERATURE (F)
 YESTERDAY
  MAXIMUM         30    326 PM  65    1986  41    -11       46
  MINIMUM         26    746 AM -11    1923  22      4       23
  AVERAGE         28                        32     -4       35

PRECIPITATION (IN)
  YESTERDAY        0.33          2.13 1917   0.12   0.21     0.00
  MONTH TO DATE    1.49                      2.57  -1.08     2.20
  SINCE MAR 1      1.49                      2.57  -1.08     2.20
  SINCE JAN 1      6.68                      7.68  -1.00     7.51

SNOWFALL (IN)
  YESTERDAY       MM            MM      MM  MM     MM       MM
  MONTH TO DATE   MM                        MM     MM       MM
  SINCE MAR 1     MM                        MM     MM       MM
  SINCE JUL 1     MM                        MM     MM       MM
  SNOW DEPTH      MM

DEGREE DAYS
 HEATING
  YESTERDAY       37                        33      4       30
  MONTH TO DATE 1172                      1017    155      988
  SINCE MAR 1   1172                      1017    155      988
  SINCE JUL 1   6667                      7069   -402     5952

 COOLING
  YESTERDAY        0                         0      0        0
  MONTH TO DATE    0                         0      0        0
  SINCE MAR 1      0                         0      0        0
  SINCE JAN 1      0                         0      0        0
..................................................................


WIND (MPH)
  HIGHEST WIND SPEED    13   HIGHEST WIND DIRECTION    SE (130)
  HIGHEST GUST SPEED    21   HIGHEST GUST DIRECTION    SE (130)
  AVERAGE WIND SPEED     5.3


SKY COVER
  POSSIBLE SUNSHINE  MM
  AVERAGE SKY COVER 1.0


WEATHER CONDITIONS
 THE FOLLOWING WEATHER WAS RECORDED YESTERDAY.
  SNOW
  LIGHT SNOW
  FOG
  FOG W/VISIBILITY <= 1/4 MILE
  HAZE


RELATIVE HUMIDITY (PERCENT)
 HIGHEST   100           400 AM
 LOWEST     50          1200 AM
 AVERAGE    75

..........................................................


THE MILLINOCKET ME CLIMATE NORMALS FOR TODAY
                         NORMAL    RECORD    YEAR
 MAXIMUM TEMPERATURE (F)   42        67      1993
 MINIMUM TEMPERATURE (F)   22         0      1974


SUNRISE AND SUNSET
MARCH 28 2017.........SUNRISE   622 AM EDT   SUNSET   658 PM EDT
MARCH 29 2017.........SUNRISE   620 AM EDT   SUNSET   659 PM EDT


-  INDICATES NEGATIVE NUMBERS.
R  INDICATES RECORD WAS SET OR TIED.
MM INDICATES DATA IS MISSING.
T  INDICATES TRACE AMOUNT.




$$
