000
CDUS44 KSHV 250751
CLIMLU


CLIMATE REPORT
NATIONAL WEATHER SERVICE SHREVEPORT, LA
251 AM CDT SAT MAR 25 2017


...................................

...THE MONROE CLIMATE SUMMARY FOR MARCH 24 2017...

CLIMATE NORMAL PERIOD 1981 TO 2010
CLIMATE RECORD PERIOD 1930 TO 2017


WEATHER ITEM   OBSERVED TIME   RECORD YEAR NORMAL DEPARTURE LAST
                VALUE   (LST)  VALUE       VALUE  FROM      YEAR
                                                  NORMAL
..................................................................
TEMPERATURE (F)
 YESTERDAY
  MAXIMUM         79    520 PM  88    1936  72      7       68
  MINIMUM         68   1159 PM  30    1968  48     20       49
  AVERAGE         74                        60     14       59

PRECIPITATION (IN)
  YESTERDAY        0.10          1.90 1973   0.14  -0.04     0.62
  MONTH TO DATE    2.67                      3.70  -1.03    23.49
  SINCE DEC 1     16.91                     18.63  -1.72    37.29
  SINCE JAN 1     12.08                     13.34  -1.26    30.90

SNOWFALL (IN)
  YESTERDAY        0.0
  MONTH TO DATE    0.0
  SINCE MAR 1      0.0
  SINCE JUL 1      0.2
  SNOW DEPTH       0

DEGREE DAYS
 HEATING
  YESTERDAY        0                         6     -6        6
  MONTH TO DATE  165                       212    -47      105
  SINCE MAR 1    165                       212    -47      105
  SINCE JUL 1   1361                      2106   -745     1533

 COOLING
  YESTERDAY        9                         1      8        0
  MONTH TO DATE   56                        22     34       25
  SINCE MAR 1     56                        22     34       25
  SINCE JAN 1    115                        33     82       33
..................................................................


WIND (MPH)
  HIGHEST WIND SPEED    33   HIGHEST WIND DIRECTION    SW (210)
  HIGHEST GUST SPEED    48   HIGHEST GUST DIRECTION    SW (210)
  AVERAGE WIND SPEED    13.6


SKY COVER
  POSSIBLE SUNSHINE  MM
  AVERAGE SKY COVER 0.5


WEATHER CONDITIONS
 THE FOLLOWING WEATHER WAS RECORDED YESTERDAY.
  THUNDERSTORM
  HEAVY RAIN
  FOG


RELATIVE HUMIDITY (PERCENT)
 HIGHEST    81           400 AM
 LOWEST     48           500 PM
 AVERAGE    65

..........................................................


THE MONROE CLIMATE NORMALS FOR TODAY
                         NORMAL    RECORD    YEAR
 MAXIMUM TEMPERATURE (F)   72        89      1935
 MINIMUM TEMPERATURE (F)   48        29      1966


SUNRISE AND SUNSET
MARCH 25 2017.........SUNRISE   705 AM CDT   SUNSET   723 PM CDT
MARCH 26 2017.........SUNRISE   704 AM CDT   SUNSET   724 PM CDT


-  INDICATES NEGATIVE NUMBERS.
R  INDICATES RECORD WAS SET OR TIED.
MM INDICATES DATA IS MISSING.
T  INDICATES TRACE AMOUNT.




$$
