000
CDUS44 KSHV 190755
CLIMLU


CLIMATE REPORT
NATIONAL WEATHER SERVICE SHREVEPORT, LA
255 AM CDT THU OCT 19 2017


...................................

...THE MONROE CLIMATE SUMMARY FOR OCTOBER 18 2017...

CLIMATE NORMAL PERIOD 1981 TO 2010
CLIMATE RECORD PERIOD 1930 TO 2017


WEATHER ITEM   OBSERVED TIME   RECORD YEAR NORMAL DEPARTURE LAST
                VALUE   (LST)  VALUE       VALUE  FROM      YEAR
                                                  NORMAL
..................................................................
TEMPERATURE (F)
 YESTERDAY
  MAXIMUM         81    345 PM  95    1910  79      2       91
  MINIMUM         44    639 AM  32    1948  52     -8       66
  AVERAGE         63                        65     -2       79

PRECIPITATION (IN)
  YESTERDAY        0.00          3.85 1916   0.17  -0.17     0.00
  MONTH TO DATE    T                         2.69  -2.69     0.02
  SINCE DEC 1     52.36                     47.09   5.27    66.84
  SINCE JAN 1     47.53                     41.80   5.73    60.45

SNOWFALL (IN)
  YESTERDAY        0.0
  MONTH TO DATE    0.0
  SINCE SEP 1      0.0
  SINCE JUL 1      0.0
  SNOW DEPTH       0

DEGREE DAYS
 HEATING
  YESTERDAY        2                         3     -1        0
  MONTH TO DATE   10                        31    -21        0
  SINCE SEP 1     10                        37    -27        0
  SINCE JUL 1     10                        37    -27        0

 COOLING
  YESTERDAY        0                         3     -3       14
  MONTH TO DATE  160                        88     72      149
  SINCE SEP 1    516                       445     71      602
  SINCE JAN 1   2543                      2452     91     2656
..................................................................


WIND (MPH)
  HIGHEST WIND SPEED     9   HIGHEST WIND DIRECTION    NE (30)
  HIGHEST GUST SPEED    12   HIGHEST GUST DIRECTION     N (20)
  AVERAGE WIND SPEED     1.2


SKY COVER
  POSSIBLE SUNSHINE  MM
  AVERAGE SKY COVER 0.0


WEATHER CONDITIONS
 THE FOLLOWING WEATHER WAS RECORDED YESTERDAY.
  FOG
  HAZE


RELATIVE HUMIDITY (PERCENT)
 HIGHEST   100           500 AM
 LOWEST     35           200 PM
 AVERAGE    68

..........................................................


THE MONROE CLIMATE NORMALS FOR TODAY
                         NORMAL    RECORD    YEAR
 MAXIMUM TEMPERATURE (F)   78        94      1910
 MINIMUM TEMPERATURE (F)   52        30      1948


SUNRISE AND SUNSET
OCTOBER 19 2017.......SUNRISE   715 AM CDT   SUNSET   630 PM CDT
OCTOBER 20 2017.......SUNRISE   716 AM CDT   SUNSET   629 PM CDT


-  INDICATES NEGATIVE NUMBERS.
R  INDICATES RECORD WAS SET OR TIED.
MM INDICATES DATA IS MISSING.
T  INDICATES TRACE AMOUNT.




$$
