000
CDUS44 KSHV 110856
CLIMLU


CLIMATE REPORT
NATIONAL WEATHER SERVICE SHREVEPORT, LA
238 AM CST MON DEC 11 2017


...................................

...THE MONROE CLIMATE SUMMARY FOR DECEMBER 10 2017...

CLIMATE NORMAL PERIOD 1981 TO 2010
CLIMATE RECORD PERIOD 1930 TO 2017


WEATHER ITEM   OBSERVED TIME   RECORD YEAR NORMAL DEPARTURE LAST
                VALUE   (LST)  VALUE       VALUE  FROM      YEAR
                                                  NORMAL
..................................................................
TEMPERATURE (F)
 YESTERDAY
  MAXIMUM         61    331 PM  81    1918  60      1       51
  MINIMUM         28    730 AM  18    1995  38    -10       26
  AVERAGE         45                        49     -4       39

PRECIPITATION (IN)
  YESTERDAY        0.00          4.05 1964   0.17  -0.17     0.00
  MONTH TO DATE    1.58                      1.74  -0.16     3.72
  SINCE DEC 1      1.58                      1.74  -0.16     3.72
  SINCE JAN 1     51.98                     50.47   1.51    67.33

SNOWFALL (IN)
  YESTERDAY        0.0
  MONTH TO DATE    0.0
  SINCE DEC 1      0.0
  SINCE JUL 1      0.0
  SNOW DEPTH       0

DEGREE DAYS
 HEATING
  YESTERDAY       20                        16      4       26
  MONTH TO DATE  142                       152    -10      188
  SINCE DEC 1    142                       152    -10      188
  SINCE JUL 1    446                       524    -78      401

 COOLING
  YESTERDAY        0                         0      0        0
  MONTH TO DATE    2                         0      2        0
  SINCE DEC 1      2                         0      2        0
  SINCE JAN 1   2626                      2508    118     2732
..................................................................


WIND (MPH)
  HIGHEST WIND SPEED    14   HIGHEST WIND DIRECTION     W (250)
  HIGHEST GUST SPEED    19   HIGHEST GUST DIRECTION    SW (230)
  AVERAGE WIND SPEED     4.4


SKY COVER
  POSSIBLE SUNSHINE  MM
  AVERAGE SKY COVER 0.0


WEATHER CONDITIONS
 THE FOLLOWING WEATHER WAS RECORDED YESTERDAY.
  NO SIGNIFICANT WEATHER WAS OBSERVED.


RELATIVE HUMIDITY (PERCENT)
 HIGHEST   100           800 AM
 LOWEST     27           200 PM
 AVERAGE    64

..........................................................


THE MONROE CLIMATE NORMALS FOR TODAY
                         NORMAL    RECORD    YEAR
 MAXIMUM TEMPERATURE (F)   60        82      2015
 MINIMUM TEMPERATURE (F)   38        20      1995


SUNRISE AND SUNSET
DECEMBER 11 2017......SUNRISE   700 AM CST   SUNSET   503 PM CST
DECEMBER 12 2017......SUNRISE   701 AM CST   SUNSET   503 PM CST


-  INDICATES NEGATIVE NUMBERS.
R  INDICATES RECORD WAS SET OR TIED.
MM INDICATES DATA IS MISSING.
T  INDICATES TRACE AMOUNT.




$$
