000
CDUS44 KSHV 240734
CLIMLU


CLIMATE REPORT
NATIONAL WEATHER SERVICE SHREVEPORT, LA
234 AM CDT MON APR 24 2017


...................................

...THE MONROE CLIMATE SUMMARY FOR APRIL 23 2017...

CLIMATE NORMAL PERIOD 1981 TO 2010
CLIMATE RECORD PERIOD 1930 TO 2017


WEATHER ITEM   OBSERVED TIME   RECORD YEAR NORMAL DEPARTURE LAST
                VALUE   (LST)  VALUE       VALUE  FROM      YEAR
                                                  NORMAL
..................................................................
TEMPERATURE (F)
 YESTERDAY
  MAXIMUM         71    356 PM  91    1965  80     -9       81
  MINIMUM         50   1154 PM  41    1931  56     -6       55
  AVERAGE         61                        68     -7       68

PRECIPITATION (IN)
  YESTERDAY        0.02          2.00 1952   0.16  -0.14     0.00
  MONTH TO DATE    2.72                      3.44  -0.72     7.06
  SINCE DEC 1     21.24                     23.09  -1.85    45.24
  SINCE JAN 1     16.41                     17.80  -1.39    38.85

SNOWFALL (IN)
  YESTERDAY        0.0
  MONTH TO DATE    0.0
  SINCE MAR 1      0.0
  SINCE JUL 1      0.2
  SNOW DEPTH       0

DEGREE DAYS
 HEATING
  YESTERDAY        4                         1      3        0
  MONTH TO DATE   23                        74    -51       34
  SINCE MAR 1    188                       324   -136      166
  SINCE JUL 1   1384                      2218   -834     1594

 COOLING
  YESTERDAY        0                         4     -4        3
  MONTH TO DATE  114                        68     46       43
  SINCE MAR 1    205                       100    105       84
  SINCE JAN 1    264                       111    153       92
..................................................................


WIND (MPH)
  HIGHEST WIND SPEED    21   HIGHEST WIND DIRECTION     N (350)
  HIGHEST GUST SPEED    27   HIGHEST GUST DIRECTION     N (340)
  AVERAGE WIND SPEED     8.2


SKY COVER
  POSSIBLE SUNSHINE  MM
  AVERAGE SKY COVER 0.7


WEATHER CONDITIONS
 THE FOLLOWING WEATHER WAS RECORDED YESTERDAY.
  LIGHT RAIN
  FOG


RELATIVE HUMIDITY (PERCENT)
 HIGHEST    96          1100 PM
 LOWEST     44           400 PM
 AVERAGE    70

..........................................................


THE MONROE CLIMATE NORMALS FOR TODAY
                         NORMAL    RECORD    YEAR
 MAXIMUM TEMPERATURE (F)   80        91      1965
 MINIMUM TEMPERATURE (F)   56        43      2005


SUNRISE AND SUNSET
APRIL 24 2017.........SUNRISE   628 AM CDT   SUNSET   745 PM CDT
APRIL 25 2017.........SUNRISE   627 AM CDT   SUNSET   745 PM CDT


-  INDICATES NEGATIVE NUMBERS.
R  INDICATES RECORD WAS SET OR TIED.
MM INDICATES DATA IS MISSING.
T  INDICATES TRACE AMOUNT.




$$
