000
CDUS44 KSHV 280738
CLIMLU


CLIMATE REPORT
NATIONAL WEATHER SERVICE SHREVEPORT, LA
235 AM CDT SUN AUG 28 2016


...................................

...THE MONROE CLIMATE SUMMARY FOR AUGUST 27 2016...

CLIMATE NORMAL PERIOD 1981 TO 2010
CLIMATE RECORD PERIOD 1930 TO 2016


WEATHER ITEM   OBSERVED TIME   RECORD YEAR NORMAL DEPARTURE LAST
                VALUE   (LST)  VALUE       VALUE  FROM      YEAR
                                                  NORMAL
..................................................................
TEMPERATURE (F)
 YESTERDAY
  MAXIMUM         94    244 PM 101    2000  94      0       91
  MINIMUM         71    452 AM  58    1966  70      1       61
  AVERAGE         83                        82      1       76

PRECIPITATION (IN)
  YESTERDAY        0.00          1.26 1986   0.10  -0.10     0.00
  MONTH TO DATE    5.25                      2.74   2.51     0.41
  SINCE DEC 1     66.54                     40.33  26.21    36.06
  SINCE JAN 1     60.15                     35.04  25.11    31.58

SNOWFALL (IN)
  YESTERDAY        0.0
  MONTH TO DATE    0.0
  SINCE JUN 1      0.0
  SINCE JUL 1      0.0
  SNOW DEPTH       0

DEGREE DAYS
 HEATING
  YESTERDAY        0                         0      0        0
  MONTH TO DATE    0                         0      0        0
  SINCE JUN 1      0                         0      0        0
  SINCE JUL 1      0                         0      0        0

 COOLING
  YESTERDAY       18                        17      1       11
  MONTH TO DATE  503                       480     23      503
  SINCE JUN 1   1593                      1505     88     1593
  SINCE JAN 1   1974                      1940     34     2015
..................................................................


WIND (MPH)
  HIGHEST WIND SPEED    14   HIGHEST WIND DIRECTION    NE (40)
  HIGHEST GUST SPEED    19   HIGHEST GUST DIRECTION    NE (40)
  AVERAGE WIND SPEED     3.3


SKY COVER
  POSSIBLE SUNSHINE  MM
  AVERAGE SKY COVER 0.1


WEATHER CONDITIONS
 THE FOLLOWING WEATHER WAS RECORDED YESTERDAY.
  FOG


RELATIVE HUMIDITY (PERCENT)
 HIGHEST   100          1200 AM
 LOWEST     49           100 PM
 AVERAGE    75

..........................................................


THE MONROE CLIMATE NORMALS FOR TODAY
                         NORMAL    RECORD    YEAR
 MAXIMUM TEMPERATURE (F)   93       102      1954
 MINIMUM TEMPERATURE (F)   70        51      1968


SUNRISE AND SUNSET
AUGUST 28 2016........SUNRISE   641 AM CDT   SUNSET   737 PM CDT
AUGUST 29 2016........SUNRISE   641 AM CDT   SUNSET   736 PM CDT


-  INDICATES NEGATIVE NUMBERS.
R  INDICATES RECORD WAS SET OR TIED.
MM INDICATES DATA IS MISSING.
T  INDICATES TRACE AMOUNT.




$$
