000
CDUS44 KSHV 170744
CLIMLU


CLIMATE REPORT
NATIONAL WEATHER SERVICE SHREVEPORT, LA
244 AM CDT THU AUG 17 2017


...................................

...THE MONROE CLIMATE SUMMARY FOR AUGUST 16 2017...

CLIMATE NORMAL PERIOD 1981 TO 2010
CLIMATE RECORD PERIOD 1930 TO 2017


WEATHER ITEM   OBSERVED TIME   RECORD YEAR NORMAL DEPARTURE LAST
                VALUE   (LST)  VALUE       VALUE  FROM      YEAR
                                                  NORMAL
..................................................................
TEMPERATURE (F)
 YESTERDAY
  MAXIMUM         94    205 PM 105    1918  95     -1       85
  MINIMUM         76   1159 PM  57    1992  71      5       73
                                      1963
  AVERAGE         85                        83      2       79

PRECIPITATION (IN)
  YESTERDAY        0.00          3.34 2002   0.10  -0.10     1.26
  MONTH TO DATE    5.83                      1.55   4.28     3.95
  SINCE DEC 1     48.50                     39.14   9.36    65.24
  SINCE JAN 1     43.67                     33.85   9.82    58.85

SNOWFALL (IN)
  YESTERDAY        0.0
  MONTH TO DATE    0.0
  SINCE JUN 1      0.0
  SINCE JUL 1      0.0
  SNOW DEPTH       0

DEGREE DAYS
 HEATING
  YESTERDAY        0                         0      0        0
  MONTH TO DATE    0                         0      0        0
  SINCE JUN 1      0                         0      0        0
  SINCE JUL 1      0                         0      0        0

 COOLING
  YESTERDAY       20                        18      2       14
  MONTH TO DATE  280                       288     -8      307
  SINCE JUN 1   1270                      1313    -43     1397
  SINCE JAN 1   1788                      1748     40     1778
..................................................................


WIND (MPH)
  HIGHEST WIND SPEED    23   HIGHEST WIND DIRECTION     S (190)
  HIGHEST GUST SPEED    34   HIGHEST GUST DIRECTION     S (190)
  AVERAGE WIND SPEED     6.6


SKY COVER
  POSSIBLE SUNSHINE  MM
  AVERAGE SKY COVER 0.5


WEATHER CONDITIONS
 THE FOLLOWING WEATHER WAS RECORDED YESTERDAY.
  THUNDERSTORM
  FOG
  HAZE


RELATIVE HUMIDITY (PERCENT)
 HIGHEST    94          1200 AM
 LOWEST     60          1200 PM
 AVERAGE    77

..........................................................


THE MONROE CLIMATE NORMALS FOR TODAY
                         NORMAL    RECORD    YEAR
 MAXIMUM TEMPERATURE (F)   94       104      1951
                                             1918
 MINIMUM TEMPERATURE (F)   71        56      1992


SUNRISE AND SUNSET
AUGUST 17 2017........SUNRISE   633 AM CDT   SUNSET   750 PM CDT
AUGUST 18 2017........SUNRISE   634 AM CDT   SUNSET   749 PM CDT


-  INDICATES NEGATIVE NUMBERS.
R  INDICATES RECORD WAS SET OR TIED.
MM INDICATES DATA IS MISSING.
T  INDICATES TRACE AMOUNT.




$$
