134
CDUS46 KPQR 081144
CLIMMV


CLIMATE REPORT
NATIONAL WEATHER SERVICE PORTLAND OREGON
342 AM PST MON FEB 8 2016


...................................

...THE MCMINNVILLE OR CLIMATE SUMMARY FOR FEBRUARY 7 2016...

CLIMATE NORMAL PERIOD 1981 TO 2010
CLIMATE RECORD PERIOD 1894 TO 2016


WEATHER ITEM   OBSERVED TIME   RECORD YEAR NORMAL DEPARTURE LAST
                VALUE   (LST)  VALUE       VALUE  FROM      YEAR
                                                  NORMAL
..................................................................
TEMPERATURE (F)
 YESTERDAY
  MAXIMUM         63R   417 PM  62    1963  50     13       58
  MINIMUM         45   1159 PM  16    1929  35     10       49
  AVERAGE         54                        42     12       54

PRECIPITATION (IN)
  YESTERDAY        0.00          2.40 1996   0.19  -0.19     0.89
  MONTH TO DATE    0.98                      1.41  -0.43     3.50
  SINCE OCT 1     34.56                     23.54  11.02    23.05
  SINCE JAN 1      9.49                      7.51   1.98     6.81

DEGREE DAYS
 HEATING
  YESTERDAY       11                        23    -12       11
  MONTH TO DATE  136                       161    -25      106
  SINCE JUL 1   2414                      2916   -502     2139

 COOLING
  YESTERDAY        0                         0      0        0
  MONTH TO DATE    0                         0      0        0
  SINCE JAN 1      0                         0      0        0
..................................................................


WIND (MPH)
  HIGHEST WIND SPEED     9   HIGHEST WIND DIRECTION     N (350)
  HIGHEST GUST SPEED    11   HIGHEST GUST DIRECTION     N (10)
  AVERAGE WIND SPEED     3.8


SKY COVER
  POSSIBLE SUNSHINE  MM
  AVERAGE SKY COVER 0.5


WEATHER CONDITIONS
 THE FOLLOWING WEATHER WAS RECORDED YESTERDAY.
  FOG


RELATIVE HUMIDITY (PERCENT)
 HIGHEST    93           900 AM
 LOWEST     60           300 PM
 AVERAGE    77

..........................................................


THE MCMINNVILLE OR CLIMATE NORMALS FOR TODAY
                         NORMAL    RECORD    YEAR
 MAXIMUM TEMPERATURE (F)   50        62      1970
 MINIMUM TEMPERATURE (F)   35        20      1929


SUNRISE AND SUNSET
FEBRUARY  8 2016......SUNRISE   724 AM PST   SUNSET   530 PM PST
FEBRUARY  9 2016......SUNRISE   723 AM PST   SUNSET   531 PM PST


-  INDICATES NEGATIVE NUMBERS.
R  INDICATES RECORD WAS SET OR TIED.
MM INDICATES DATA IS MISSING.
T  INDICATES TRACE AMOUNT.




$$
