169
CDUS46 KPQR 261141
CLIMMV


CLIMATE REPORT
NATIONAL WEATHER SERVICE PORTLAND OREGON
440 AM PDT TUE SEP 26 2017


...................................

...THE MCMINNVILLE OR CLIMATE SUMMARY FOR SEPTEMBER 25 2017...

CLIMATE NORMAL PERIOD 1981 TO 2010
CLIMATE RECORD PERIOD 1894 TO 2017


WEATHER ITEM   OBSERVED TIME   RECORD YEAR NORMAL DEPARTURE LAST
                VALUE   (LST)  VALUE       VALUE  FROM      YEAR
                                                  NORMAL
..................................................................
TEMPERATURE (F)
 YESTERDAY
  MAXIMUM         68    243 PM  95    1974  73     -5       86
  MINIMUM         53    338 AM  27    1908  45      8       45
  AVERAGE         61                        59      2       66

PRECIPITATION (IN)
  YESTERDAY        T             0.65 1986   0.06  -0.06     0.00
  MONTH TO DATE    1.78                      1.04   0.74     0.46
  SINCE OCT 1     55.29                     39.40  15.89    50.33
  SINCE JAN 1     31.48                     23.37   8.11    25.26

DEGREE DAYS
 HEATING
  YESTERDAY        4                         6     -2        0
  MONTH TO DATE   75                        93    -18       97
  SINCE JUL 1     84                       178    -94      133

 COOLING
  YESTERDAY        0                         0      0        1
  MONTH TO DATE   97                        31     66        9
  SINCE JAN 1    493                       215    278      358
..................................................................


WIND (MPH)
  HIGHEST WIND SPEED    13   HIGHEST WIND DIRECTION     E (100)
  HIGHEST GUST SPEED    39   HIGHEST GUST DIRECTION     E (90)
  AVERAGE WIND SPEED     1.3


SKY COVER
  POSSIBLE SUNSHINE  MM
  AVERAGE SKY COVER 0.8


WEATHER CONDITIONS
 THE FOLLOWING WEATHER WAS RECORDED YESTERDAY.
  LIGHT RAIN


RELATIVE HUMIDITY (PERCENT)
 HIGHEST   100           100 AM
 LOWEST     68           200 PM
 AVERAGE    84

..........................................................


THE MCMINNVILLE OR CLIMATE NORMALS FOR TODAY
                         NORMAL    RECORD    YEAR
 MAXIMUM TEMPERATURE (F)   72        94      1967
 MINIMUM TEMPERATURE (F)   45        27      1908


SUNRISE AND SUNSET
SEPTEMBER 26 2017.....SUNRISE   605 AM PST   SUNSET   602 PM PST
SEPTEMBER 27 2017.....SUNRISE   606 AM PST   SUNSET   600 PM PST


-  INDICATES NEGATIVE NUMBERS.
R  INDICATES RECORD WAS SET OR TIED.
MM INDICATES DATA IS MISSING.
T  INDICATES TRACE AMOUNT.




$$
