000
CDUS46 KPQR 261142
CLIMMV


CLIMATE REPORT
NATIONAL WEATHER SERVICE PORTLAND OREGON
341 AM PST FRI DEC 26 2014


...................................

...THE MCMINNVILLE OR CLIMATE SUMMARY FOR DECEMBER 25 2014...

CLIMATE NORMAL PERIOD 1981 TO 2010
CLIMATE RECORD PERIOD 1894 TO 2014


WEATHER ITEM   OBSERVED TIME   RECORD YEAR NORMAL DEPARTURE LAST
                VALUE   (LST)  VALUE       VALUE  FROM      YEAR
                                                  NORMAL
..................................................................
TEMPERATURE (F)
 YESTERDAY
  MAXIMUM         49    327 PM  64    1980  45      4       39
  MINIMUM         37    815 AM   6    1924  33      4       33
  AVERAGE         43                        39      4       36

PRECIPITATION (IN)
  YESTERDAY        T             2.03 1980   0.21  -0.21     0.00
  MONTH TO DATE    5.88                      5.01   0.87     1.27
  SINCE OCT 1     16.08                     14.95   1.13     4.91
  SINCE JAN 1     39.86                     38.66   1.20    22.16

DEGREE DAYS
 HEATING
  YESTERDAY       22                        26     -4       29
  MONTH TO DATE  443                       628   -185      743
  SINCE JUL 1   1230                      1850   -620     1871

 COOLING
  YESTERDAY        0                         0      0        0
  MONTH TO DATE    0                         0      0        0
  SINCE JAN 1    529                       215    314      405
..................................................................


WIND (MPH)
  HIGHEST WIND SPEED    10   HIGHEST WIND DIRECTION    SW (230)
  HIGHEST GUST SPEED    12   HIGHEST GUST DIRECTION    SW (240)
  AVERAGE WIND SPEED     3.0


SKY COVER
  POSSIBLE SUNSHINE  MM
  AVERAGE SKY COVER 0.8


WEATHER CONDITIONS
 THE FOLLOWING WEATHER WAS RECORDED YESTERDAY.
  LIGHT RAIN
  FOG


RELATIVE HUMIDITY (PERCENT)
 HIGHEST   100           900 AM
 LOWEST     77           300 PM
 AVERAGE    89

..........................................................


THE MCMINNVILLE OR CLIMATE NORMALS FOR TODAY
                         NORMAL    RECORD    YEAR
 MAXIMUM TEMPERATURE (F)   45        60      1922
 MINIMUM TEMPERATURE (F)   33         5      1924


SUNRISE AND SUNSET
DECEMBER 26 2014......SUNRISE   750 AM PST   SUNSET   436 PM PST
DECEMBER 27 2014......SUNRISE   751 AM PST   SUNSET   437 PM PST


-  INDICATES NEGATIVE NUMBERS.
R  INDICATES RECORD WAS SET OR TIED.
MM INDICATES DATA IS MISSING.
T  INDICATES TRACE AMOUNT.




$$
