000
CDUS46 KPQR 311141
CLIMMV


CLIMATE REPORT
NATIONAL WEATHER SERVICE PORTLAND OREGON
340 AM PST SAT JAN 31 2015


...................................

...THE MCMINNVILLE OR CLIMATE SUMMARY FOR JANUARY 30 2015...

CLIMATE NORMAL PERIOD 1981 TO 2010
CLIMATE RECORD PERIOD 1894 TO 2015


WEATHER ITEM   OBSERVED TIME   RECORD YEAR NORMAL DEPARTURE LAST
                VALUE   (LST)  VALUE       VALUE  FROM      YEAR
                                                  NORMAL
..................................................................
TEMPERATURE (F)
 YESTERDAY
  MAXIMUM         58    345 PM  63    1924  49      9       51
  MINIMUM         33    802 AM  11    1956  35     -2       39
  AVERAGE         46                        42      4       45

PRECIPITATION (IN)
  YESTERDAY        0.00          2.00 2003   0.17  -0.17     0.01
  MONTH TO DATE    3.31                      5.94  -2.63     2.64
  SINCE OCT 1     19.55                     21.97  -2.42     7.60
  SINCE JAN 1      3.31                      5.94  -2.63     2.64

DEGREE DAYS
 HEATING
  YESTERDAY       19                        23     -4       20
  MONTH TO DATE  619                       725   -106      708
  SINCE JUL 1   2009                      2730   -721     2748

 COOLING
  YESTERDAY        0                         0      0        0
  MONTH TO DATE    0                         0      0        0
  SINCE JAN 1      0                         0      0        0
..................................................................


WIND (MPH)
  HIGHEST WIND SPEED     9   HIGHEST WIND DIRECTION    NE (40)
  HIGHEST GUST SPEED    11   HIGHEST GUST DIRECTION     N (10)
  AVERAGE WIND SPEED     2.7


SKY COVER
  POSSIBLE SUNSHINE  MM
  AVERAGE SKY COVER 0.0


WEATHER CONDITIONS
 THE FOLLOWING WEATHER WAS RECORDED YESTERDAY.
  FOG


RELATIVE HUMIDITY (PERCENT)
 HIGHEST   100           700 AM
 LOWEST     55           200 PM
 AVERAGE    78

..........................................................


THE MCMINNVILLE OR CLIMATE NORMALS FOR TODAY
                         NORMAL    RECORD    YEAR
 MAXIMUM TEMPERATURE (F)   49        61      1976
 MINIMUM TEMPERATURE (F)   35        -7      1950


SUNRISE AND SUNSET
JANUARY 31 2015.......SUNRISE   734 AM PST   SUNSET   518 PM PST
FEBRUARY  1 2015......SUNRISE   733 AM PST   SUNSET   520 PM PST


-  INDICATES NEGATIVE NUMBERS.
R  INDICATES RECORD WAS SET OR TIED.
MM INDICATES DATA IS MISSING.
T  INDICATES TRACE AMOUNT.




$$
