062
CDUS46 KPQR 171141
CLIMMV


CLIMATE REPORT
NATIONAL WEATHER SERVICE PORTLAND OREGON
340 AM PST FRI NOV 17 2017


...................................

...THE MCMINNVILLE OR CLIMATE SUMMARY FOR NOVEMBER 16 2017...

CLIMATE NORMAL PERIOD 1981 TO 2010
CLIMATE RECORD PERIOD 1894 TO 2017


WEATHER ITEM   OBSERVED TIME   RECORD YEAR NORMAL DEPARTURE LAST
                VALUE   (LST)  VALUE       VALUE  FROM      YEAR
                                                  NORMAL
..................................................................
TEMPERATURE (F)
 YESTERDAY
  MAXIMUM         48   1257 PM  66    1923  52     -4       52
  MINIMUM         40   1047 PM  18    1955  38      2       36
  AVERAGE         44                        45     -1       44

PRECIPITATION (IN)
  YESTERDAY        0.25          1.57 1897   0.22   0.03     0.17
  MONTH TO DATE    4.98                      3.25   1.73     2.74
  SINCE OCT 1      9.11                      6.40   2.71    12.86
  SINCE JAN 1     40.85                     30.11  10.74    38.13

DEGREE DAYS
 HEATING
  YESTERDAY       21                        20      1       21
  MONTH TO DATE  273                       297    -24      191
  SINCE JUL 1    715                       920   -205      650

 COOLING
  YESTERDAY        0                         0      0        0
  MONTH TO DATE    0                         0      0        0
  SINCE JAN 1    507                       215    292      363
..................................................................


WIND (MPH)
  HIGHEST WIND SPEED    21   HIGHEST WIND DIRECTION     S (180)
  HIGHEST GUST SPEED    25   HIGHEST GUST DIRECTION     S (180)
  AVERAGE WIND SPEED     9.1


SKY COVER
  POSSIBLE SUNSHINE  MM
  AVERAGE SKY COVER 0.7


WEATHER CONDITIONS
 THE FOLLOWING WEATHER WAS RECORDED YESTERDAY.
  RAIN
  LIGHT RAIN
  FOG


RELATIVE HUMIDITY (PERCENT)
 HIGHEST    92           100 AM
 LOWEST     80           100 PM
 AVERAGE    86

..........................................................


THE MCMINNVILLE OR CLIMATE NORMALS FOR TODAY
                         NORMAL    RECORD    YEAR
 MAXIMUM TEMPERATURE (F)   52        64      1920
 MINIMUM TEMPERATURE (F)   38        20      1916


SUNRISE AND SUNSET
NOVEMBER 17 2017......SUNRISE   714 AM PST   SUNSET   441 PM PST
NOVEMBER 18 2017......SUNRISE   715 AM PST   SUNSET   440 PM PST


-  INDICATES NEGATIVE NUMBERS.
R  INDICATES RECORD WAS SET OR TIED.
MM INDICATES DATA IS MISSING.
T  INDICATES TRACE AMOUNT.




$$
