000
CDUS46 KPQR 301141
CLIMMV


CLIMATE REPORT
NATIONAL WEATHER SERVICE PORTLAND OREGON
440 AM PDT SAT JUL 30 2016


...................................

...THE MCMINNVILLE OR CLIMATE SUMMARY FOR JULY 29 2016...

CLIMATE NORMAL PERIOD 1981 TO 2010
CLIMATE RECORD PERIOD 1894 TO 2016


WEATHER ITEM   OBSERVED TIME   RECORD YEAR NORMAL DEPARTURE LAST
                VALUE   (LST)  VALUE       VALUE  FROM      YEAR
                                                  NORMAL
..................................................................
TEMPERATURE (F)
 YESTERDAY
  MAXIMUM         97    422 PM 105    2009  84     13      100
  MINIMUM         58    428 AM  35    1917  52      6       55
  AVERAGE         78                        68     10       78

PRECIPITATION (IN)
  YESTERDAY        0.00          0.30 1975   0.00   0.00     0.00
  MONTH TO DATE    0.35                      0.48  -0.13      T
  SINCE OCT 1     49.54                     37.76  11.78    32.44
  SINCE JAN 1     24.47                     21.73   2.74    16.20

DEGREE DAYS
 HEATING
  YESTERDAY        0                         1     -1        0
  MONTH TO DATE   17                        43    -26        5
  SINCE JUL 1     17                        43    -26        5

 COOLING
  YESTERDAY       13                         3     10       13
  MONTH TO DATE   85                        71     14      184
  SINCE JAN 1    176                        93     83      314
..................................................................


WIND (MPH)
  HIGHEST WIND SPEED    16   HIGHEST WIND DIRECTION     N (20)
  HIGHEST GUST SPEED    21   HIGHEST GUST DIRECTION     N (10)
  AVERAGE WIND SPEED     5.4


SKY COVER
  POSSIBLE SUNSHINE  MM
  AVERAGE SKY COVER 0.0


WEATHER CONDITIONS
 THE FOLLOWING WEATHER WAS RECORDED YESTERDAY.
  NO SIGNIFICANT WEATHER WAS OBSERVED.


RELATIVE HUMIDITY (PERCENT)
 HIGHEST    80           500 AM
 LOWEST     24           500 PM
 AVERAGE    52

..........................................................


THE MCMINNVILLE OR CLIMATE NORMALS FOR TODAY
                         NORMAL    RECORD    YEAR
 MAXIMUM TEMPERATURE (F)   84       106      2015
 MINIMUM TEMPERATURE (F)   52        36      1954


SUNRISE AND SUNSET
JULY 30 2016..........SUNRISE   456 AM PST   SUNSET   741 PM PST
JULY 31 2016..........SUNRISE   457 AM PST   SUNSET   740 PM PST


-  INDICATES NEGATIVE NUMBERS.
R  INDICATES RECORD WAS SET OR TIED.
MM INDICATES DATA IS MISSING.
T  INDICATES TRACE AMOUNT.




$$
