000
CDUS46 KPQR 221142
CLIMMV


CLIMATE REPORT
NATIONAL WEATHER SERVICE PORTLAND OREGON
441 AM PDT FRI AUG 22 2014


...................................

...THE MCMINNVILLE OR CLIMATE SUMMARY FOR AUGUST 21 2014...

CLIMATE NORMAL PERIOD 1981 TO 2010
CLIMATE RECORD PERIOD 1894 TO 2014


WEATHER ITEM   OBSERVED TIME   RECORD YEAR NORMAL DEPARTURE LAST
                VALUE   (LST)  VALUE       VALUE  FROM      YEAR
                                                  NORMAL
..................................................................
TEMPERATURE (F)
 YESTERDAY
  MAXIMUM         80    440 PM  99    1961  82     -2       93
  MINIMUM         48    532 AM  32    1899  50     -2       50
  AVERAGE         64                        66     -2       72

PRECIPITATION (IN)
  YESTERDAY        0.00          1.69 1978   0.02  -0.02     0.00
  MONTH TO DATE    0.01                      0.33  -0.32     0.17
  SINCE OCT 1     27.47                     38.11 -10.64    31.71
  SINCE JAN 1     22.51                     22.08   0.43    10.57

DEGREE DAYS
 HEATING
  YESTERDAY        1                         1      0        0
  MONTH TO DATE    1                        21    -20        3
  SINCE JUL 1      5                        65    -60       14

 COOLING
  YESTERDAY        0                         2     -2        7
  MONTH TO DATE  154                        61     93      110
  SINCE JAN 1    394                       161    233      296
..................................................................


WIND (MPH)
  HIGHEST WIND SPEED    12   HIGHEST WIND DIRECTION     W (250)
  HIGHEST GUST SPEED    15   HIGHEST GUST DIRECTION     W (250)
  AVERAGE WIND SPEED     3.0


SKY COVER
  POSSIBLE SUNSHINE  MM
  AVERAGE SKY COVER 0.4


WEATHER CONDITIONS
 THE FOLLOWING WEATHER WAS RECORDED YESTERDAY.
  NO SIGNIFICANT WEATHER WAS OBSERVED.


RELATIVE HUMIDITY (PERCENT)
 HIGHEST    93           400 AM
 LOWEST     28           200 PM
 AVERAGE    61

..........................................................


THE MCMINNVILLE OR CLIMATE NORMALS FOR TODAY
                         NORMAL    RECORD    YEAR
 MAXIMUM TEMPERATURE (F)   82       100      1915
 MINIMUM TEMPERATURE (F)   50        32      1955


SUNRISE AND SUNSET
AUGUST 22 2014........SUNRISE   522 AM PST   SUNSET   707 PM PST
AUGUST 23 2014........SUNRISE   524 AM PST   SUNSET   706 PM PST


-  INDICATES NEGATIVE NUMBERS.
R  INDICATES RECORD WAS SET OR TIED.
MM INDICATES DATA IS MISSING.
T  INDICATES TRACE AMOUNT.




$$
