000
CDUS44 KMOB 270645
CLIMOB


CLIMATE REPORT
NATIONAL WEATHER SERVICE MOBILE AL
1245 AM CST SAT DEC 27 2014


...................................

...THE MOBILE CLIMATE SUMMARY FOR DECEMBER 26 2014...

CLIMATE NORMAL PERIOD 1981 TO 2010
CLIMATE RECORD PERIOD 1842 TO 2014


WEATHER ITEM   OBSERVED TIME   RECORD YEAR NORMAL DEPARTURE LAST
                VALUE   (LST)  VALUE       VALUE  FROM      YEAR
                                                  NORMAL
..................................................................
TEMPERATURE (F)
 YESTERDAY
  MAXIMUM         65    303 PM  78    1964  61      4       54
  MINIMUM         39    548 AM  14    1983  41     -2       35
  AVERAGE         52                        51      1       45

PRECIPITATION (IN)
  YESTERDAY        0.00          2.14 1939   0.17  -0.17     0.00
  MONTH TO DATE    2.63                      4.22  -1.59     4.57
  SINCE MAR 1     62.95                     54.54   8.41    52.30
  SINCE JAN 1     70.07                     65.31   4.76    66.48

SNOWFALL (IN)
  YESTERDAY        0.0           0.0  2001   0.0    0.0      0.0
                                      2000
  MONTH TO DATE    0.0                       0.0    0.0      0.0
  SINCE MAR 1      0.0                       0.1   -0.1      0.0
  SINCE JUL 1      0.0                       0.0    0.0      0.0
  SNOW DEPTH       0

DEGREE DAYS
 HEATING
  YESTERDAY       13                        15     -2       20
  MONTH TO DATE  264                       330    -66      307
  SINCE DEC 1    264                       330    -66      307
  SINCE JUL 1    657                       588     69      591

 COOLING
  YESTERDAY        0                         0      0        0
  MONTH TO DATE    3                         8     -5       27
  SINCE DEC 1      3                         8     -5       27
  SINCE JAN 1   2307                      2511   -204     2522
..................................................................


WIND (MPH)
  HIGHEST WIND SPEED    17   HIGHEST WIND DIRECTION     E (110)
  HIGHEST GUST SPEED    22   HIGHEST GUST DIRECTION     E (110)
  AVERAGE WIND SPEED     7.8


SKY COVER
  POSSIBLE SUNSHINE  MM
  AVERAGE SKY COVER 0.6


WEATHER CONDITIONS
 THE FOLLOWING WEATHER WAS RECORDED YESTERDAY.
  NO SIGNIFICANT WEATHER WAS OBSERVED.


RELATIVE HUMIDITY (PERCENT)
 HIGHEST    93          1200 AM
 LOWEST     60           100 PM
 AVERAGE    77

..........................................................


THE MOBILE CLIMATE NORMALS FOR TODAY
                         NORMAL    RECORD    YEAR
 MAXIMUM TEMPERATURE (F)   61        79      1971
 MINIMUM TEMPERATURE (F)   41        18      1872


SUNRISE AND SUNSET
DECEMBER 27 2014......SUNRISE   649 AM CST   SUNSET   459 PM CST
DECEMBER 28 2014......SUNRISE   649 AM CST   SUNSET   500 PM CST


-  INDICATES NEGATIVE NUMBERS.
R  INDICATES RECORD WAS SET OR TIED.
MM INDICATES DATA IS MISSING.
T  INDICATES TRACE AMOUNT.




$$
