000
CDUS44 KMOB 222340
CLIMOB


CLIMATE REPORT
NATIONAL WEATHER SERVICE MOBILE AL
537 PM CST WED FEB 22 2017


...................................

...THE MOBILE CLIMATE SUMMARY FOR FEBRUARY 22 2017...
VALID TODAY AS OF 0500 PM LOCAL TIME.

CLIMATE NORMAL PERIOD 1981 TO 2010
CLIMATE RECORD PERIOD 1842 TO 2017


WEATHER ITEM   OBSERVED TIME   RECORD YEAR NORMAL DEPARTURE LAST
                VALUE   (LST)  VALUE       VALUE  FROM      YEAR
                                                  NORMAL
..................................................................
TEMPERATURE (F)
 TODAY
  MAXIMUM         72    314 PM  80    2007  66      6       71
                                      2006
                                      2005
  MINIMUM         57    515 AM  22    1978  45     12       62
  AVERAGE         65                        55     10       67

PRECIPITATION (IN)
  TODAY            T             1.66 2013   0.19  -0.19     0.30
  MONTH TO DATE    1.25                      4.01  -2.76     2.96
  SINCE MAR 1     65.32                     65.04   0.28    84.57
  SINCE JAN 1     12.18                      9.66   2.52     9.25

DEGREE DAYS
 HEATING
  TODAY            0                        10    -10        0
  MONTH TO DATE  105                       266   -161      233
  SINCE DEC 1    619                      1129   -510      896
  SINCE JUL 1    753                      1387   -634     1022

 COOLING
  TODAY            0                         0      0        2
  MONTH TO DATE   18                         0     18       13
  SINCE DEC 1    105                        22     83       84
  SINCE JAN 1     64                         7     57       13
..................................................................


WIND (MPH)
  HIGHEST WIND SPEED    17   HIGHEST WIND DIRECTION     N (10)
  HIGHEST GUST SPEED    22   HIGHEST GUST DIRECTION     N (10)
  AVERAGE WIND SPEED     6.6


SKY COVER
  POSSIBLE SUNSHINE  MM
  AVERAGE SKY COVER 0.9


WEATHER CONDITIONS
 THE FOLLOWING WEATHER WAS RECORDED TODAY.
  LIGHT RAIN
  FOG
  HAZE


RELATIVE HUMIDITY (PERCENT)
 HIGHEST   100           300 AM
 LOWEST     57           200 PM
 AVERAGE    79

..........................................................


THE MOBILE CLIMATE NORMALS FOR TOMORROW
                         NORMAL    RECORD    YEAR
 MAXIMUM TEMPERATURE (F)   66        81      1980
                                             1925
 MINIMUM TEMPERATURE (F)   45        26      1989
                                             1964


SUNRISE AND SUNSET
FEBRUARY 22 2017......SUNRISE   627 AM CST   SUNSET   547 PM CST
FEBRUARY 23 2017......SUNRISE   626 AM CST   SUNSET   547 PM CST


-  INDICATES NEGATIVE NUMBERS.
R  INDICATES RECORD WAS SET OR TIED.
MM INDICATES DATA IS MISSING.
T  INDICATES TRACE AMOUNT.




$$
