000
CDUS44 KMOB 230627
CLIMOB


CLIMATE REPORT
NATIONAL WEATHER SERVICE MOBILE AL
127 AM CDT FRI JUN 23 2017


...................................

...THE MOBILE CLIMATE SUMMARY FOR JUNE 22 2017...

CLIMATE NORMAL PERIOD 1981 TO 2010
CLIMATE RECORD PERIOD 1842 TO 2017


WEATHER ITEM   OBSERVED TIME   RECORD YEAR NORMAL DEPARTURE LAST
                VALUE   (LST)  VALUE       VALUE  FROM      YEAR
                                                  NORMAL
..................................................................
TEMPERATURE (F)
 YESTERDAY
  MAXIMUM         84    329 PM 100    2009  90     -6       91
                                      1881
  MINIMUM         76   1130 AM  65    1961  72      4       67
  AVERAGE         80                        81     -1       79

PRECIPITATION (IN)
  YESTERDAY        1.39          5.35 1942   0.22   1.17     0.00
  MONTH TO DATE   11.81                      4.29   7.52     4.76
  SINCE MAR 1     31.59                     20.36  11.23    23.47
  SINCE JAN 1     43.80                     31.13  12.67    32.92

DEGREE DAYS
 COOLING
  YESTERDAY       15                        16     -1       14
  MONTH TO DATE  295                       315    -20      341
  SINCE JUN 1    295                       315    -20      341
  SINCE JAN 1    896                       760    136      800
..................................................................


WIND (MPH)
  HIGHEST WIND SPEED    31   HIGHEST WIND DIRECTION     S (200)
  HIGHEST GUST SPEED    44   HIGHEST GUST DIRECTION     S (200)
  AVERAGE WIND SPEED    18.6


SKY COVER
  POSSIBLE SUNSHINE  MM
  AVERAGE SKY COVER 1.0


WEATHER CONDITIONS
 THE FOLLOWING WEATHER WAS RECORDED YESTERDAY.
  HEAVY RAIN
  RAIN
  LIGHT RAIN
  FOG
  FOG W/VISIBILITY <= 1/4 MILE
  HAZE


RELATIVE HUMIDITY (PERCENT)
 HIGHEST    85           100 AM
 LOWEST     74           200 PM
 AVERAGE    80

..........................................................


THE MOBILE CLIMATE NORMALS FOR TODAY
                         NORMAL    RECORD    YEAR
 MAXIMUM TEMPERATURE (F)   90       101      2009
 MINIMUM TEMPERATURE (F)   72        64      1902


SUNRISE AND SUNSET
JUNE 23 2017..........SUNRISE   551 AM CDT   SUNSET   759 PM CDT
JUNE 24 2017..........SUNRISE   552 AM CDT   SUNSET   759 PM CDT


-  INDICATES NEGATIVE NUMBERS.
R  INDICATES RECORD WAS SET OR TIED.
MM INDICATES DATA IS MISSING.
T  INDICATES TRACE AMOUNT.




$$
