000
CDUS44 KMOB 232236
CLIMOB


CLIMATE REPORT
NATIONAL WEATHER SERVICE MOBILE AL
534 PM CDT WED JUL 23 2014


...................................

...THE MOBILE CLIMATE SUMMARY FOR JULY 23 2014...
VALID TODAY AS OF 0500 PM LOCAL TIME.

CLIMATE NORMAL PERIOD 1981 TO 2010
CLIMATE RECORD PERIOD 1842 TO 2014


WEATHER ITEM   OBSERVED TIME   RECORD YEAR NORMAL DEPARTURE LAST
                VALUE   (LST)  VALUE       VALUE  FROM      YEAR
                                                  NORMAL
..................................................................
TEMPERATURE (F)
 TODAY
  MAXIMUM         85    955 AM 100    1976  91     -6       91
                                      1924
  MINIMUM         70    558 AM  62    1947  73     -3       75
  AVERAGE         78                        82     -4       83

PRECIPITATION (IN)
  TODAY            0.00          4.02 1937   0.23  -0.23     0.00
  MONTH TO DATE    6.58                      5.35   1.23     8.47
  SINCE MAR 1     46.11                     27.53  18.58    26.94
  SINCE JAN 1     53.23                     38.30  14.93    41.12

DEGREE DAYS
 COOLING
  TODAY           13                        17     -4       18
  MONTH TO DATE  341                       389    -48      347
  SINCE JUN 1    751                       833    -82      833
  SINCE JAN 1   1089                      1278   -189     1197
..................................................................


WIND (MPH)
  HIGHEST WIND SPEED    14   HIGHEST WIND DIRECTION     S (180)
  HIGHEST GUST SPEED    17   HIGHEST GUST DIRECTION     S (180)
  AVERAGE WIND SPEED     3.7


SKY COVER
  POSSIBLE SUNSHINE  MM
  AVERAGE SKY COVER 0.5


WEATHER CONDITIONS
 THE FOLLOWING WEATHER WAS RECORDED TODAY.
  FOG
  HAZE


RELATIVE HUMIDITY (PERCENT)
 HIGHEST   100          1200 AM
 LOWEST     65          1000 AM
 AVERAGE    83

..........................................................


THE MOBILE CLIMATE NORMALS FOR TOMORROW
                         NORMAL    RECORD    YEAR
 MAXIMUM TEMPERATURE (F)   91       103      1952
 MINIMUM TEMPERATURE (F)   73        68      1904


SUNRISE AND SUNSET
JULY 23 2014..........SUNRISE   605 AM CDT   SUNSET   753 PM CDT
JULY 24 2014..........SUNRISE   606 AM CDT   SUNSET   753 PM CDT


-  INDICATES NEGATIVE NUMBERS.
R  INDICATES RECORD WAS SET OR TIED.
MM INDICATES DATA IS MISSING.
T  INDICATES TRACE AMOUNT.




$$
