000
CDUS44 KMOB 270645
CLIMOB


CLIMATE REPORT
NATIONAL WEATHER SERVICE MOBILE AL
145 AM CDT WED MAY 27 2015


...................................

...THE MOBILE CLIMATE SUMMARY FOR MAY 26 2015...

CLIMATE NORMAL PERIOD 1981 TO 2010
CLIMATE RECORD PERIOD 1842 TO 2015


WEATHER ITEM   OBSERVED TIME   RECORD YEAR NORMAL DEPARTURE LAST
                VALUE   (LST)  VALUE       VALUE  FROM      YEAR
                                                  NORMAL
..................................................................
TEMPERATURE (F)
 YESTERDAY
  MAXIMUM         81    429 PM  96    1962  87     -6       87
                                      1953
                                      1878
  MINIMUM         67    845 AM  48    1979  66      1       63
  AVERAGE         74                        76     -2       75

PRECIPITATION (IN)
  YESTERDAY        0.40          3.28 1991   0.16   0.24     0.00
  MONTH TO DATE    7.41                      4.25   3.16     4.76
  SINCE MAR 1     25.27                     15.18  10.09    29.35
  SINCE JAN 1     31.32                     25.95   5.37    36.47

DEGREE DAYS
 COOLING
  YESTERDAY        9                        12     -3       10
  MONTH TO DATE  257                       226     31      175
  SINCE MAR 1    532                       369    163      278
  SINCE JAN 1    536                       385    151      290
..................................................................


WIND (MPH)
  HIGHEST WIND SPEED    21   HIGHEST WIND DIRECTION     W (290)
  HIGHEST GUST SPEED    26   HIGHEST GUST DIRECTION    NW (310)
  AVERAGE WIND SPEED     7.5


SKY COVER
  POSSIBLE SUNSHINE  MM
  AVERAGE SKY COVER 0.5


WEATHER CONDITIONS
 THE FOLLOWING WEATHER WAS RECORDED YESTERDAY.
  THUNDERSTORM
  HEAVY RAIN
  LIGHT RAIN
  FOG


RELATIVE HUMIDITY (PERCENT)
 HIGHEST   100          1200 AM
 LOWEST     74           300 PM
 AVERAGE    87

..........................................................


THE MOBILE CLIMATE NORMALS FOR TODAY
                         NORMAL    RECORD    YEAR
 MAXIMUM TEMPERATURE (F)   87       100      1953
 MINIMUM TEMPERATURE (F)   67        49      1961


SUNRISE AND SUNSET
MAY 27 2015...........SUNRISE   552 AM CDT   SUNSET   748 PM CDT
MAY 28 2015...........SUNRISE   552 AM CDT   SUNSET   749 PM CDT


-  INDICATES NEGATIVE NUMBERS.
R  INDICATES RECORD WAS SET OR TIED.
MM INDICATES DATA IS MISSING.
T  INDICATES TRACE AMOUNT.




$$
