000
CDUS44 KMOB 150645
CLIMOB


CLIMATE REPORT
NATIONAL WEATHER SERVICE MOBILE AL
1245 AM CST FRI DEC 15 2017


...................................

...THE MOBILE CLIMATE SUMMARY FOR DECEMBER 14 2017...

CLIMATE NORMAL PERIOD 1981 TO 2010
CLIMATE RECORD PERIOD 1842 TO 2017


WEATHER ITEM   OBSERVED TIME   RECORD YEAR NORMAL DEPARTURE LAST
                VALUE   (LST)  VALUE       VALUE  FROM      YEAR
                                                  NORMAL
..................................................................
TEMPERATURE (F)
 YESTERDAY
  MAXIMUM         64   1252 PM  78    1995  63      1       64
  MINIMUM         42    717 AM  24    2010  42      0       52
  AVERAGE         53                        52      1       58

PRECIPITATION (IN)
  YESTERDAY        0.00          2.41 1943   0.15  -0.15     0.00
  MONTH TO DATE    1.80                      2.23  -0.43     5.07
  SINCE MAR 1     69.00                     52.55  16.45    49.88
  SINCE JAN 1     81.21                     63.32  17.89    59.33

SNOWFALL (IN)
  YESTERDAY        0.0           0.0  2002   0.0    0.0      0.0
                                      2001
                                      2000
  MONTH TO DATE    1.0                       0.0    1.0      0.0
  SINCE MAR 1      1.0                       0.1    0.9      0.0
  SINCE JUL 1      1.0                       0.0    1.0      0.0
  SNOW DEPTH       0

DEGREE DAYS
 HEATING
  YESTERDAY       12                        13     -1        7
  MONTH TO DATE  184                       164     20      134
  SINCE DEC 1    184                       164     20      134
  SINCE JUL 1    400                       422    -22      268

 COOLING
  YESTERDAY        0                         0      0        0
  MONTH TO DATE    2                         8     -6        5
  SINCE DEC 1      2                         8     -6        5
  SINCE JAN 1   2781                      2511    270     2812
..................................................................


WIND (MPH)
  HIGHEST WIND SPEED     8   HIGHEST WIND DIRECTION    SW (210)
  HIGHEST GUST SPEED    12   HIGHEST GUST DIRECTION    SW (210)
  AVERAGE WIND SPEED     4.1


SKY COVER
  POSSIBLE SUNSHINE  MM
  AVERAGE SKY COVER 0.6


WEATHER CONDITIONS
 THE FOLLOWING WEATHER WAS RECORDED YESTERDAY.
  NO SIGNIFICANT WEATHER WAS OBSERVED.


RELATIVE HUMIDITY (PERCENT)
 HIGHEST    93          1100 PM
 LOWEST     36          1200 PM
 AVERAGE    65

..........................................................


THE MOBILE CLIMATE NORMALS FOR TODAY
                         NORMAL    RECORD    YEAR
 MAXIMUM TEMPERATURE (F)   63        79      1971
 MINIMUM TEMPERATURE (F)   42        20      1901


SUNRISE AND SUNSET
DECEMBER 15 2017......SUNRISE   643 AM CST   SUNSET   454 PM CST
DECEMBER 16 2017......SUNRISE   644 AM CST   SUNSET   454 PM CST


-  INDICATES NEGATIVE NUMBERS.
R  INDICATES RECORD WAS SET OR TIED.
MM INDICATES DATA IS MISSING.
T  INDICATES TRACE AMOUNT.




$$
