000
CDUS44 KMOB 270645
CLIMOB


CLIMATE REPORT
NATIONAL WEATHER SERVICE MOBILE AL
145 AM CDT WED JUL 27 2016


...................................

...THE MOBILE CLIMATE SUMMARY FOR JULY 26 2016...

CLIMATE NORMAL PERIOD 1981 TO 2010
CLIMATE RECORD PERIOD 1842 TO 2016


WEATHER ITEM   OBSERVED TIME   RECORD YEAR NORMAL DEPARTURE LAST
                VALUE   (LST)  VALUE       VALUE  FROM      YEAR
                                                  NORMAL
..................................................................
TEMPERATURE (F)
 YESTERDAY
  MAXIMUM         86   1159 AM  98    1983  91     -5       92
                                      1912
  MINIMUM         75   1158 PM  66    1911  73      2       73
  AVERAGE         81                        82     -1       83

PRECIPITATION (IN)
  YESTERDAY        0.69          2.77 2008   0.24   0.45     0.13
  MONTH TO DATE    6.35                      6.06   0.29     6.09
  SINCE MAR 1     32.53                     28.24   4.29    37.06
  SINCE JAN 1     41.98                     39.01   2.97    43.11

DEGREE DAYS
 COOLING
  YESTERDAY       16                        17     -1       18
  MONTH TO DATE  473                       440     33      478
  SINCE JUN 1    953                       884     69      956
  SINCE JAN 1   1412                      1329     83     1556
..................................................................


WIND (MPH)
  HIGHEST WIND SPEED    20   HIGHEST WIND DIRECTION     S (160)
  HIGHEST GUST SPEED    24   HIGHEST GUST DIRECTION    SE (140)
  AVERAGE WIND SPEED     7.9


SKY COVER
  POSSIBLE SUNSHINE  MM
  AVERAGE SKY COVER 0.5


WEATHER CONDITIONS
 THE FOLLOWING WEATHER WAS RECORDED YESTERDAY.
  THUNDERSTORM
  HEAVY RAIN
  LIGHT RAIN
  FOG


RELATIVE HUMIDITY (PERCENT)
 HIGHEST   100           900 PM
 LOWEST     74           800 AM
 AVERAGE    87

..........................................................


THE MOBILE CLIMATE NORMALS FOR TODAY
                         NORMAL    RECORD    YEAR
 MAXIMUM TEMPERATURE (F)   91        99      1968
                                             1875
 MINIMUM TEMPERATURE (F)   73        67      1911


SUNRISE AND SUNSET
JULY 27 2016..........SUNRISE   608 AM CDT   SUNSET   751 PM CDT
JULY 28 2016..........SUNRISE   609 AM CDT   SUNSET   750 PM CDT


-  INDICATES NEGATIVE NUMBERS.
R  INDICATES RECORD WAS SET OR TIED.
MM INDICATES DATA IS MISSING.
T  INDICATES TRACE AMOUNT.




$$
