441
CDUS46 KSTO 220840
CLIMOD


CLIMATE REPORT
NATIONAL WEATHER SERVICE SACRAMENTO, CA
139 AM PDT SUN OCT 22 2017


...................................

...THE MODESTO CA CLIMATE SUMMARY FOR OCTOBER 21 2017...

CLIMATE NORMAL PERIOD 1981 TO 2010
CLIMATE RECORD PERIOD 1931 TO 2017


WEATHER ITEM   OBSERVED TIME   RECORD YEAR NORMAL DEPARTURE LAST
                VALUE   (LST)  VALUE       VALUE  FROM      YEAR
                                                  NORMAL
..................................................................
TEMPERATURE (F)
 YESTERDAY
  MAXIMUM         71    341 PM  91    1991  77     -6       84
  MINIMUM         48    611 AM  31    1949  51     -3       50
  AVERAGE         60

PRECIPITATION (IN)
  YESTERDAY        0.00          0.87 1959   0.02  -0.02     0.00
  MONTH TO DATE    0.12                      0.38  -0.26     0.23
  SINCE OCT 1      0.12                      0.38  -0.26     0.23
  SINCE JAN 1     12.02                      9.41   2.61    11.43

SNOWFALL (IN)
  YESTERDAY        0.0           0.0  2002
                                      2001
  MONTH TO DATE    0.0
  SINCE SEP 1      0.0
  SINCE JUL 1      0.0
  SNOW DEPTH       0

DEGREE DAYS
 HEATING
  YESTERDAY        5                         2      3        0
  MONTH TO DATE   30                        23      7       13
  SINCE SEP 1     33                        26      7       16
  SINCE JUL 1     33                        26      7       16

 COOLING
  YESTERDAY        0                         1     -1        2
  MONTH TO DATE   29                        76    -47       45
  SINCE SEP 1    362                       352     10      340
  SINCE JAN 1   2097                      1688    409     1957
..................................................................


WIND (MPH)
  RESULTANT WIND SPEED   8   RESULTANT WIND DIRECTION  NW (320)
  HIGHEST WIND SPEED    17   HIGHEST WIND DIRECTION    NW (310)
  HIGHEST GUST SPEED    23   HIGHEST GUST DIRECTION    NW (310)


SKY COVER
  POSSIBLE SUNSHINE  MM
  AVERAGE SKY COVER 0.0


WEATHER CONDITIONS
 THE FOLLOWING WEATHER WAS RECORDED YESTERDAY.
  NO SIGNIFICANT WEATHER WAS OBSERVED.


RELATIVE HUMIDITY (PERCENT)
 HIGHEST    86           400 AM
 LOWEST     28           400 PM
 AVERAGE    57

..........................................................


THE MODESTO CA CLIMATE NORMALS FOR TODAY
                         NORMAL    RECORD    YEAR
 MAXIMUM TEMPERATURE (F)   77        90      1939
 MINIMUM TEMPERATURE (F)   51        35      1949


SUNRISE AND SUNSET
OCTOBER 22 2017.......SUNRISE   719 AM PDT   SUNSET   617 PM PDT
OCTOBER 23 2017.......SUNRISE   720 AM PDT   SUNSET   615 PM PDT


-  INDICATES NEGATIVE NUMBERS.
R  INDICATES RECORD WAS SET OR TIED.
MM INDICATES DATA IS MISSING.
T  INDICATES TRACE AMOUNT.




$$
