938
CDUS46 KSTO 070837
CLIMOD


CLIMATE REPORT
NATIONAL WEATHER SERVICE SACRAMENTO, CA
1237 AM PST SUN FEB 7 2016


...................................

...THE MODESTO CA CLIMATE SUMMARY FOR FEBRUARY 6 2016...

CLIMATE NORMAL PERIOD 1981 TO 2010
CLIMATE RECORD PERIOD 1931 TO 2016


WEATHER ITEM   OBSERVED TIME   RECORD YEAR NORMAL DEPARTURE LAST
                VALUE   (LST)  VALUE       VALUE  FROM      YEAR
                                                  NORMAL
..................................................................
TEMPERATURE (F)
 YESTERDAY
  MAXIMUM         66    357 PM  72    1963  60      6       70
  MINIMUM         39    730 AM  24    1989  42     -3       52
  AVERAGE         53

PRECIPITATION (IN)
  YESTERDAY        0.00          0.69 1941   0.09  -0.09     0.10
  MONTH TO DATE    T                         0.55  -0.55     0.10
  SINCE OCT 1      9.44                      7.24   2.20     7.50
  SINCE JAN 1      5.03                      3.16   1.87     0.10

SNOWFALL (IN)
  YESTERDAY        0.0           0.0  2002
  MONTH TO DATE    0.0
  SINCE DEC 1      0.0
  SINCE JUL 1      0.0
  SNOW DEPTH       0

DEGREE DAYS
 HEATING
  YESTERDAY       12                        14     -2        4
  MONTH TO DATE   98                        86     12       54
  SINCE DEC 1   1057                      1157   -100      933
  SINCE JUL 1   1428                      1518    -90     1231

 COOLING
  YESTERDAY        0                         0      0        0
  MONTH TO DATE    0                         0      0        0
  SINCE DEC 1      0                         0      0        0
  SINCE JAN 1      0                         0      0        0
..................................................................


WIND (MPH)
  RESULTANT WIND SPEED   3   RESULTANT WIND DIRECTION  NW (310)
  HIGHEST WIND SPEED    13   HIGHEST WIND DIRECTION    NW (310)
  HIGHEST GUST SPEED    15   HIGHEST GUST DIRECTION    NW (320)


SKY COVER
  POSSIBLE SUNSHINE  MM
  AVERAGE SKY COVER 0.1


WEATHER CONDITIONS
 THE FOLLOWING WEATHER WAS RECORDED YESTERDAY.
  FOG
  FOG W/VISIBILITY <= 1/4 MILE
  HAZE


RELATIVE HUMIDITY (PERCENT)
 HIGHEST    93          1200 AM
 LOWEST     48           400 PM
 AVERAGE    71

..........................................................


THE MODESTO CA CLIMATE NORMALS FOR TODAY
                         NORMAL    RECORD    YEAR
 MAXIMUM TEMPERATURE (F)   61        74      1987
 MINIMUM TEMPERATURE (F)   42        25      1989


SUNRISE AND SUNSET
FEBRUARY  7 2016......SUNRISE   702 AM PST   SUNSET   534 PM PST
FEBRUARY  8 2016......SUNRISE   701 AM PST   SUNSET   535 PM PST


-  INDICATES NEGATIVE NUMBERS.
R  INDICATES RECORD WAS SET OR TIED.
MM INDICATES DATA IS MISSING.
T  INDICATES TRACE AMOUNT.




$$
