000
CDUS46 KSTO 251056
CLIMOD


CLIMATE REPORT
NATIONAL WEATHER SERVICE SACRAMENTO, CA
355 AM PDT SAT OCT 25 2014


...................................

...THE MODESTO CA CLIMATE SUMMARY FOR OCTOBER 24 2014...

CLIMATE NORMAL PERIOD 1981 TO 2010
CLIMATE RECORD PERIOD 1931 TO 2014


WEATHER ITEM   OBSERVED TIME   RECORD YEAR NORMAL DEPARTURE LAST
                VALUE   (LST)  VALUE       VALUE  FROM      YEAR
                                                  NORMAL
..................................................................
TEMPERATURE (F)
 YESTERDAY
  MAXIMUM         80    358 PM  93    1959  76      4       74
  MINIMUM         50    734 AM  35    1949  51     -1       48
  AVERAGE         65

PRECIPITATION (IN)
  YESTERDAY        0.00          1.36 1998   0.02  -0.02     0.00
  MONTH TO DATE    0.00                      0.45  -0.45     0.00
  SINCE JUL 1      0.30                      0.73  -0.43     0.13
  SINCE JAN 1      5.81                      9.48  -3.67     3.34

SNOWFALL (IN)
  YESTERDAY        0.0           0.0  2002
                                      2001
  MONTH TO DATE    0.0
  SINCE SEP 1      0.0
  SINCE JUL 1      0.0
  SNOW DEPTH       0

DEGREE DAYS
 HEATING
  YESTERDAY        0                         3     -3        4
  MONTH TO DATE    5                        32    -27       30
  SINCE SEP 1      6                        35    -29       32
  SINCE JUL 1      6                        35    -29       32

 COOLING
  YESTERDAY        0                         1     -1        0
  MONTH TO DATE  127                        79     48       12
  SINCE SEP 1    426                       355     71      246
  SINCE JAN 1   1855                      1691    164     1718
..................................................................


WIND (MPH)
  RESULTANT WIND SPEED   1   RESULTANT WIND DIRECTION  NW (320)
  HIGHEST WIND SPEED    13   HIGHEST WIND DIRECTION    NW (320)
  HIGHEST GUST SPEED    16   HIGHEST GUST DIRECTION     S (160)


SKY COVER
  POSSIBLE SUNSHINE  MM
  AVERAGE SKY COVER 0.0


WEATHER CONDITIONS
 THE FOLLOWING WEATHER WAS RECORDED YESTERDAY.
  FOG


RELATIVE HUMIDITY (PERCENT)
 HIGHEST    93           200 AM
 LOWEST     35           300 PM
 AVERAGE    64

..........................................................


THE MODESTO CA CLIMATE NORMALS FOR TODAY
                         NORMAL    RECORD    YEAR
 MAXIMUM TEMPERATURE (F)   75        91      1959
 MINIMUM TEMPERATURE (F)   50        35      1935


SUNRISE AND SUNSET
OCTOBER 25 2014.......SUNRISE   722 AM PDT   SUNSET   613 PM PDT
OCTOBER 26 2014.......SUNRISE   723 AM PDT   SUNSET   612 PM PDT


-  INDICATES NEGATIVE NUMBERS.
R  INDICATES RECORD WAS SET OR TIED.
MM INDICATES DATA IS MISSING.
T  INDICATES TRACE AMOUNT.




$$
