000
CDUS43 KBIS 110732
CLIMOT


CLIMATE REPORT
NATIONAL WEATHER SERVICE BISMARCK ND
132 AM CST THU FEB 11 2016


...................................

...THE MINOT ND CLIMATE SUMMARY FOR FEBRUARY 10 2016...

CLIMATE NORMAL PERIOD 1981 TO 2010
CLIMATE RECORD PERIOD 1897 TO 2016


WEATHER ITEM   OBSERVED TIME   RECORD YEAR NORMAL DEPARTURE LAST
                VALUE   (LST)  VALUE       VALUE  FROM      YEAR
                                                  NORMAL
..................................................................
TEMPERATURE (F)
 YESTERDAY
  MAXIMUM         20    438 AM  50    1928  24     -4       21
  MINIMUM          3   1258 PM -38    1899   7     -4        7
  AVERAGE         12                        16     -4       14

PRECIPITATION (IN)
  YESTERDAY        0.01          0.58 2004   0.01   0.00     0.06
  MONTH TO DATE    0.05                      0.13  -0.08     0.07
  SINCE DEC 1      0.57                      1.02  -0.45     0.32
  SINCE JAN 1      0.26                      0.64  -0.38     0.31

DEGREE DAYS
 HEATING
  YESTERDAY       53                        49      4       51
  MONTH TO DATE  374                       504   -130      535
  SINCE DEC 1   3057                      3678   -621     3441
  SINCE JUL 1   4758                      5736   -978     5620
..................................................................


WIND (MPH)
  HIGHEST WIND SPEED    16   HIGHEST WIND DIRECTION     E (100)
  HIGHEST GUST SPEED    20   HIGHEST GUST DIRECTION     E (110)
  AVERAGE WIND SPEED     8.3


SKY COVER
  POSSIBLE SUNSHINE  MM
  AVERAGE SKY COVER 1.0


WEATHER CONDITIONS
 THE FOLLOWING WEATHER WAS RECORDED YESTERDAY.
  LIGHT SNOW
  HAZE


RELATIVE HUMIDITY (PERCENT)
 HIGHEST    76           800 PM
 LOWEST     61           200 PM
 AVERAGE    69

..........................................................


THE MINOT ND CLIMATE NORMALS FOR TODAY
                         NORMAL    RECORD    YEAR
 MAXIMUM TEMPERATURE (F)   24        56      1928
 MINIMUM TEMPERATURE (F)    7       -36      1899


SUNRISE AND SUNSET
FEBRUARY 11 2016......SUNRISE   759 AM CST   SUNSET   600 PM CST
FEBRUARY 12 2016......SUNRISE   758 AM CST   SUNSET   602 PM CST


-  INDICATES NEGATIVE NUMBERS.
R  INDICATES RECORD WAS SET OR TIED.
MM INDICATES DATA IS MISSING.
T  INDICATES TRACE AMOUNT.




$$
