000
CDUS43 KBIS 200825
CLIMOT


CLIMATE REPORT
NATIONAL WEATHER SERVICE BISMARCK ND
225 AM CST FRI JAN 20 2017


...................................

...THE MINOT ND CLIMATE SUMMARY FOR JANUARY 19 2017...

CLIMATE NORMAL PERIOD 1981 TO 2010
CLIMATE RECORD PERIOD 1897 TO 2017


WEATHER ITEM   OBSERVED TIME   RECORD YEAR NORMAL DEPARTURE LAST
                VALUE   (LST)  VALUE       VALUE  FROM      YEAR
                                                  NORMAL
..................................................................
TEMPERATURE (F)
 YESTERDAY
  MAXIMUM         40    144 PM  49    1942  21     19       25
  MINIMUM         22   1159 PM -34    1996   3     19       11
  AVERAGE         31                        12     19       18

PRECIPITATION (IN)
  YESTERDAY        0.00          0.30 1921   0.01  -0.01     0.08
  MONTH TO DATE    0.05                      0.33  -0.28     0.20
  SINCE DEC 1      0.67                      0.71  -0.04     0.51
  SINCE JAN 1      0.05                      0.33  -0.28     0.20

DEGREE DAYS
 HEATING
  YESTERDAY       34                        53    -19       47
  MONTH TO DATE 1116                      1007    109     1001
  SINCE DEC 1   2760                      2544    216     2246
  SINCE JUL 1   4275                      4602   -327     3947
..................................................................


WIND (MPH)
  HIGHEST WIND SPEED    17   HIGHEST WIND DIRECTION    SW (230)
  HIGHEST GUST SPEED    19   HIGHEST GUST DIRECTION    SW (230)
  AVERAGE WIND SPEED     6.1


SKY COVER
  POSSIBLE SUNSHINE  MM
  AVERAGE SKY COVER 0.0


WEATHER CONDITIONS
 THE FOLLOWING WEATHER WAS RECORDED YESTERDAY.
  NO SIGNIFICANT WEATHER WAS OBSERVED.


RELATIVE HUMIDITY (PERCENT)
 HIGHEST    88           600 AM
 LOWEST     69           100 AM
 AVERAGE    79

..........................................................


THE MINOT ND CLIMATE NORMALS FOR TODAY
                         NORMAL    RECORD    YEAR
 MAXIMUM TEMPERATURE (F)   21        50      1899
 MINIMUM TEMPERATURE (F)    3       -34      1954


SUNRISE AND SUNSET
JANUARY 20 2017.......SUNRISE   827 AM CST   SUNSET   526 PM CST
JANUARY 21 2017.......SUNRISE   826 AM CST   SUNSET   528 PM CST


-  INDICATES NEGATIVE NUMBERS.
R  INDICATES RECORD WAS SET OR TIED.
MM INDICATES DATA IS MISSING.
T  INDICATES TRACE AMOUNT.




$$
