000
CDUS43 KBIS 250852
CLIMOT


CLIMATE REPORT
NATIONAL WEATHER SERVICE BISMARCK ND
352 AM CDT THU AUG 25 2016


...................................

...THE MINOT ND CLIMATE SUMMARY FOR AUGUST 24 2016...

CLIMATE NORMAL PERIOD 1981 TO 2010
CLIMATE RECORD PERIOD 1897 TO 2016


WEATHER ITEM   OBSERVED TIME   RECORD YEAR NORMAL DEPARTURE LAST
                VALUE   (LST)  VALUE       VALUE  FROM      YEAR
                                                  NORMAL
..................................................................
TEMPERATURE (F)
 YESTERDAY
  MAXIMUM         73    342 PM 101    1996  80     -7       74
  MINIMUM         55   1150 PM  28    1915  54      1       42
  AVERAGE         64                        67     -3       58

PRECIPITATION (IN)
  YESTERDAY        T             0.90 1968   0.06  -0.06     0.00
  MONTH TO DATE    1.23                      1.59  -0.36     1.26
  SINCE JUN 1      6.70                      7.60  -0.90     7.33
  SINCE JAN 1     11.85                     12.99  -1.14    11.46

DEGREE DAYS
 COOLING
  YESTERDAY        0                         4     -4        0
  MONTH TO DATE  218                       129     89      125
  SINCE JUN 1    594                       371    223      394
  SINCE JAN 1    634                       387    247      401
..................................................................


WIND (MPH)
  HIGHEST WIND SPEED    29   HIGHEST WIND DIRECTION     W (260)
  HIGHEST GUST SPEED    38   HIGHEST GUST DIRECTION     W (280)
  AVERAGE WIND SPEED    18.3


SKY COVER
  POSSIBLE SUNSHINE  MM
  AVERAGE SKY COVER 0.5


WEATHER CONDITIONS
 THE FOLLOWING WEATHER WAS RECORDED YESTERDAY.
  FOG


RELATIVE HUMIDITY (PERCENT)
 HIGHEST    93          1100 PM
 LOWEST     41           400 PM
 AVERAGE    67

..........................................................


THE MINOT ND CLIMATE NORMALS FOR TODAY
                         NORMAL    RECORD    YEAR
 MAXIMUM TEMPERATURE (F)   79        98      1984
 MINIMUM TEMPERATURE (F)   54        32      1934


SUNRISE AND SUNSET
AUGUST 25 2016........SUNRISE   654 AM CDT   SUNSET   839 PM CDT
AUGUST 26 2016........SUNRISE   655 AM CDT   SUNSET   837 PM CDT


-  INDICATES NEGATIVE NUMBERS.
R  INDICATES RECORD WAS SET OR TIED.
MM INDICATES DATA IS MISSING.
T  INDICATES TRACE AMOUNT.




$$
