000
CDUS43 KBIS 150020
CLIMOT


CLIMATE REPORT
NATIONAL WEATHER SERVICE BISMARCK ND
719 PM CDT SUN SEP 14 2014


...................................

...THE MINOT ND CLIMATE SUMMARY FOR SEPTEMBER 14 2014...
VALID TODAY AS OF 0700 PM LOCAL TIME.

CLIMATE NORMAL PERIOD 1981 TO 2010
CLIMATE RECORD PERIOD 1905 TO 2014


WEATHER ITEM   OBSERVED TIME   RECORD YEAR NORMAL DEPARTURE LAST
                VALUE   (LST)  VALUE       VALUE  FROM      YEAR
                                                  NORMAL
..................................................................
TEMPERATURE (F)
 TODAY
  MAXIMUM         57        MM  94    1946  70    -13       77
  MINIMUM         38        MM  25    1964  47     -9       47
  AVERAGE         48                        58    -10       62

PRECIPITATION (IN)
  TODAY            0.00          1.72 1983   0.05  -0.05     0.00
  MONTH TO DATE    0.29                      0.70  -0.41     1.07
  SINCE SEP 1      0.29                      0.70  -0.41     1.07
  SINCE JAN 1     14.93                     14.14   0.79    21.25

DEGREE DAYS
 HEATING
  TODAY           17                         8      9        3
  MONTH TO DATE  127                        78     49       11
  SINCE SEP 1    127                        78     49       11
  SINCE JUL 1    195                       149     46       80

 COOLING
  TODAY            0                         1     -1        0
  MONTH TO DATE    0                        23    -23       46
  SINCE SEP 1      0                        23    -23       46
  SINCE JAN 1    305                       434   -129      417
..................................................................


WIND (MPH)
  RESULTANT WIND SPEED   8   RESULTANT WIND DIRECTION   W (290)
  HIGHEST WIND SPEED    15   HIGHEST WIND DIRECTION     W (270)
  HIGHEST GUST SPEED    MM   HIGHEST GUST DIRECTION    MM
  AVERAGE WIND SPEED     9.6


SKY COVER
  POSSIBLE SUNSHINE  MM
  AVERAGE SKY COVER 0.6


WEATHER CONDITIONS
 THE FOLLOWING WEATHER WAS RECORDED TODAY.
  NO SIGNIFICANT WEATHER WAS OBSERVED.


RELATIVE HUMIDITY (PERCENT)
 HIGHEST    92           100 AM
 LOWEST     41           500 PM
 AVERAGE    67

..........................................................


THE MINOT ND CLIMATE NORMALS FOR TOMORROW
                         NORMAL    RECORD    YEAR
 MAXIMUM TEMPERATURE (F)   70        95      1948
 MINIMUM TEMPERATURE (F)   46        15      1916


SUNRISE AND SUNSET
SEPTEMBER 14 2014.....SUNRISE   721 AM CDT   SUNSET   800 PM CDT
SEPTEMBER 15 2014.....SUNRISE   722 AM CDT   SUNSET   757 PM CDT


-  INDICATES NEGATIVE NUMBERS.
R  INDICATES RECORD WAS SET OR TIED.
MM INDICATES DATA IS MISSING.
T  INDICATES TRACE AMOUNT.




$$
