000
CDUS43 KBIS 311247
CLIMOT


CLIMATE REPORT
NATIONAL WEATHER SERVICE BISMARCK ND
736 AM CDT MON AUG 31 2015


...................................

...THE MINOT ND CLIMATE SUMMARY FOR AUGUST 30 2015...

CLIMATE NORMAL PERIOD 1981 TO 2010
CLIMATE RECORD PERIOD 1897 TO 2015


WEATHER ITEM   OBSERVED TIME   RECORD YEAR NORMAL DEPARTURE LAST
                VALUE   (LST)  VALUE       VALUE  FROM      YEAR
                                                  NORMAL
..................................................................
TEMPERATURE (F)
 YESTERDAY
  MAXIMUM         93    236 PM  99    1929  77     16       75
  MINIMUM         65   1107 PM  33    1897  52     13       45
  AVERAGE         79                        65     14       60

PRECIPITATION (IN)
  YESTERDAY        0.00          0.85 2002   0.06  -0.06     0.14
                                      1941
  MONTH TO DATE    1.26                      1.98  -0.72     2.98
  SINCE JUN 1      7.33                      7.99  -0.66    10.04
  SINCE JAN 1     11.46                     13.38  -1.92    13.85

DEGREE DAYS
 COOLING
  YESTERDAY       14                         3     11        0
  MONTH TO DATE  165                       149     16      133
  SINCE JUN 1    434                       391     43      264
  SINCE JAN 1    441                       407     34      305
..................................................................


WIND (MPH)
  HIGHEST WIND SPEED    21   HIGHEST WIND DIRECTION    SW (220)
  HIGHEST GUST SPEED    25   HIGHEST GUST DIRECTION    SW (210)
  AVERAGE WIND SPEED     7.6


SKY COVER
  POSSIBLE SUNSHINE  MM
  AVERAGE SKY COVER 0.1


WEATHER CONDITIONS
 THE FOLLOWING WEATHER WAS RECORDED YESTERDAY.
  HAZE


RELATIVE HUMIDITY (PERCENT)
 HIGHEST    73           600 AM
 LOWEST     27           200 PM
 AVERAGE    50

..........................................................


THE MINOT ND CLIMATE NORMALS FOR TODAY
                         NORMAL    RECORD    YEAR
 MAXIMUM TEMPERATURE (F)   77       103      1921
 MINIMUM TEMPERATURE (F)   52        32      1935


SUNRISE AND SUNSET
AUGUST 31 2015........SUNRISE   701 AM CDT   SUNSET   829 PM CDT
SEPTEMBER  1 2015.....SUNRISE   702 AM CDT   SUNSET   827 PM CDT


-  INDICATES NEGATIVE NUMBERS.
R  INDICATES RECORD WAS SET OR TIED.
MM INDICATES DATA IS MISSING.
T  INDICATES TRACE AMOUNT.




$$
