522
CDUS43 KBIS 260734
CLIMOT


CLIMATE REPORT
NATIONAL WEATHER SERVICE BISMARCK ND
233 AM CDT FRI MAY 26 2017


...................................

...THE MINOT ND CLIMATE SUMMARY FOR MAY 25 2017...

CLIMATE NORMAL PERIOD 1981 TO 2010
CLIMATE RECORD PERIOD 1897 TO 2017


WEATHER ITEM   OBSERVED TIME   RECORD YEAR NORMAL DEPARTURE LAST
                VALUE   (LST)  VALUE       VALUE  FROM      YEAR
                                                  NORMAL
..................................................................
TEMPERATURE (F)
 YESTERDAY
  MAXIMUM         71    246 PM  92    1931  69      2       67
  MINIMUM         51    611 AM  20    1924  46      5       57
  AVERAGE         61                        58      3       62

PRECIPITATION (IN)
  YESTERDAY        0.07          1.93 1963   0.09  -0.02     0.42
  MONTH TO DATE    0.60                      1.93  -1.33     0.76
  SINCE MAR 1      1.20                      3.91  -2.71     3.34
  SINCE JAN 1      1.33                      4.82  -3.49     3.92

DEGREE DAYS
 COOLING
  YESTERDAY        0                         1     -1        0
  MONTH TO DATE    3                         3      0       39
  SINCE MAR 1      3                         4     -1       39
  SINCE JAN 1      3                         4     -1       39
..................................................................


WIND (MPH)
  HIGHEST WIND SPEED    25   HIGHEST WIND DIRECTION    SW (240)
  HIGHEST GUST SPEED    32   HIGHEST GUST DIRECTION    SW (230)
  AVERAGE WIND SPEED    12.8


SKY COVER
  POSSIBLE SUNSHINE  MM
  AVERAGE SKY COVER 0.2


WEATHER CONDITIONS
 THE FOLLOWING WEATHER WAS RECORDED YESTERDAY.
  LIGHT RAIN
  FOG


RELATIVE HUMIDITY (PERCENT)
 HIGHEST    89           600 AM
 LOWEST     31          1200 PM
 AVERAGE    60

..........................................................


THE MINOT ND CLIMATE NORMALS FOR TODAY
                         NORMAL    RECORD    YEAR
 MAXIMUM TEMPERATURE (F)   70        94      1969
 MINIMUM TEMPERATURE (F)   46        23      1907


SUNRISE AND SUNSET
MAY 26 2017...........SUNRISE   553 AM CDT   SUNSET   932 PM CDT
MAY 27 2017...........SUNRISE   552 AM CDT   SUNSET   933 PM CDT


-  INDICATES NEGATIVE NUMBERS.
R  INDICATES RECORD WAS SET OR TIED.
MM INDICATES DATA IS MISSING.
T  INDICATES TRACE AMOUNT.




$$
