000
CDUS43 KBIS 250725
CLIMOT


CLIMATE REPORT
NATIONAL WEATHER SERVICE BISMARCK ND
224 AM CDT MON SEP 25 2017


...................................

...THE MINOT ND CLIMATE SUMMARY FOR SEPTEMBER 24 2017...

CLIMATE NORMAL PERIOD 1981 TO 2010
CLIMATE RECORD PERIOD 1897 TO 2017


WEATHER ITEM   OBSERVED TIME   RECORD YEAR NORMAL DEPARTURE LAST
                VALUE   (LST)  VALUE       VALUE  FROM      YEAR
                                                  NORMAL
..................................................................
TEMPERATURE (F)
 YESTERDAY
  MAXIMUM         52    317 PM  92    1917  66    -14       79
  MINIMUM         47   1159 PM  23    1922  43      4       56
  AVERAGE         50                        54     -4       68

PRECIPITATION (IN)
  YESTERDAY        0.25          1.07 1977   0.05   0.20     0.07
  MONTH TO DATE    1.96                      1.18   0.78     2.90
  SINCE SEP 1      1.96                      1.18   0.78     2.90
  SINCE JAN 1      7.29                     14.62  -7.33    14.76

DEGREE DAYS
 HEATING
  YESTERDAY       15                        11      4        0
  MONTH TO DATE  131                       174    -43      139
  SINCE SEP 1    131                       174    -43      139
  SINCE JUL 1    141                       245   -104      150

 COOLING
  YESTERDAY        0                         0      0        3
  MONTH TO DATE   62                        30     32       29
  SINCE SEP 1     62                        30     32       29
  SINCE JAN 1    580                       441    139      682
..................................................................


WIND (MPH)
  HIGHEST WIND SPEED    16   HIGHEST WIND DIRECTION    NW (330)
  HIGHEST GUST SPEED    20   HIGHEST GUST DIRECTION    NW (330)
  AVERAGE WIND SPEED    10.8


SKY COVER
  POSSIBLE SUNSHINE  MM
  AVERAGE SKY COVER 1.0


WEATHER CONDITIONS
 THE FOLLOWING WEATHER WAS RECORDED YESTERDAY.
  RAIN
  LIGHT RAIN
  FOG


RELATIVE HUMIDITY (PERCENT)
 HIGHEST   100          1200 AM
 LOWEST     77           300 PM
 AVERAGE    89

..........................................................


THE MINOT ND CLIMATE NORMALS FOR TODAY
                         NORMAL    RECORD    YEAR
 MAXIMUM TEMPERATURE (F)   65        93      2014
                                             1938
 MINIMUM TEMPERATURE (F)   42        11      1927


SUNRISE AND SUNSET
SEPTEMBER 25 2017.....SUNRISE   736 AM CDT   SUNSET   736 PM CDT
SEPTEMBER 26 2017.....SUNRISE   738 AM CDT   SUNSET   734 PM CDT


-  INDICATES NEGATIVE NUMBERS.
R  INDICATES RECORD WAS SET OR TIED.
MM INDICATES DATA IS MISSING.
T  INDICATES TRACE AMOUNT.




$$
