000
CDUS43 KBIS 260036
CLIMOT


CLIMATE REPORT
NATIONAL WEATHER SERVICE BISMARCK ND
735 PM CDT SUN SEP 25 2016


...................................

...THE MINOT ND CLIMATE SUMMARY FOR SEPTEMBER 25 2016...
VALID TODAY AS OF 0700 PM LOCAL TIME.

CLIMATE NORMAL PERIOD 1981 TO 2010
CLIMATE RECORD PERIOD 1897 TO 2016


WEATHER ITEM   OBSERVED TIME   RECORD YEAR NORMAL DEPARTURE LAST
                VALUE   (LST)  VALUE       VALUE  FROM      YEAR
                                                  NORMAL
..................................................................
TEMPERATURE (F)
 TODAY
  MAXIMUM         64    253 PM  93    2014  65     -1       79
                                      1938
  MINIMUM         50    831 AM  11    1927  42      8       53
  AVERAGE         57                        54      3       66

PRECIPITATION (IN)
  TODAY            0.08          0.93 1959   0.05   0.03     0.00
  MONTH TO DATE    2.98                      1.23   1.75     1.59
  SINCE SEP 1      2.98                      1.23   1.75     1.59
  SINCE JAN 1     14.84                     14.67   0.17    13.09

DEGREE DAYS
 HEATING
  TODAY            8                        12     -4        0
  MONTH TO DATE  147                       186    -39      123
  SINCE SEP 1    147                       186    -39      123
  SINCE JUL 1    158                       257    -99      173

 COOLING
  TODAY            0                         0      0        1
  MONTH TO DATE   29                        30     -1       48
  SINCE SEP 1     29                        30     -1       48
  SINCE JAN 1    682                       441    241      492
..................................................................


WIND (MPH)
  RESULTANT WIND SPEED  27   RESULTANT WIND DIRECTION   W (290)
  HIGHEST WIND SPEED    43   HIGHEST WIND DIRECTION     W (290)
  HIGHEST GUST SPEED    49   HIGHEST GUST DIRECTION     W (290)
  AVERAGE WIND SPEED    27.3


SKY COVER
  POSSIBLE SUNSHINE  MM
  AVERAGE SKY COVER 0.5


WEATHER CONDITIONS
 THE FOLLOWING WEATHER WAS RECORDED TODAY.
  RAIN
  LIGHT RAIN
  FOG


RELATIVE HUMIDITY (PERCENT)
 HIGHEST    93          1200 AM
 LOWEST     34           300 PM
 AVERAGE    64

..........................................................


THE MINOT ND CLIMATE NORMALS FOR TOMORROW
                         NORMAL    RECORD    YEAR
 MAXIMUM TEMPERATURE (F)   65        92      2014
 MINIMUM TEMPERATURE (F)   42        12      1947


SUNRISE AND SUNSET
SEPTEMBER 25 2016.....SUNRISE   737 AM CDT   SUNSET   735 PM CDT
SEPTEMBER 26 2016.....SUNRISE   738 AM CDT   SUNSET   733 PM CDT


-  INDICATES NEGATIVE NUMBERS.
R  INDICATES RECORD WAS SET OR TIED.
MM INDICATES DATA IS MISSING.
T  INDICATES TRACE AMOUNT.




$$
