000
CDUS43 KBIS 130738
CLIMOT


CLIMATE REPORT
NATIONAL WEATHER SERVICE BISMARCK ND
128 AM CST WED DEC 13 2017


...................................

...THE MINOT ND CLIMATE SUMMARY FOR DECEMBER 12 2017...

CLIMATE NORMAL PERIOD 1981 TO 2010
CLIMATE RECORD PERIOD 1897 TO 2017


WEATHER ITEM   OBSERVED TIME   RECORD YEAR NORMAL DEPARTURE LAST
                VALUE   (LST)  VALUE       VALUE  FROM      YEAR
                                                  NORMAL
..................................................................
TEMPERATURE (F)
 YESTERDAY
  MAXIMUM         51    253 PM  56    1913  24     27        4
  MINIMUM         29    234 AM -31    1922   8     21       -4
  AVERAGE         40                        16     24        0

PRECIPITATION (IN)
  YESTERDAY        0.00          0.57 1975   0.01  -0.01      T
  MONTH TO DATE    T                         0.14  -0.14     0.43
  SINCE DEC 1      T                         0.14  -0.14     0.43
  SINCE JAN 1      7.55                     16.95  -9.40    18.54

DEGREE DAYS
 HEATING
  YESTERDAY       25                        49    -24       65
  MONTH TO DATE  429                       564   -135      661
  SINCE DEC 1    429                       564   -135      661
  SINCE JUL 1   2307                      2622   -315     2176
..................................................................


WIND (MPH)
  HIGHEST WIND SPEED    36   HIGHEST WIND DIRECTION     W (290)
  HIGHEST GUST SPEED    45   HIGHEST GUST DIRECTION     W (290)
  AVERAGE WIND SPEED    16.3


SKY COVER
  POSSIBLE SUNSHINE  MM
  AVERAGE SKY COVER 0.2


WEATHER CONDITIONS
 THE FOLLOWING WEATHER WAS RECORDED YESTERDAY.
  NO SIGNIFICANT WEATHER WAS OBSERVED.


RELATIVE HUMIDITY (PERCENT)
 HIGHEST    92           100 AM
 LOWEST     31           800 PM
 AVERAGE    62

..........................................................


THE MINOT ND CLIMATE NORMALS FOR TODAY
                         NORMAL    RECORD    YEAR
 MAXIMUM TEMPERATURE (F)   24        50      2002
                                             1913
 MINIMUM TEMPERATURE (F)    8       -34      1917


SUNRISE AND SUNSET
DECEMBER 13 2017......SUNRISE   828 AM CST   SUNSET   451 PM CST
DECEMBER 14 2017......SUNRISE   829 AM CST   SUNSET   451 PM CST


-  INDICATES NEGATIVE NUMBERS.
R  INDICATES RECORD WAS SET OR TIED.
MM INDICATES DATA IS MISSING.
T  INDICATES TRACE AMOUNT.




$$
