000
CDUS43 KBIS 280815
CLIMOT


CLIMATE REPORT
NATIONAL WEATHER SERVICE BISMARCK ND
202 AM CST FRI NOV 28 2014


...................................

...THE MINOT ND CLIMATE SUMMARY FOR NOVEMBER 27 2014...

CLIMATE NORMAL PERIOD 1981 TO 2010
CLIMATE RECORD PERIOD 1905 TO 2014


WEATHER ITEM   OBSERVED TIME   RECORD YEAR NORMAL DEPARTURE LAST
                VALUE   (LST)  VALUE       VALUE  FROM      YEAR
                                                  NORMAL
..................................................................
TEMPERATURE (F)
 YESTERDAY
  MAXIMUM         13    534 PM  68    1949  30    -17       28
  MINIMUM        -18R   121 AM -17    1985  14    -32       12
  AVERAGE         -2                        22    -24       20

PRECIPITATION (IN)
  YESTERDAY        0.02          0.17 1964   0.02   0.00      T
  MONTH TO DATE    0.17                      0.70  -0.53     0.15
  SINCE SEP 1      1.30                      3.32  -2.02     4.63
  SINCE JAN 1     15.94                     16.76  -0.82    24.81

DEGREE DAYS
 HEATING
  YESTERDAY       67                        43     24       45
  MONTH TO DATE 1157                       966    191     1033
  SINCE SEP 1   1928                      1855     73     1857
  SINCE JUL 1   1996                      1926     70     1926
..................................................................


WIND (MPH)
  HIGHEST WIND SPEED    17   HIGHEST WIND DIRECTION    SE (120)
  HIGHEST GUST SPEED    21   HIGHEST GUST DIRECTION     E (110)
  AVERAGE WIND SPEED     8.1


SKY COVER
  POSSIBLE SUNSHINE  MM
  AVERAGE SKY COVER 0.9


WEATHER CONDITIONS
 THE FOLLOWING WEATHER WAS RECORDED YESTERDAY.
  LIGHT SNOW
  FOG
  HAZE


RELATIVE HUMIDITY (PERCENT)
 HIGHEST    86           900 AM
 LOWEST     69           100 AM
 AVERAGE    78

..........................................................


THE MINOT ND CLIMATE NORMALS FOR TODAY
                         NORMAL    RECORD    YEAR
 MAXIMUM TEMPERATURE (F)   30        56      2002
 MINIMUM TEMPERATURE (F)   14       -12      1985


SUNRISE AND SUNSET
NOVEMBER 28 2014......SUNRISE   811 AM CST   SUNSET   455 PM CST
NOVEMBER 29 2014......SUNRISE   812 AM CST   SUNSET   454 PM CST


-  INDICATES NEGATIVE NUMBERS.
R  INDICATES RECORD WAS SET OR TIED.
MM INDICATES DATA IS MISSING.
T  INDICATES TRACE AMOUNT.




$$
