000
CDUS43 KBIS 050018
CLIMOT


CLIMATE REPORT
NATIONAL WEATHER SERVICE BISMARCK ND
718 PM CDT TUE AUG 4 2015


...................................

...THE MINOT ND CLIMATE SUMMARY FOR AUGUST 4 2015...
VALID TODAY AS OF 0700 PM LOCAL TIME.

CLIMATE NORMAL PERIOD 1981 TO 2010
CLIMATE RECORD PERIOD 1897 TO 2015


WEATHER ITEM   OBSERVED TIME   RECORD YEAR NORMAL DEPARTURE LAST
                VALUE   (LST)  VALUE       VALUE  FROM      YEAR
                                                  NORMAL
..................................................................
TEMPERATURE (F)
 TODAY
  MAXIMUM         84    424 PM 102    2001  83      1       79
  MINIMUM         50    450 AM  33    1923  58     -8       50
  AVERAGE         67                        71     -4       65

PRECIPITATION (IN)
  TODAY            0.00          1.53 1911   0.07  -0.07     0.00
  MONTH TO DATE    0.00                      0.28  -0.28     0.01
  SINCE JUN 1      6.07                      6.29  -0.22     7.07
  SINCE JAN 1     10.20                     11.68  -1.48    10.88

DEGREE DAYS
 HEATING
  TODAY            0                         1     -1        0
  MONTH TO DATE    0                         4     -4        0
  SINCE JUN 1     73                       134    -61      121
  SINCE JUL 1     11                        28    -17       30

 COOLING
  TODAY            2                         6     -4        0
  MONTH TO DATE   13                        24    -11        9
  SINCE JUN 1    282                       266     16      140
  SINCE JAN 1    289                       282      7      181
..................................................................


WIND (MPH)
  RESULTANT WIND SPEED   3   RESULTANT WIND DIRECTION   E (110)
  HIGHEST WIND SPEED    15   HIGHEST WIND DIRECTION     E (110)
  HIGHEST GUST SPEED    21   HIGHEST GUST DIRECTION     E (80)
  AVERAGE WIND SPEED     5.3


SKY COVER
  POSSIBLE SUNSHINE  MM
  AVERAGE SKY COVER 0.0


WEATHER CONDITIONS
 THE FOLLOWING WEATHER WAS RECORDED TODAY.
  NO SIGNIFICANT WEATHER WAS OBSERVED.


RELATIVE HUMIDITY (PERCENT)
 HIGHEST    89           300 AM
 LOWEST     28           300 PM
 AVERAGE    59

..........................................................


THE MINOT ND CLIMATE NORMALS FOR TOMORROW
                         NORMAL    RECORD    YEAR
 MAXIMUM TEMPERATURE (F)   83       105      1941
 MINIMUM TEMPERATURE (F)   58        42      1923


SUNRISE AND SUNSET
AUGUST  4 2015........SUNRISE   624 AM CDT   SUNSET   917 PM CDT
AUGUST  5 2015........SUNRISE   625 AM CDT   SUNSET   916 PM CDT


-  INDICATES NEGATIVE NUMBERS.
R  INDICATES RECORD WAS SET OR TIED.
MM INDICATES DATA IS MISSING.
T  INDICATES TRACE AMOUNT.




$$
