000
CDUS41 KPHI 250601
CLIMPO


CLIMATE REPORT
NATIONAL WEATHER SERVICE MOUNT HOLLY NJ
200 AM EDT TUE JUL 25 2017


...................................

...THE MOUNT POCONO PA CLIMATE SUMMARY FOR JULY 24 2017...

CLIMATE NORMAL PERIOD 1981 TO 2010
CLIMATE RECORD PERIOD 1901 TO 2017


WEATHER ITEM   OBSERVED TIME   RECORD YEAR NORMAL DEPARTURE LAST
                VALUE   (LST)  VALUE       VALUE  FROM      YEAR
                                                  NORMAL
..................................................................
TEMPERATURE (F)
 YESTERDAY
  MAXIMUM         71    204 PM  91    1914  78     -7       87
  MINIMUM         60   1159 PM  40    1953  59      1       63
  AVERAGE         66                        68     -2       75

PRECIPITATION (IN)
  YESTERDAY        1.68          2.00 1988   0.17   1.51     0.00
  MONTH TO DATE    5.52                      3.38   2.14     3.36
  SINCE JUN 1      9.32                      7.76   1.56     5.14
  SINCE JAN 1     26.22                     25.26   0.96    22.57

DEGREE DAYS
 HEATING
  YESTERDAY        0                         1     -1        0
  MONTH TO DATE    4                        24    -20       16
  SINCE JUN 1    131                       124      7      108
  SINCE JUL 1      4                        24    -20       16

 COOLING
  YESTERDAY        1                         4     -3       10
  MONTH TO DATE   99                        95      4      111
  SINCE JUN 1    160                       157      3      136
  SINCE JAN 1    178                       176      2      165
..................................................................


WIND (MPH)
  HIGHEST WIND SPEED    17   HIGHEST WIND DIRECTION    SE (120)
  HIGHEST GUST SPEED    23   HIGHEST GUST DIRECTION    SE (130)
  AVERAGE WIND SPEED     8.9


SKY COVER
  POSSIBLE SUNSHINE  MM
  AVERAGE SKY COVER 1.0


WEATHER CONDITIONS
 THE FOLLOWING WEATHER WAS RECORDED YESTERDAY.
  THUNDERSTORM
  HEAVY RAIN
  RAIN
  LIGHT RAIN
  FOG
  FOG W/VISIBILITY <= 1/4 MILE


RELATIVE HUMIDITY (PERCENT)
 HIGHEST   100          1200 AM
 LOWEST     84          1100 AM
 AVERAGE    92

..........................................................


THE MOUNT POCONO PA CLIMATE NORMALS FOR TODAY
                         NORMAL    RECORD    YEAR
 MAXIMUM TEMPERATURE (F)   78        90      1999
 MINIMUM TEMPERATURE (F)   58        40      1932


SUNRISE AND SUNSET
JULY 25 2017..........SUNRISE   551 AM EDT   SUNSET   825 PM EDT
JULY 26 2017..........SUNRISE   552 AM EDT   SUNSET   824 PM EDT


-  INDICATES NEGATIVE NUMBERS.
R  INDICATES RECORD WAS SET OR TIED.
MM INDICATES DATA IS MISSING.
T  INDICATES TRACE AMOUNT.




$$
