000
CDUS41 KPHI 300627
CLIMPO


CLIMATE REPORT
NATIONAL WEATHER SERVICE MOUNT HOLLY NJ
226 AM EDT SAT JUL 30 2016


...................................

...THE MOUNT POCONO PA CLIMATE SUMMARY FOR JULY 29 2016...

CLIMATE NORMAL PERIOD 1981 TO 2010
CLIMATE RECORD PERIOD 1901 TO 2016


WEATHER ITEM   OBSERVED TIME   RECORD YEAR NORMAL DEPARTURE LAST
                VALUE   (LST)  VALUE       VALUE  FROM      YEAR
                                                  NORMAL
..................................................................
TEMPERATURE (F)
 YESTERDAY
  MAXIMUM         83    233 PM  90    1949  78      5       86
  MINIMUM         62   1145 PM  43    1987  58      4       59
  AVERAGE         73                        68      5       73

PRECIPITATION (IN)
  YESTERDAY        0.10          4.59 1969   0.19  -0.09     0.00
  MONTH TO DATE    3.91                      4.23  -0.32     2.85
  SINCE JUN 1      5.69                      8.61  -2.92    11.62
  SINCE JAN 1     23.12                     26.11  -2.99    22.62

SNOWFALL (IN)
  YESTERDAY       MM            MM      MM  MM     MM       MM
  MONTH TO DATE   MM                        MM     MM       MM
  SINCE JUN 1     MM                        MM     MM       MM
  SINCE JUL 1     MM                        MM     MM       MM
  SNOW DEPTH      MM

DEGREE DAYS
 HEATING
  YESTERDAY        0                         1     -1        0
  MONTH TO DATE   16                        29    -13       13
  SINCE JUN 1    108                       129    -21       97
  SINCE JUL 1     16                        29    -13       13

 COOLING
  YESTERDAY        8                         4      4        8
  MONTH TO DATE  152                       115     37      117
  SINCE JUN 1    177                       177      0      183
  SINCE JAN 1    206                       196     10      240
..................................................................


WIND (MPH)
  HIGHEST WIND SPEED    15   HIGHEST WIND DIRECTION     N (360)
  HIGHEST GUST SPEED    21   HIGHEST GUST DIRECTION     N (10)
  AVERAGE WIND SPEED     5.0


SKY COVER
  POSSIBLE SUNSHINE  MM
  AVERAGE SKY COVER 0.4


WEATHER CONDITIONS
 THE FOLLOWING WEATHER WAS RECORDED YESTERDAY.
  LIGHT RAIN
  FOG


RELATIVE HUMIDITY (PERCENT)
 HIGHEST    93           300 AM
 LOWEST     47           400 PM
 AVERAGE    70

..........................................................


THE MOUNT POCONO PA CLIMATE NORMALS FOR TODAY
                         NORMAL    RECORD    YEAR
 MAXIMUM TEMPERATURE (F)   78        90      1954
 MINIMUM TEMPERATURE (F)   58        42      1968


SUNRISE AND SUNSET
JULY 30 2016..........SUNRISE   556 AM EDT   SUNSET   820 PM EDT
JULY 31 2016..........SUNRISE   557 AM EDT   SUNSET   819 PM EDT


-  INDICATES NEGATIVE NUMBERS.
R  INDICATES RECORD WAS SET OR TIED.
MM INDICATES DATA IS MISSING.
T  INDICATES TRACE AMOUNT.




$$
