000
CDUS41 KPHI 230550
CLIMPO


CLIMATE REPORT
NATIONAL WEATHER SERVICE MOUNT HOLLY NJ
1249 AM EST TUE JAN 23 2018


...................................

...THE MOUNT POCONO PA CLIMATE SUMMARY FOR JANUARY 22 2018...

CLIMATE NORMAL PERIOD 1981 TO 2010
CLIMATE RECORD PERIOD 1901 TO 2018


WEATHER ITEM   OBSERVED TIME   RECORD YEAR NORMAL DEPARTURE LAST
                VALUE   (LST)  VALUE       VALUE  FROM      YEAR
                                                  NORMAL
..................................................................
TEMPERATURE (F)
 YESTERDAY
  MAXIMUM         49   1045 AM  58    1909  31     18       48
  MINIMUM         36   1159 PM -23    1984  16     20       34
  AVERAGE         43                        23     20       41

PRECIPITATION (IN)
  YESTERDAY        0.03          1.68 1958   0.08  -0.05     0.03
  MONTH TO DATE    3.27                      2.20   1.07     1.82
  SINCE DEC 1      4.51                      6.07  -1.56     4.01
  SINCE JAN 1      3.27                      2.20   1.07     1.82

DEGREE DAYS
 HEATING
  YESTERDAY       22                        42    -20       24
  MONTH TO DATE 1001                       920     81      831
  SINCE DEC 1   2261                      2078    183     1981
  SINCE JUL 1   3699                      3657     42     3374

 COOLING
  YESTERDAY        0                         0      0        0
  MONTH TO DATE    0                         0      0        0
  SINCE DEC 1      0                         0      0        0
  SINCE JAN 1      0                         0      0        0
..................................................................


WIND (MPH)
  HIGHEST WIND SPEED    12   HIGHEST WIND DIRECTION     E (100)
  HIGHEST GUST SPEED    16   HIGHEST GUST DIRECTION     E (90)
  AVERAGE WIND SPEED     5.9


SKY COVER
  POSSIBLE SUNSHINE  MM
  AVERAGE SKY COVER 0.9


WEATHER CONDITIONS
 THE FOLLOWING WEATHER WAS RECORDED YESTERDAY.
  LIGHT RAIN
  FOG
  FOG W/VISIBILITY <= 1/4 MILE


RELATIVE HUMIDITY (PERCENT)
 HIGHEST   100           400 AM
 LOWEST     92          1200 AM
 AVERAGE    96

..........................................................


THE MOUNT POCONO PA CLIMATE NORMALS FOR TODAY
                         NORMAL    RECORD    YEAR
 MAXIMUM TEMPERATURE (F)   31        62      1906
 MINIMUM TEMPERATURE (F)   16       -15      1970


SUNRISE AND SUNSET
JANUARY 23 2018.......SUNRISE   720 AM EST   SUNSET   507 PM EST
JANUARY 24 2018.......SUNRISE   719 AM EST   SUNSET   508 PM EST


-  INDICATES NEGATIVE NUMBERS.
R  INDICATES RECORD WAS SET OR TIED.
MM INDICATES DATA IS MISSING.
T  INDICATES TRACE AMOUNT.




$$
