000
CDUS41 KPHI 260545
CLIMPO


CLIMATE REPORT
NATIONAL WEATHER SERVICE MOUNT HOLLY NJ
144 AM EDT TUE SEP 26 2017


...................................

...THE MOUNT POCONO PA CLIMATE SUMMARY FOR SEPTEMBER 25 2017...

CLIMATE NORMAL PERIOD 1981 TO 2010
CLIMATE RECORD PERIOD 1901 TO 2017


WEATHER ITEM   OBSERVED TIME   RECORD YEAR NORMAL DEPARTURE LAST
                VALUE   (LST)  VALUE       VALUE  FROM      YEAR
                                                  NORMAL
..................................................................
TEMPERATURE (F)
 YESTERDAY
  MAXIMUM         84    251 PM  85    1970  64     20       63
  MINIMUM         60    557 AM  26    1963  46     14       37
  AVERAGE         72                        55     17       50

PRECIPITATION (IN)
  YESTERDAY        0.00          2.70 1902   0.21  -0.21     0.00
  MONTH TO DATE    2.76                      4.33  -1.57     1.24
  SINCE SEP 1      2.76                      4.33  -1.57     1.24
  SINCE JAN 1     33.37                     35.31  -1.94    30.83

DEGREE DAYS
 HEATING
  YESTERDAY        0                        10    -10       15
  MONTH TO DATE  112                       149    -37       82
  SINCE SEP 1    112                       149    -37       82
  SINCE JUL 1    210                       212     -2      114

 COOLING
  YESTERDAY        7                         0      7        0
  MONTH TO DATE   37                        13     24       51
  SINCE SEP 1     37                        13     24       51
  SINCE JAN 1    266                       309    -43      397
..................................................................


WIND (MPH)
  HIGHEST WIND SPEED    12   HIGHEST WIND DIRECTION     N (20)
  HIGHEST GUST SPEED    15   HIGHEST GUST DIRECTION     E (100)
  AVERAGE WIND SPEED     4.1


SKY COVER
  POSSIBLE SUNSHINE  MM
  AVERAGE SKY COVER 0.0


WEATHER CONDITIONS
 THE FOLLOWING WEATHER WAS RECORDED YESTERDAY.
  FOG


RELATIVE HUMIDITY (PERCENT)
 HIGHEST   100           500 AM
 LOWEST     58           200 PM
 AVERAGE    79

..........................................................


THE MOUNT POCONO PA CLIMATE NORMALS FOR TODAY
                         NORMAL    RECORD    YEAR
 MAXIMUM TEMPERATURE (F)   64        85      2007
 MINIMUM TEMPERATURE (F)   46        25      1932


SUNRISE AND SUNSET
SEPTEMBER 26 2017.....SUNRISE   653 AM EDT   SUNSET   651 PM EDT
SEPTEMBER 27 2017.....SUNRISE   654 AM EDT   SUNSET   650 PM EDT


-  INDICATES NEGATIVE NUMBERS.
R  INDICATES RECORD WAS SET OR TIED.
MM INDICATES DATA IS MISSING.
T  INDICATES TRACE AMOUNT.




$$
