000
CDUS41 KPHI 182128
CLIMPO


CLIMATE REPORT
NATIONAL WEATHER SERVICE MOUNT HOLLY NJ
427 PM EST SAT NOV 18 2017


...................................

...THE MOUNT POCONO PA CLIMATE SUMMARY FOR NOVEMBER 18 2017...
VALID TODAY AS OF 0400 PM LOCAL TIME.

CLIMATE NORMAL PERIOD 1981 TO 2010
CLIMATE RECORD PERIOD 1901 TO 2017


WEATHER ITEM   OBSERVED TIME   RECORD YEAR NORMAL DEPARTURE LAST
                VALUE   (LST)  VALUE       VALUE  FROM      YEAR
                                                  NORMAL
..................................................................
TEMPERATURE (F)
 TODAY
  MAXIMUM         37    359 PM  70    1939  45     -8       69
  MINIMUM         21    225 AM  10    1916  31    -10       33
  AVERAGE         29                        38     -9       51

PRECIPITATION (IN)
  TODAY            0.07          2.33 1929   0.18  -0.11     0.00
  MONTH TO DATE    0.69                      2.56  -1.87     0.19
  SINCE SEP 1     10.15                     11.88  -1.73     6.07
  SINCE JAN 1     40.76                     42.86  -2.10    35.66

DEGREE DAYS
 HEATING
  TODAY           36                        27      9       14
  MONTH TO DATE  499                       433     66      379
  SINCE SEP 1    995                      1158   -163     1006
  SINCE JUL 1   1093                      1221   -128     1038

 COOLING
  TODAY            0                         0      0        0
  MONTH TO DATE    0                         0      0        0
  SINCE SEP 1     58                        18     40       51
  SINCE JAN 1    287                       314    -27      397
..................................................................


WIND (MPH)
  HIGHEST WIND SPEED    16   HIGHEST WIND DIRECTION     S (200)
  HIGHEST GUST SPEED    22   HIGHEST GUST DIRECTION    SW (210)
  AVERAGE WIND SPEED     6.3


SKY COVER
  POSSIBLE SUNSHINE  MM
  AVERAGE SKY COVER 0.5


WEATHER CONDITIONS
 THE FOLLOWING WEATHER WAS RECORDED TODAY.
  LIGHT RAIN
  FOG


RELATIVE HUMIDITY (PERCENT)
 HIGHEST   100           300 PM
 LOWEST     61           700 AM
 AVERAGE    81

..........................................................


THE MOUNT POCONO PA CLIMATE NORMALS FOR TOMORROW
                         NORMAL    RECORD    YEAR
 MAXIMUM TEMPERATURE (F)   44        69      1941
 MINIMUM TEMPERATURE (F)   31        10      1933


SUNRISE AND SUNSET
NOVEMBER 18 2017......SUNRISE   653 AM EST   SUNSET   440 PM EST
NOVEMBER 19 2017......SUNRISE   654 AM EST   SUNSET   439 PM EST


-  INDICATES NEGATIVE NUMBERS.
R  INDICATES RECORD WAS SET OR TIED.
MM INDICATES DATA IS MISSING.
T  INDICATES TRACE AMOUNT.




$$
