000
CDUS41 KPHI 290630
CLIMPO


CLIMATE REPORT
NATIONAL WEATHER SERVICE MOUNT HOLLY NJ
129 AM EST MON DEC 29 2014


...................................

...THE MOUNT POCONO PA CLIMATE SUMMARY FOR DECEMBER 28 2014...

CLIMATE NORMAL PERIOD 1981 TO 2010
CLIMATE RECORD PERIOD 1901 TO 2014


WEATHER ITEM   OBSERVED TIME   RECORD YEAR NORMAL DEPARTURE LAST
                VALUE   (LST)  VALUE       VALUE  FROM      YEAR
                                                  NORMAL
..................................................................
TEMPERATURE (F)
 YESTERDAY
  MAXIMUM         46    307 AM  54    2008  32     14       46
                                      1982
  MINIMUM         31   1159 PM -15    1962  18     13       26
  AVERAGE         39                        24     15       36

PRECIPITATION (IN)
  YESTERDAY        0.05          1.20 1942   0.10  -0.05     0.00
  MONTH TO DATE    2.80                      3.56  -0.76     1.73
  SINCE DEC 1      2.80                      3.56  -0.76     1.73
  SINCE JAN 1     40.52                     48.47  -7.95    43.31

SNOWFALL (IN)
  YESTERDAY       MM            MM      MM  MM     MM       MM
  MONTH TO DATE   MM                        MM     MM       MM
  SINCE DEC 1     MM                        MM     MM       MM
  SINCE JUL 1     MM                        MM     MM       MM
  SNOW DEPTH      MM

DEGREE DAYS
 HEATING
  YESTERDAY       26                        40    -14       29
  MONTH TO DATE  911                      1033   -122     1009
  SINCE DEC 1    911                      1033   -122     1009
  SINCE JUL 1   2478                      2612   -134     2621

 COOLING
  YESTERDAY        0                         0      0        0
  MONTH TO DATE    0                         0      0        0
  SINCE DEC 1      0                         0      0        0
  SINCE JAN 1    253                       314    -61      467
..................................................................


WIND (MPH)
  HIGHEST WIND SPEED    17   HIGHEST WIND DIRECTION    NW (330)
  HIGHEST GUST SPEED    24   HIGHEST GUST DIRECTION    NW (310)
  AVERAGE WIND SPEED    10.7


SKY COVER
  POSSIBLE SUNSHINE  MM
  AVERAGE SKY COVER 0.9


WEATHER CONDITIONS
 THE FOLLOWING WEATHER WAS RECORDED YESTERDAY.
  LIGHT RAIN


RELATIVE HUMIDITY (PERCENT)
 HIGHEST    83          1100 AM
 LOWEST     53          1200 AM
 AVERAGE    68

..........................................................


THE MOUNT POCONO PA CLIMATE NORMALS FOR TODAY
                         NORMAL    RECORD    YEAR
 MAXIMUM TEMPERATURE (F)   31        56      1982
 MINIMUM TEMPERATURE (F)   17       -15      1933


SUNRISE AND SUNSET
DECEMBER 29 2014......SUNRISE   726 AM EST   SUNSET   441 PM EST
DECEMBER 30 2014......SUNRISE   727 AM EST   SUNSET   442 PM EST


-  INDICATES NEGATIVE NUMBERS.
R  INDICATES RECORD WAS SET OR TIED.
MM INDICATES DATA IS MISSING.
T  INDICATES TRACE AMOUNT.




$$
