000
CDUS41 KPHI 282126
CLIMPO


CLIMATE REPORT
NATIONAL WEATHER SERVICE MOUNT HOLLY NJ
526 PM EDT FRI AUG 28 2015


...................................

...THE MOUNT POCONO PA CLIMATE SUMMARY FOR AUGUST 28 2015...
VALID TODAY AS OF 0500 PM LOCAL TIME.

CLIMATE NORMAL PERIOD 1981 TO 2010
CLIMATE RECORD PERIOD 1901 TO 2015


WEATHER ITEM   OBSERVED TIME   RECORD YEAR NORMAL DEPARTURE LAST
                VALUE   (LST)  VALUE       VALUE  FROM      YEAR
                                                  NORMAL
..................................................................
TEMPERATURE (F)
 TODAY
  MAXIMUM         72    351 PM  90    1953  74     -2       70
  MINIMUM         47    501 AM  33    1941  56     -9       49
  AVERAGE         60                        65     -5       60

PRECIPITATION (IN)
  TODAY            0.00          4.13 2011   0.09  -0.09     0.00
  MONTH TO DATE    5.14                      4.15   0.99     2.52
  SINCE JUN 1     16.97                     13.17   3.80     9.66
  SINCE JAN 1     27.97                     30.67  -2.70    28.42

SNOWFALL (IN)
  TODAY           MM            MM      MM  MM     MM       MM
  MONTH TO DATE   MM                        MM     MM       MM
  SINCE JUN 1     MM                        MM     MM       MM
  SINCE JUL 1     MM                        MM     MM       MM
  SNOW DEPTH      MM

DEGREE DAYS
 HEATING
  TODAY            5                         2      3        5
  MONTH TO DATE   26                        33     -7       44
  SINCE JUN 1    123                       155    -32      123
  SINCE JUL 1     39                        55    -16       68

 COOLING
  TODAY            0                         2     -2        0
  MONTH TO DATE   77                        92    -15       35
  SINCE JUN 1    271                       275     -4      203
  SINCE JAN 1    328                       294     34      210
..................................................................


WIND (MPH)
  HIGHEST WIND SPEED    13   HIGHEST WIND DIRECTION     W (270)
  HIGHEST GUST SPEED    17   HIGHEST GUST DIRECTION    NW (330)
  AVERAGE WIND SPEED     4.0


SKY COVER
  POSSIBLE SUNSHINE  MM
  AVERAGE SKY COVER 0.4


WEATHER CONDITIONS
 THE FOLLOWING WEATHER WAS RECORDED TODAY.
  FOG


RELATIVE HUMIDITY (PERCENT)
 HIGHEST   100           300 AM
 LOWEST     49           300 PM
 AVERAGE    75

..........................................................


THE MOUNT POCONO PA CLIMATE NORMALS FOR TOMORROW
                         NORMAL    RECORD    YEAR
 MAXIMUM TEMPERATURE (F)   74        90      1953
 MINIMUM TEMPERATURE (F)   55        35      1907


SUNRISE AND SUNSET
AUGUST 28 2015........SUNRISE   624 AM EDT   SUNSET   741 PM EDT
AUGUST 29 2015........SUNRISE   625 AM EDT   SUNSET   739 PM EDT


-  INDICATES NEGATIVE NUMBERS.
R  INDICATES RECORD WAS SET OR TIED.
MM INDICATES DATA IS MISSING.
T  INDICATES TRACE AMOUNT.




$$
