000
CDUS41 KPHI 200629
CLIMPO


CLIMATE REPORT
NATIONAL WEATHER SERVICE MOUNT HOLLY NJ
229 AM EDT SUN APR 20 2014


...................................

...THE MOUNT POCONO PA CLIMATE SUMMARY FOR APRIL 19 2014...

CLIMATE NORMAL PERIOD 1981 TO 2010
CLIMATE RECORD PERIOD 1901 TO 2014


WEATHER ITEM   OBSERVED TIME   RECORD YEAR NORMAL DEPARTURE LAST
                VALUE   (LST)  VALUE       VALUE  FROM      YEAR
                                                  NORMAL
..................................................................
TEMPERATURE (F)
 YESTERDAY
  MAXIMUM         58    337 PM  86    1976  57      1       67
  MINIMUM         39    601 AM  18    1905  37      2       45
  AVERAGE         49                        47      2       56

PRECIPITATION (IN)
  YESTERDAY        0.00          1.09 2013   0.11  -0.11     1.09
  MONTH TO DATE    2.78                      2.79  -0.01     2.03
  SINCE MAR 1      4.99                      6.62  -1.63     5.36
  SINCE JAN 1     11.38                     11.88  -0.50     8.89

SNOWFALL (IN)
  YESTERDAY       MM            MM      MM  MM     MM       MM
  MONTH TO DATE   MM                        MM     MM       MM
  SINCE MAR 1     MM                        MM     MM       MM
  SINCE JUL 1     MM                        MM     MM       MM
  SNOW DEPTH      MM

DEGREE DAYS
 HEATING
  YESTERDAY       16                        18     -2        9
  MONTH TO DATE  389                       416    -27      367
  SINCE MAR 1   1565                      1391    174     1411
  SINCE JUL 1   6992                      6514    478     6239

 COOLING
  YESTERDAY        0                         0      0        0
  MONTH TO DATE    0                         0      0        1
  SINCE MAR 1      0                         0      0        1
  SINCE JAN 1      0                         0      0        1
..................................................................


WIND (MPH)
  HIGHEST WIND SPEED    23   HIGHEST WIND DIRECTION    NW (320)
  HIGHEST GUST SPEED    30   HIGHEST GUST DIRECTION    NW (330)
  AVERAGE WIND SPEED    10.3


SKY COVER
  POSSIBLE SUNSHINE  MM
  AVERAGE SKY COVER 0.0


WEATHER CONDITIONS
 THE FOLLOWING WEATHER WAS RECORDED YESTERDAY.
  HAZE


RELATIVE HUMIDITY (PERCENT)
 HIGHEST    79           500 AM
 LOWEST     24           400 PM
 AVERAGE    52

..........................................................


THE MOUNT POCONO PA CLIMATE NORMALS FOR TODAY
                         NORMAL    RECORD    YEAR
 MAXIMUM TEMPERATURE (F)   57        85      1941
 MINIMUM TEMPERATURE (F)   37        17      1904


SUNRISE AND SUNSET
APRIL 20 2014.........SUNRISE   615 AM EDT   SUNSET   747 PM EDT
APRIL 21 2014.........SUNRISE   613 AM EDT   SUNSET   748 PM EDT


-  INDICATES NEGATIVE NUMBERS.
R  INDICATES RECORD WAS SET OR TIED.
MM INDICATES DATA IS MISSING.
T  INDICATES TRACE AMOUNT.




$$
