000
CDUS41 KBTV 220526
CLIMPV


CLIMATE REPORT
NATIONAL WEATHER SERVICE BURLINGTON VT
124 AM EDT SUN OCT 22 2017


...................................

...THE MONTPELIER VT CLIMATE SUMMARY FOR OCTOBER 21 2017...

CLIMATE NORMAL PERIOD 1981 TO 2010
CLIMATE RECORD PERIOD 1948 TO 2017


WEATHER ITEM   OBSERVED TIME   RECORD YEAR NORMAL DEPARTURE LAST
                VALUE   (LST)  VALUE       VALUE  FROM      YEAR
                                                  NORMAL
..................................................................
TEMPERATURE (F)
 YESTERDAY
  MAXIMUM         MM        MM  77    1979  54     MM       68
  MINIMUM         MM        MM  15    1972  34     MM       48
  AVERAGE         MM                        44     MM       58

PRECIPITATION (IN)
  YESTERDAY       MM             2.12        0.10  MM        1.06
  MONTH TO DATE    1.02                      2.40  -1.38     1.34
  SINCE SEP 1      3.51                      5.52  -2.01     3.12
  SINCE JAN 1     35.13                     30.32   4.81    27.68

DEGREE DAYS
 HEATING
  YESTERDAY       MM                        21     MM        7
  MONTH TO DATE  213                       373   -160      266
  SINCE SEP 1    371                       620   -249      428
  SINCE JUL 1    517                       728   -211      482

 COOLING
  YESTERDAY       MM                         0     MM        0
  MONTH TO DATE    0                         0      0        0
  SINCE SEP 1     47                        19     28       28
  SINCE JAN 1    243                       263    -20      300
..................................................................


WIND (MPH)
  HIGHEST WIND SPEED    MM   HIGHEST WIND DIRECTION    MM
  HIGHEST GUST SPEED    MM   HIGHEST GUST DIRECTION    MM
  AVERAGE WIND SPEED    MM


SKY COVER
  AVERAGE SKY COVER  MM


WEATHER CONDITIONS
 THE FOLLOWING WEATHER WAS RECORDED YESTERDAY.
  NO SIGNIFICANT WEATHER WAS OBSERVED.


RELATIVE HUMIDITY (PERCENT)
 HIGHEST    MM
 LOWEST     MM
 AVERAGE    MM

..........................................................


THE MONTPELIER VT CLIMATE NORMALS FOR TODAY
                         NORMAL    RECORD    YEAR
 MAXIMUM TEMPERATURE (F)   54        80      2007
                                             1979
 MINIMUM TEMPERATURE (F)   33        15      1959


SUNRISE AND SUNSET
OCTOBER 22 2017.......SUNRISE   714 AM EDT   SUNSET   554 PM EDT
OCTOBER 23 2017.......SUNRISE   716 AM EDT   SUNSET   553 PM EDT


-  INDICATES NEGATIVE NUMBERS.
R  INDICATES RECORD WAS SET OR TIED.
MM INDICATES DATA IS MISSING.
T  INDICATES TRACE AMOUNT.




$$
