000
CDUS41 KBTV 110523
CLIMPV


CLIMATE REPORT
NATIONAL WEATHER SERVICE BURLINGTON VT
1221 AM EST THU FEB 11 2016


...................................

...THE MONTPELIER VT CLIMATE SUMMARY FOR FEBRUARY 10 2016...

CLIMATE NORMAL PERIOD 1981 TO 2010
CLIMATE RECORD PERIOD 1948 TO 2016


WEATHER ITEM   OBSERVED TIME   RECORD YEAR NORMAL DEPARTURE LAST
                VALUE   (LST)  VALUE       VALUE  FROM      YEAR
                                                  NORMAL
..................................................................
TEMPERATURE (F)
 YESTERDAY
  MAXIMUM         33    349 PM  50    1966  29      4       22
  MINIMUM         14   1156 PM -23    1984   8      6        0
  AVERAGE         24                        19      5       11

PRECIPITATION (IN)
  YESTERDAY        0.01          1.02        0.07  -0.06     0.00
  MONTH TO DATE    0.36                      0.76  -0.40     0.83
  SINCE DEC 1      5.31                      5.95  -0.64     6.18
  SINCE JAN 1      1.62                      3.21  -1.59     2.61

DEGREE DAYS
 HEATING
  YESTERDAY       41                        46     -5       54
  MONTH TO DATE  364                       470   -106      573
  SINCE DEC 1   2668                      3269   -601     3423
  SINCE JUL 1   4311                      5115   -804     5241

 COOLING
  YESTERDAY        0                         0      0        0
  MONTH TO DATE    0                         0      0        0
  SINCE DEC 1      0                         0      0        0
  SINCE JAN 1      0                         0      0        0
..................................................................


WIND (MPH)
  HIGHEST WIND SPEED    15   HIGHEST WIND DIRECTION    NW (300)
  HIGHEST GUST SPEED    21   HIGHEST GUST DIRECTION    NW (300)
  AVERAGE WIND SPEED     4.8


SKY COVER
  AVERAGE SKY COVER 0.9


WEATHER CONDITIONS
 THE FOLLOWING WEATHER WAS RECORDED YESTERDAY.
  LIGHT SNOW
  FOG
  HAZE


RELATIVE HUMIDITY (PERCENT)
 HIGHEST    91           500 AM
 LOWEST     56           300 PM
 AVERAGE    74

..........................................................


THE MONTPELIER VT CLIMATE NORMALS FOR TODAY
                         NORMAL    RECORD    YEAR
 MAXIMUM TEMPERATURE (F)   29        52      1981
 MINIMUM TEMPERATURE (F)    9       -22      1983


SUNRISE AND SUNSET
FEBRUARY 11 2016......SUNRISE   656 AM EST   SUNSET   513 PM EST
FEBRUARY 12 2016......SUNRISE   655 AM EST   SUNSET   515 PM EST


-  INDICATES NEGATIVE NUMBERS.
R  INDICATES RECORD WAS SET OR TIED.
MM INDICATES DATA IS MISSING.
T  INDICATES TRACE AMOUNT.




$$
