000
CDUS41 KBTV 260531
CLIMPV


CLIMATE REPORT
NATIONAL WEATHER SERVICE BURLINGTON VT
129 AM EDT FRI AUG 26 2016


...................................

...THE MONTPELIER VT CLIMATE SUMMARY FOR AUGUST 25 2016...

CLIMATE NORMAL PERIOD 1981 TO 2010
CLIMATE RECORD PERIOD 1948 TO 2016


WEATHER ITEM   OBSERVED TIME   RECORD YEAR NORMAL DEPARTURE LAST
                VALUE   (LST)  VALUE       VALUE  FROM      YEAR
                                                  NORMAL
..................................................................
TEMPERATURE (F)
 YESTERDAY
  MAXIMUM         78   1236 PM  92    1948  76      2       78
  MINIMUM         59    313 AM  36    1987  53      6       61
  AVERAGE         69                        64      5       70

PRECIPITATION (IN)
  YESTERDAY        0.00          0.56        0.10  -0.10     0.21
  MONTH TO DATE    5.28                      3.40   1.88     1.81
  SINCE JUN 1     12.06                     11.28   0.78    15.23
  SINCE JAN 1     24.34                     24.19   0.15    25.93

DEGREE DAYS
 HEATING
  YESTERDAY        0                         3     -3        0
  MONTH TO DATE   18                        49    -31       14
  SINCE JUN 1    182                       210    -28      227
  SINCE JUL 1     50                        89    -39       65

 COOLING
  YESTERDAY        4                         2      2        5
  MONTH TO DATE   93                        66     27       87
  SINCE JUN 1    228                       224      4      198
  SINCE JAN 1    257                       234     23      232
..................................................................


WIND (MPH)
  HIGHEST WIND SPEED    17   HIGHEST WIND DIRECTION     S (190)
  HIGHEST GUST SPEED    24   HIGHEST GUST DIRECTION     S (170)
  AVERAGE WIND SPEED     6.9


SKY COVER
  AVERAGE SKY COVER 0.3


WEATHER CONDITIONS
 THE FOLLOWING WEATHER WAS RECORDED YESTERDAY.
  NO SIGNIFICANT WEATHER WAS OBSERVED.


RELATIVE HUMIDITY (PERCENT)
 HIGHEST    93          1000 PM
 LOWEST     68          1000 AM
 AVERAGE    81

..........................................................


THE MONTPELIER VT CLIMATE NORMALS FOR TODAY
                         NORMAL    RECORD    YEAR
 MAXIMUM TEMPERATURE (F)   75        93      1948
 MINIMUM TEMPERATURE (F)   52        35      1986


SUNRISE AND SUNSET
AUGUST 26 2016........SUNRISE   607 AM EDT   SUNSET   736 PM EDT
AUGUST 27 2016........SUNRISE   608 AM EDT   SUNSET   734 PM EDT


-  INDICATES NEGATIVE NUMBERS.
R  INDICATES RECORD WAS SET OR TIED.
MM INDICATES DATA IS MISSING.
T  INDICATES TRACE AMOUNT.




$$
