000
CDUS41 KBTV 270551
CLIMPV


CLIMATE REPORT
NATIONAL WEATHER SERVICE BURLINGTON VT
150 AM EDT FRI MAR 27 2015


...................................

...THE MONTPELIER VT CLIMATE SUMMARY FOR MARCH 26 2015...

CLIMATE NORMAL PERIOD 1981 TO 2010
CLIMATE RECORD PERIOD 1948 TO 2015


WEATHER ITEM   OBSERVED TIME   RECORD YEAR NORMAL DEPARTURE LAST
                VALUE   (LST)  VALUE       VALUE  FROM      YEAR
                                                  NORMAL
..................................................................
TEMPERATURE (F)
 YESTERDAY
  MAXIMUM         48   1110 AM  65    1986  43      5       23
  MINIMUM         32   1147 PM -12    1960  23      9       10
  AVERAGE         40                        33      7       17

PRECIPITATION (IN)
  YESTERDAY        0.39          1.01        0.08   0.31     0.00
  MONTH TO DATE    0.75                      1.98  -1.23     1.77
  SINCE MAR 1      0.75                      1.98  -1.23     1.77
  SINCE JAN 1      3.62                      6.47  -2.85     6.08

DEGREE DAYS
 HEATING
  YESTERDAY       25                        32     -7       48
  MONTH TO DATE 1131                       964    167     1280
  SINCE MAR 1   1131                       964    167     1280
  SINCE JUL 1   7469                      6872    597     7445

 COOLING
  YESTERDAY        0                         0      0        0
  MONTH TO DATE    0                         0      0        0
  SINCE MAR 1      0                         0      0        0
  SINCE JAN 1      0                         0      0        0
..................................................................


WIND (MPH)
  HIGHEST WIND SPEED    20   HIGHEST WIND DIRECTION    SW (230)
  HIGHEST GUST SPEED    28   HIGHEST GUST DIRECTION    SW (220)
  AVERAGE WIND SPEED     3.7


SKY COVER
  AVERAGE SKY COVER 0.9


WEATHER CONDITIONS
 THE FOLLOWING WEATHER WAS RECORDED YESTERDAY.
  RAIN
  LIGHT RAIN
  FOG
  FOG W/VISIBILITY <= 1/4 MILE


RELATIVE HUMIDITY (PERCENT)
 HIGHEST   100           400 PM
 LOWEST     60          1000 AM
 AVERAGE    80

..........................................................


THE MONTPELIER VT CLIMATE NORMALS FOR TODAY
                         NORMAL    RECORD    YEAR
 MAXIMUM TEMPERATURE (F)   43        69      1993
 MINIMUM TEMPERATURE (F)   24         2      1990


SUNRISE AND SUNSET
MARCH 27 2015.........SUNRISE   641 AM EDT   SUNSET   711 PM EDT
MARCH 28 2015.........SUNRISE   639 AM EDT   SUNSET   712 PM EDT


-  INDICATES NEGATIVE NUMBERS.
R  INDICATES RECORD WAS SET OR TIED.
MM INDICATES DATA IS MISSING.
T  INDICATES TRACE AMOUNT.




$$
