000
CDUS41 KBTV 170532
CLIMPV


CLIMATE REPORT
NATIONAL WEATHER SERVICE BURLINGTON VT
1231 AM EST WED JAN 17 2018


...................................

...THE MONTPELIER VT CLIMATE SUMMARY FOR JANUARY 16 2018...

CLIMATE NORMAL PERIOD 1981 TO 2010
CLIMATE RECORD PERIOD 1948 TO 2018


WEATHER ITEM   OBSERVED TIME   RECORD YEAR NORMAL DEPARTURE LAST
                VALUE   (LST)  VALUE       VALUE  FROM      YEAR
                                                  NORMAL
..................................................................
TEMPERATURE (F)
 YESTERDAY
  MAXIMUM         24    321 PM  64    1995  26     -2       38
  MINIMUM          9    408 AM -26    2009   7      2        4
  AVERAGE         17                        16      1       21

PRECIPITATION (IN)
  YESTERDAY        T             0.68        0.08  -0.08     0.00
  MONTH TO DATE    1.88                      1.18   0.70     0.67
  SINCE DEC 1      4.15                      3.92   0.23     3.26
  SINCE JAN 1      1.88                      1.18   0.70     0.67

DEGREE DAYS
 HEATING
  YESTERDAY       48                        49     -1       44
  MONTH TO DATE  853                       772     81      703
  SINCE DEC 1   2336                      2074    262     1998
  SINCE JUL 1   3970                      3920     50     3587

 COOLING
  YESTERDAY        0                         0      0        0
  MONTH TO DATE    0                         0      0        0
  SINCE DEC 1      0                         0      0        0
  SINCE JAN 1      0                         0      0        0
..................................................................


WIND (MPH)
  HIGHEST WIND SPEED    12   HIGHEST WIND DIRECTION     S (170)
  HIGHEST GUST SPEED    14   HIGHEST GUST DIRECTION     S (170)
  AVERAGE WIND SPEED     2.7


SKY COVER
  AVERAGE SKY COVER 1.0


WEATHER CONDITIONS
 THE FOLLOWING WEATHER WAS RECORDED YESTERDAY.
  LIGHT SNOW
  FOG


RELATIVE HUMIDITY (PERCENT)
 HIGHEST   100           200 AM
 LOWEST     84          1100 AM
 AVERAGE    92

..........................................................


THE MONTPELIER VT CLIMATE NORMALS FOR TODAY
                         NORMAL    RECORD    YEAR
 MAXIMUM TEMPERATURE (F)   26        61      1999
 MINIMUM TEMPERATURE (F)    7       -22      1968


SUNRISE AND SUNSET
JANUARY 17 2018.......SUNRISE   721 AM EST   SUNSET   440 PM EST
JANUARY 18 2018.......SUNRISE   721 AM EST   SUNSET   441 PM EST


-  INDICATES NEGATIVE NUMBERS.
R  INDICATES RECORD WAS SET OR TIED.
MM INDICATES DATA IS MISSING.
T  INDICATES TRACE AMOUNT.




$$
