000
CDUS41 KBTV 280527
CLIMPV


CLIMATE REPORT
NATIONAL WEATHER SERVICE BURLINGTON VT
1225 AM EST SUN DEC 28 2014


...................................

...THE MONTPELIER VT CLIMATE SUMMARY FOR DECEMBER 27 2014...

CLIMATE NORMAL PERIOD 1981 TO 2010
CLIMATE RECORD PERIOD 1948 TO 2014


WEATHER ITEM   OBSERVED TIME   RECORD YEAR NORMAL DEPARTURE LAST
                VALUE   (LST)  VALUE       VALUE  FROM      YEAR
                                                  NORMAL
..................................................................
TEMPERATURE (F)
 YESTERDAY
  MAXIMUM         41   1159 PM  56    1949  28     13       27
  MINIMUM         31    408 AM -24    1968  10     21       18
  AVERAGE         36                        19     17       23

PRECIPITATION (IN)
  YESTERDAY        0.00          1.56        0.08  -0.08      T
  MONTH TO DATE    3.52                      2.45   1.07     1.61
  SINCE DEC 1      3.52                      2.45   1.07     1.61
  SINCE JAN 1     36.31                     36.98  -0.67    36.70

DEGREE DAYS
 HEATING
  YESTERDAY       29                        46    -17       42
  MONTH TO DATE 1021                      1115    -94     1178
  SINCE DEC 1   1021                      1115    -94     1178
  SINCE JUL 1   2839                      2961   -122     3082

 COOLING
  YESTERDAY        0                         0      0        0
  MONTH TO DATE    0                         0      0        0
  SINCE DEC 1      0                         0      0        0
  SINCE JAN 1    188                       264    -76      323
..................................................................


WIND (MPH)
  HIGHEST WIND SPEED    18   HIGHEST WIND DIRECTION     S (180)
  HIGHEST GUST SPEED    21   HIGHEST GUST DIRECTION     S (190)
  AVERAGE WIND SPEED     4.3


SKY COVER
  AVERAGE SKY COVER 1.0


WEATHER CONDITIONS
 THE FOLLOWING WEATHER WAS RECORDED YESTERDAY.
  NO SIGNIFICANT WEATHER WAS OBSERVED.


RELATIVE HUMIDITY (PERCENT)
 HIGHEST    85          1200 AM
 LOWEST     70          1100 AM
 AVERAGE    78

..........................................................


THE MONTPELIER VT CLIMATE NORMALS FOR TODAY
                         NORMAL    RECORD    YEAR
 MAXIMUM TEMPERATURE (F)   28        63      1982
 MINIMUM TEMPERATURE (F)   10       -19      1960


SUNRISE AND SUNSET
DECEMBER 28 2014......SUNRISE   725 AM EST   SUNSET   419 PM EST
DECEMBER 29 2014......SUNRISE   725 AM EST   SUNSET   419 PM EST


-  INDICATES NEGATIVE NUMBERS.
R  INDICATES RECORD WAS SET OR TIED.
MM INDICATES DATA IS MISSING.
T  INDICATES TRACE AMOUNT.




$$
