000
CDUS41 KBTV 280705
CLIMPV


CLIMATE REPORT
NATIONAL WEATHER SERVICE BURLINGTON VT
303 AM EDT FRI APR 28 2017


...................................

...THE MONTPELIER VT CLIMATE SUMMARY FOR APRIL 27 2017...

CLIMATE NORMAL PERIOD 1981 TO 2010
CLIMATE RECORD PERIOD 1948 TO 2017


WEATHER ITEM   OBSERVED TIME   RECORD YEAR NORMAL DEPARTURE LAST
                VALUE   (LST)  VALUE       VALUE  FROM      YEAR
                                                  NORMAL
..................................................................
TEMPERATURE (F)
 YESTERDAY
  MAXIMUM         69    515 PM  86    2009  59     10       47
                                      1962
  MINIMUM         53    502 AM  17    1966  36     17       22
  AVERAGE         61                        47     14       35

PRECIPITATION (IN)
  YESTERDAY        0.00          0.69        0.09  -0.09     0.00
  MONTH TO DATE    3.21                      2.37   0.84     2.27
  SINCE MAR 1      5.81                      4.76   1.05     4.77
  SINCE JAN 1      9.73                      9.25   0.48     9.94

DEGREE DAYS
 HEATING
  YESTERDAY        4                        18    -14       30
  MONTH TO DATE  519                       627   -108      726
  SINCE MAR 1   1800                      1744     56     1689
  SINCE JUL 1   7021                      7652   -631     6843

 COOLING
  YESTERDAY        0                         0      0        0
  MONTH TO DATE    1                         0      1        0
  SINCE MAR 1      1                         0      1        0
  SINCE JAN 1      1                         0      1        0
..................................................................


WIND (MPH)
  HIGHEST WIND SPEED    16   HIGHEST WIND DIRECTION     S (190)
  HIGHEST GUST SPEED    24   HIGHEST GUST DIRECTION     S (160)
  AVERAGE WIND SPEED     8.5


SKY COVER
  AVERAGE SKY COVER 1.0


WEATHER CONDITIONS
 THE FOLLOWING WEATHER WAS RECORDED YESTERDAY.
  FOG


RELATIVE HUMIDITY (PERCENT)
 HIGHEST   100           100 AM
 LOWEST     61           500 PM
 AVERAGE    81

..........................................................


THE MONTPELIER VT CLIMATE NORMALS FOR TODAY
                         NORMAL    RECORD    YEAR
 MAXIMUM TEMPERATURE (F)   60        90      1990
 MINIMUM TEMPERATURE (F)   36        22      2016


SUNRISE AND SUNSET
APRIL 28 2017.........SUNRISE   546 AM EDT   SUNSET   751 PM EDT
APRIL 29 2017.........SUNRISE   544 AM EDT   SUNSET   752 PM EDT


-  INDICATES NEGATIVE NUMBERS.
R  INDICATES RECORD WAS SET OR TIED.
MM INDICATES DATA IS MISSING.
T  INDICATES TRACE AMOUNT.




$$
