000
CDUS41 KBTV 270618
CLIMPV


CLIMATE REPORT
NATIONAL WEATHER SERVICE BURLINGTON VT
216 AM EDT TUE JUN 27 2017


...................................

...THE MONTPELIER VT CLIMATE SUMMARY FOR JUNE 26 2017...

CLIMATE NORMAL PERIOD 1981 TO 2010
CLIMATE RECORD PERIOD 1948 TO 2017


WEATHER ITEM   OBSERVED TIME   RECORD YEAR NORMAL DEPARTURE LAST
                VALUE   (LST)  VALUE       VALUE  FROM      YEAR
                                                  NORMAL
..................................................................
TEMPERATURE (F)
 YESTERDAY
  MAXIMUM         68    352 PM  92    2007  77     -9       85
                                      2003
  MINIMUM         49    511 AM  34    1979  54     -5       52
  AVERAGE         59                        65     -6       69

PRECIPITATION (IN)
  YESTERDAY        0.00          2.31        0.13  -0.13     0.00
  MONTH TO DATE    5.99                      3.31   2.68     2.23
  SINCE JUN 1      5.99                      3.31   2.68     2.23
  SINCE JAN 1     21.19                     16.22   4.97    14.51

DEGREE DAYS
 HEATING
  YESTERDAY        6                         2      4        0
  MONTH TO DATE  126                       112     14      132
  SINCE JUN 1    126                       112     14      132
  SINCE JUL 1   7585                      8172   -587     7394

 COOLING
  YESTERDAY        0                         3     -3        4
  MONTH TO DATE   61                        42     19       17
  SINCE JUN 1     61                        42     19       17
  SINCE JAN 1     78                        52     26       46
..................................................................


WIND (MPH)
  HIGHEST WIND SPEED    14   HIGHEST WIND DIRECTION     W (290)
  HIGHEST GUST SPEED    20   HIGHEST GUST DIRECTION     W (260)
  AVERAGE WIND SPEED     4.6


SKY COVER
  AVERAGE SKY COVER 0.4


WEATHER CONDITIONS
 THE FOLLOWING WEATHER WAS RECORDED YESTERDAY.
  HAZE


RELATIVE HUMIDITY (PERCENT)
 HIGHEST   100           500 AM
 LOWEST     48           200 PM
 AVERAGE    74

..........................................................


THE MONTPELIER VT CLIMATE NORMALS FOR TODAY
                         NORMAL    RECORD    YEAR
 MAXIMUM TEMPERATURE (F)   77        91      2007
 MINIMUM TEMPERATURE (F)   54        40      1965


SUNRISE AND SUNSET
JUNE 27 2017..........SUNRISE   509 AM EDT   SUNSET   838 PM EDT
JUNE 28 2017..........SUNRISE   509 AM EDT   SUNSET   838 PM EDT


-  INDICATES NEGATIVE NUMBERS.
R  INDICATES RECORD WAS SET OR TIED.
MM INDICATES DATA IS MISSING.
T  INDICATES TRACE AMOUNT.




$$
