000
CDUS41 KBTV 300546
CLIMPV


CLIMATE REPORT
NATIONAL WEATHER SERVICE BURLINGTON VT
144 AM EDT MON MAY 30 2016


...................................

...THE MONTPELIER VT CLIMATE SUMMARY FOR MAY 29 2016...

CLIMATE NORMAL PERIOD 1981 TO 2010
CLIMATE RECORD PERIOD 1948 TO 2016


WEATHER ITEM   OBSERVED TIME   RECORD YEAR NORMAL DEPARTURE LAST
                VALUE   (LST)  VALUE       VALUE  FROM      YEAR
                                                  NORMAL
..................................................................
TEMPERATURE (F)
 YESTERDAY
  MAXIMUM         77   1230 PM  87    1978  70      7       79
  MINIMUM         57    423 AM  32    1970  46     11       51
  AVERAGE         67                        58      9       65

PRECIPITATION (IN)
  YESTERDAY        0.07          2.02        0.12  -0.05     0.00
  MONTH TO DATE    2.25                      3.14  -0.89     2.25
  SINCE MAR 1      7.02                      8.19  -1.17     5.15
  SINCE JAN 1     12.19                     12.68  -0.49     8.02

DEGREE DAYS
 HEATING
  YESTERDAY        0                         8     -8        0
  MONTH TO DATE  347                       341      6      204
  SINCE MAR 1   2108                      2137    -29     2278
  SINCE JUL 1   7262                      8045   -783     8616

 COOLING
  YESTERDAY        2                         1      1        0
  MONTH TO DATE   20                         5     15       28
  SINCE MAR 1     20                         6     14       28
  SINCE JAN 1     20                         6     14       28
..................................................................


WIND (MPH)
  HIGHEST WIND SPEED    17   HIGHEST WIND DIRECTION     S (160)
  HIGHEST GUST SPEED    23   HIGHEST GUST DIRECTION     S (170)
  AVERAGE WIND SPEED     7.0


SKY COVER
  AVERAGE SKY COVER 0.5


WEATHER CONDITIONS
 THE FOLLOWING WEATHER WAS RECORDED YESTERDAY.
  THUNDERSTORM
  LIGHT RAIN
  FOG


RELATIVE HUMIDITY (PERCENT)
 HIGHEST    97          1100 PM
 LOWEST     64          1200 PM
 AVERAGE    81

..........................................................


THE MONTPELIER VT CLIMATE NORMALS FOR TODAY
                         NORMAL    RECORD    YEAR
 MAXIMUM TEMPERATURE (F)   70        88      1987
 MINIMUM TEMPERATURE (F)   46        30      1961


SUNRISE AND SUNSET
MAY 30 2016...........SUNRISE   511 AM EDT   SUNSET   826 PM EDT
MAY 31 2016...........SUNRISE   510 AM EDT   SUNSET   826 PM EDT


-  INDICATES NEGATIVE NUMBERS.
R  INDICATES RECORD WAS SET OR TIED.
MM INDICATES DATA IS MISSING.
T  INDICATES TRACE AMOUNT.




$$
