000
CDUS41 KBTV 240535
CLIMPV


CLIMATE REPORT
NATIONAL WEATHER SERVICE BURLINGTON VT
133 AM EDT FRI MAR 24 2017


...................................

...THE MONTPELIER VT CLIMATE SUMMARY FOR MARCH 23 2017...

CLIMATE NORMAL PERIOD 1981 TO 2010
CLIMATE RECORD PERIOD 1948 TO 2017


WEATHER ITEM   OBSERVED TIME   RECORD YEAR NORMAL DEPARTURE LAST
                VALUE   (LST)  VALUE       VALUE  FROM      YEAR
                                                  NORMAL
..................................................................
TEMPERATURE (F)
 YESTERDAY
  MAXIMUM         28    419 PM  63    2012  42    -14       45
                                      1979
  MINIMUM          5    606 AM  -1    2004  22    -17       29
  AVERAGE         17                        32    -15       37

PRECIPITATION (IN)
  YESTERDAY        0.00          1.13        0.08  -0.08     0.01
  MONTH TO DATE    1.34                      1.74  -0.40     1.84
  SINCE MAR 1      1.34                      1.74  -0.40     1.84
  SINCE JAN 1      5.26                      6.23  -0.97     7.01

DEGREE DAYS
 HEATING
  YESTERDAY       48                        33     15       28
  MONTH TO DATE 1007                       867    140      750
  SINCE MAR 1   1007                       867    140      750
  SINCE JUL 1   6228                      6775   -547     5904

 COOLING
  YESTERDAY        0                         0      0        0
  MONTH TO DATE    0                         0      0        0
  SINCE MAR 1      0                         0      0        0
  SINCE JAN 1      0                         0      0        0
..................................................................


WIND (MPH)
  HIGHEST WIND SPEED    23   HIGHEST WIND DIRECTION    NW (300)
  HIGHEST GUST SPEED    35   HIGHEST GUST DIRECTION     W (290)
  AVERAGE WIND SPEED     7.2


SKY COVER
  AVERAGE SKY COVER 0.0


WEATHER CONDITIONS
 THE FOLLOWING WEATHER WAS RECORDED YESTERDAY.
  NO SIGNIFICANT WEATHER WAS OBSERVED.


RELATIVE HUMIDITY (PERCENT)
 HIGHEST    57          1200 AM
 LOWEST     31           400 PM
 AVERAGE    44

..........................................................


THE MONTPELIER VT CLIMATE NORMALS FOR TODAY
                         NORMAL    RECORD    YEAR
 MAXIMUM TEMPERATURE (F)   42        65      1979
 MINIMUM TEMPERATURE (F)   22        -6      2014


SUNRISE AND SUNSET
MARCH 24 2017.........SUNRISE   646 AM EDT   SUNSET   708 PM EDT
MARCH 25 2017.........SUNRISE   644 AM EDT   SUNSET   709 PM EDT


-  INDICATES NEGATIVE NUMBERS.
R  INDICATES RECORD WAS SET OR TIED.
MM INDICATES DATA IS MISSING.
T  INDICATES TRACE AMOUNT.




$$
