000
CDUS43 KMPX 210904
CLIMPX


CLIMATE REPORT
NATIONAL WEATHER SERVICE CHANHASSEN MN
303 AM CST SAT JAN 21 2017


...................................

...THE CHANHASSEN MN CLIMATE SUMMARY FOR JANUARY 20 2017...

CLIMATE NORMAL PERIOD 1981 TO 2010
CLIMATE RECORD PERIOD 1995 TO 2017


WEATHER ITEM   OBSERVED TIME   RECORD YEAR NORMAL DEPARTURE LAST
                VALUE   (LST)  VALUE       VALUE  FROM      YEAR
                                                  NORMAL
..................................................................
TEMPERATURE (F)
 YESTERDAY
  MAXIMUM         37R       MM  31    2015  23     14       21
                                      2006
                                      2002
  MINIMUM         33        MM -15    2011   5     28        7
                                      2008
  AVERAGE         35                        14     21       14

PRECIPITATION (IN)
  YESTERDAY        0.03          0.08 2012   0.02   0.01     0.02
                                      2012
                                      2015
  MONTH TO DATE    0.53                      0.58  -0.05     0.23
  SINCE DEC 1      2.78                      1.83   0.95     2.20
  SINCE JAN 1      0.53                      0.58  -0.05     0.23

SNOWFALL (IN)
  YESTERDAY        0.0           1.0  2015   0.3   -0.3      0.4
                                      2012
  MONTH TO DATE    4.8                       6.5   -1.7      3.5
  SINCE DEC 1     23.2                      20.4    2.8     12.8
  SINCE JUL 1     28.3                      26.2    2.1     15.8
  SNOW DEPTH       3

DEGREE DAYS
 HEATING
  YESTERDAY       30                        51    -21       51
  MONTH TO DATE 1010                      1018     -8     1087
  SINCE DEC 1   2442                      2472    -30     2215
  SINCE JUL 1   3665                      4179   -514     3547

 COOLING
  YESTERDAY        0                         0      0        0
  MONTH TO DATE    0                         0      0        0
  SINCE DEC 1      0                         0      0        0
  SINCE JAN 1      0                         0      0        0
..................................................................


WIND (MPH)
  HIGHEST WIND SPEED    MM   HIGHEST WIND DIRECTION    MM
  HIGHEST GUST SPEED    MM   HIGHEST GUST DIRECTION    MM
  AVERAGE WIND SPEED    MM


SKY COVER
  POSSIBLE SUNSHINE  MM
  AVERAGE SKY COVER  MM


WEATHER CONDITIONS
 THE FOLLOWING WEATHER WAS RECORDED YESTERDAY.
  NO SIGNIFICANT WEATHER WAS OBSERVED.


RELATIVE HUMIDITY (PERCENT)
 HIGHEST    MM
 LOWEST     MM
 AVERAGE    MM

..........................................................


THE CHANHASSEN MN CLIMATE NORMALS FOR TODAY
                         NORMAL    RECORD    YEAR
 MAXIMUM TEMPERATURE (F)   23        MM        MM
 MINIMUM TEMPERATURE (F)    5        MM        MM


SUNRISE AND SUNSET
JANUARY 21 2017.......SUNRISE   744 AM CST   SUNSET   508 PM CST
JANUARY 22 2017.......SUNRISE   743 AM CST   SUNSET   509 PM CST


-  INDICATES NEGATIVE NUMBERS.
R  INDICATES RECORD WAS SET OR TIED.
MM INDICATES DATA IS MISSING.
T  INDICATES TRACE AMOUNT.




$$
