000
CDUS43 KMPX 200821
CLIMPX


CLIMATE REPORT
NATIONAL WEATHER SERVICE CHANHASSEN MN
321 AM CDT MON OCT 20 2014


...................................

...THE CHANHASSEN MN CLIMATE SUMMARY FOR OCTOBER 19 2014...

CLIMATE NORMAL PERIOD 1981 TO 2010
CLIMATE RECORD PERIOD 1995 TO 2014


WEATHER ITEM   OBSERVED NORMAL DEPARTURE LAST
                VALUE   VALUE  FROM      YEAR
                               NORMAL
...............................................
TEMPERATURE (F)
 YESTERDAY
  MAXIMUM         69     57     12       45
  MINIMUM         34     37     -3       29
  AVERAGE         52     47      5       37

PRECIPITATION (IN)
  YESTERDAY        0.00   0.08  -0.08      T
  MONTH TO DATE    1.03   1.74  -0.71     3.37
  SINCE SEP 1      2.18   5.17  -2.99     4.94
  SINCE JAN 1     34.69  27.17   7.52    33.15

SNOWFALL (IN)
  YESTERDAY        0.0    0.1   -0.1       T
  MONTH TO DATE    T      0.2   -0.2       T
  SINCE SEP 1      T      0.2   -0.2       T
  SINCE JUL 1      T      0.2   -0.2       T
  SNOW DEPTH       0

DEGREE DAYS
 HEATING
  YESTERDAY       13     18     -5       28
  MONTH TO DATE  319    284     35      247
  SINCE SEP 1    486    460     26      354
  SINCE JUL 1    502    483     19      375

 COOLING
  YESTERDAY        0      0      0        0
  MONTH TO DATE    0      0      0        0
  SINCE SEP 1     35     47    -12       88
  SINCE JAN 1    514    600    -86      667
...............................................







THE CHANHASSEN MN CLIMATE NORMALS FOR TODAY
                         NORMAL
 MAXIMUM TEMPERATURE (F)   56
 MINIMUM TEMPERATURE (F)   37



-  INDICATES NEGATIVE NUMBERS.
R  INDICATES RECORD WAS SET OR TIED.
MM INDICATES DATA IS MISSING.
T  INDICATES TRACE AMOUNT.




$$
