720
CDUS43 KMQT 292102
CLIMQT


CLIMATE REPORT
NATIONAL WEATHER SERVICE MARQUETTE MI
502 PM EDT FRI JUL 29 2016


...................................

...THE MARQUETTE MI CLIMATE SUMMARY FOR JULY 29 2016...
VALID TODAY AS OF 0500 PM LOCAL TIME.

CLIMATE NORMAL PERIOD 1981 TO 2010
CLIMATE RECORD PERIOD 1961 TO 2016


WEATHER ITEM   OBSERVED RECORD YEAR NORMAL DEPARTURE LAST
                VALUE   VALUE       VALUE  FROM      YEAR
                                           NORMAL
...........................................................
TEMPERATURE (F)
 TODAY
  MAXIMUM         72     94    1988  76     -4       79
  MINIMUM         55     40    1971  55      0       67
  AVERAGE         64                 65     -1       73

PRECIPITATION (IN)
  TODAY            0.00   0.65 1982   0.10  -0.10      T
  MONTH TO DATE    3.49               2.65   0.84     1.70
  SINCE JUN 1      7.03               5.49   1.54     4.19
  SINCE JAN 1     23.24              19.13   4.11    15.51

SNOWFALL (IN)
  TODAY            0.0   MM      MM   0.0    0.0      0.0
  MONTH TO DATE    T                  0.0    0.0      0.0
  SINCE JUN 1      T                  0.0    0.0      0.0
  SINCE JUL 1      T                  0.0    0.0      0.0
  SNOW DEPTH       0

DEGREE DAYS
 HEATING
  TODAY            1                  3     -2        0
  MONTH TO DATE   51                 73    -22       68
  SINCE JUN 1    233                255    -22      270
  SINCE JUL 1     51                 73    -22       68

 COOLING
  TODAY            0                  3     -3        8
  MONTH TO DATE  102                 87     15       98
  SINCE JUN 1    143                135      8       98
  SINCE JAN 1    154                147      7      100
...........................................................


WIND (MPH)
  HIGHEST WIND SPEED    MM   HIGHEST WIND DIRECTION    MM
  HIGHEST GUST SPEED    16   HIGHEST GUST DIRECTION    NE (45)
  AVERAGE WIND SPEED    MM


SKY COVER
  POSSIBLE SUNSHINE  MM
  AVERAGE SKY COVER  MM


WEATHER CONDITIONS
 THE FOLLOWING WEATHER WAS RECORDED TODAY.
  NO SIGNIFICANT WEATHER WAS OBSERVED.


RELATIVE HUMIDITY (PERCENT)
 HIGHEST    MM
 LOWEST     MM
 AVERAGE    MM

..........................................................


THE MARQUETTE MI CLIMATE NORMALS FOR TOMORROW
                         NORMAL    RECORD    YEAR
 MAXIMUM TEMPERATURE (F)   76        97      1999
                                             1975
 MINIMUM TEMPERATURE (F)   55        39      1978


SUNRISE AND SUNSET
JULY 29 2016..........SUNRISE   628 AM EDT   SUNSET   925 PM EDT
JULY 30 2016..........SUNRISE   629 AM EDT   SUNSET   923 PM EDT


-  INDICATES NEGATIVE NUMBERS.
R  INDICATES RECORD WAS SET OR TIED.
MM INDICATES DATA IS MISSING.
T  INDICATES TRACE AMOUNT.




$$
