000
CDUS41 KLWX 292141
CLIMRB


CLIMATE REPORT
NATIONAL WEATHER SERVICE BALTIMORE MD/WASHINGTON DC
541 PM EDT SAT AUG 29 2015


...................................

...THE MARTINSBURG WV CLIMATE SUMMARY FOR AUGUST 29 2015...
VALID TODAY AS OF 0500 PM LOCAL TIME.

CLIMATE NORMAL PERIOD 1981 TO 2010
CLIMATE RECORD PERIOD 1926 TO 2015


WEATHER ITEM   OBSERVED TIME   RECORD YEAR NORMAL DEPARTURE LAST
                VALUE   (LST)  VALUE       VALUE  FROM      YEAR
                                                  NORMAL
..................................................................
TEMPERATURE (F)
 TODAY
  MAXIMUM         89    135 PM  99    1973  82      7       80
  MINIMUM         57    609 AM  40    1982  60     -3       51
  AVERAGE         73                        71      2       66

PRECIPITATION (IN)
  TODAY            0.00          1.12 1988   0.10  -0.10     0.00
  MONTH TO DATE    1.36                      2.89  -1.53     2.23
  SINCE JUN 1      8.01                     10.32  -2.31     9.60
  SINCE JAN 1     18.95                     26.05  -7.10    24.47

DEGREE DAYS
 HEATING
  TODAY            0                         0      0        0
  MONTH TO DATE    0                         0      0        0
  SINCE JUN 1     15                        25    -10        5
  SINCE JUL 1      0                         1     -1        3

 COOLING
  TODAY            8                         6      2        1
  MONTH TO DATE  232                       236     -4      189
  SINCE JUN 1    797                       722     75      726
  SINCE JAN 1    945                       779    166      807
..................................................................


WIND (MPH)
  HIGHEST WIND SPEED    13   HIGHEST WIND DIRECTION    NW (310)
  HIGHEST GUST SPEED    17   HIGHEST GUST DIRECTION     W (280)
  AVERAGE WIND SPEED     1.7


SKY COVER
  POSSIBLE SUNSHINE  MM
  AVERAGE SKY COVER 0.1


WEATHER CONDITIONS
 THE FOLLOWING WEATHER WAS RECORDED TODAY.
  FOG
  HAZE


RELATIVE HUMIDITY (PERCENT)
 HIGHEST   100           500 AM
 LOWEST     34           200 PM
 AVERAGE    67

..........................................................


THE MARTINSBURG WV CLIMATE NORMALS FOR TOMORROW
                         NORMAL    RECORD    YEAR
 MAXIMUM TEMPERATURE (F)   82       101      1953
 MINIMUM TEMPERATURE (F)   60        40      1986


SUNRISE AND SUNSET
AUGUST 29 2015........SUNRISE   637 AM EDT   SUNSET   748 PM EDT
AUGUST 30 2015........SUNRISE   638 AM EDT   SUNSET   746 PM EDT


-  INDICATES NEGATIVE NUMBERS.
R  INDICATES RECORD WAS SET OR TIED.
MM INDICATES DATA IS MISSING.
T  INDICATES TRACE AMOUNT.




$$
