000
CDUS41 KLWX 160519
CLIMRB


CLIMATE REPORT
NATIONAL WEATHER SERVICE BALTIMORE MD/WASHINGTON DC
118 AM EDT TUE SEP 16 2014


...................................

...THE MARTINSBURG WV CLIMATE SUMMARY FOR SEPTEMBER 15 2014...

CLIMATE NORMAL PERIOD 1981 TO 2010
CLIMATE RECORD PERIOD 1926 TO 2014


WEATHER ITEM   OBSERVED TIME   RECORD YEAR NORMAL DEPARTURE LAST
                VALUE   (LST)  VALUE       VALUE  FROM      YEAR
                                                  NORMAL
..................................................................
TEMPERATURE (F)
 YESTERDAY
  MAXIMUM         74    243 PM  98    1998  77     -3       77
  MINIMUM         45    615 AM  35    1946  54     -9       42
  AVERAGE         60                        66     -6       60

PRECIPITATION (IN)
  YESTERDAY        0.00          2.00 1993   0.13  -0.13     0.00
  MONTH TO DATE    1.82                      1.75   0.07     0.44
  SINCE SEP 1      1.82                      1.75   0.07     0.44
  SINCE JAN 1     26.29                     27.99  -1.70    22.82

DEGREE DAYS
 HEATING
  YESTERDAY        5                         2      3        5
  MONTH TO DATE   15                        20     -5       16
  SINCE SEP 1     15                        20     -5       16
  SINCE JUL 1     18                        27     -9       20

 COOLING
  YESTERDAY        0                         3     -3        0
  MONTH TO DATE  112                        66     46       98
  SINCE SEP 1    112                        66     46       98
  SINCE JAN 1    940                       858     82     1016
..................................................................


WIND (MPH)
  HIGHEST WIND SPEED     8   HIGHEST WIND DIRECTION     E (80)
  HIGHEST GUST SPEED    10   HIGHEST GUST DIRECTION    SE (140)
  AVERAGE WIND SPEED     1.9


SKY COVER
  POSSIBLE SUNSHINE  MM
  AVERAGE SKY COVER 0.2


WEATHER CONDITIONS
 THE FOLLOWING WEATHER WAS RECORDED YESTERDAY.
  FOG


RELATIVE HUMIDITY (PERCENT)
 HIGHEST    86           300 AM
 LOWEST     41           400 PM
 AVERAGE    64

..........................................................


THE MARTINSBURG WV CLIMATE NORMALS FOR TODAY
                         NORMAL    RECORD    YEAR
 MAXIMUM TEMPERATURE (F)   77        98      1991
 MINIMUM TEMPERATURE (F)   54        39      2007
                                             2001
                                             1984


SUNRISE AND SUNSET
SEPTEMBER 16 2014.....SUNRISE   654 AM EDT   SUNSET   719 PM EDT
SEPTEMBER 17 2014.....SUNRISE   655 AM EDT   SUNSET   717 PM EDT


-  INDICATES NEGATIVE NUMBERS.
R  INDICATES RECORD WAS SET OR TIED.
MM INDICATES DATA IS MISSING.
T  INDICATES TRACE AMOUNT.




$$
