000
CDUS41 KLWX 250520
CLIMRB


CLIMATE REPORT
NATIONAL WEATHER SERVICE BALTIMORE MD/WASHINGTON DC
120 AM EDT SAT OCT 25 2014


...................................

...THE MARTINSBURG WV CLIMATE SUMMARY FOR OCTOBER 24 2014...

CLIMATE NORMAL PERIOD 1981 TO 2010
CLIMATE RECORD PERIOD 1926 TO 2014


WEATHER ITEM   OBSERVED TIME   RECORD YEAR NORMAL DEPARTURE LAST
                VALUE   (LST)  VALUE       VALUE  FROM      YEAR
                                                  NORMAL
..................................................................
TEMPERATURE (F)
 YESTERDAY
  MAXIMUM         69    249 PM  85    2001  63      6       49
                                      1927
  MINIMUM         47   1154 PM  17    1969  40      7       35
  AVERAGE         58                        51      7       42

PRECIPITATION (IN)
  YESTERDAY        0.00          1.28 1971   0.09  -0.09     0.01
  MONTH TO DATE    3.18                      2.36   0.82     5.39
  SINCE SEP 1      5.63                      5.93  -0.30     6.63
  SINCE JAN 1     30.10                     32.17  -2.07    29.01

DEGREE DAYS
 HEATING
  YESTERDAY        7                        14     -7       23
  MONTH TO DATE  165                       250    -85      179
  SINCE SEP 1    216                       334   -118      275
  SINCE JUL 1    219                       341   -122      279

 COOLING
  YESTERDAY        0                         0      0        0
  MONTH TO DATE    3                         8     -5       40
  SINCE SEP 1    130                       101     29      139
  SINCE JAN 1    958                       893     65     1057
..................................................................


WIND (MPH)
  HIGHEST WIND SPEED    20   HIGHEST WIND DIRECTION     W (280)
  HIGHEST GUST SPEED    25   HIGHEST GUST DIRECTION    NW (310)
  AVERAGE WIND SPEED     8.1


SKY COVER
  POSSIBLE SUNSHINE  MM
  AVERAGE SKY COVER 0.1


WEATHER CONDITIONS
 THE FOLLOWING WEATHER WAS RECORDED YESTERDAY.
  NO SIGNIFICANT WEATHER WAS OBSERVED.


RELATIVE HUMIDITY (PERCENT)
 HIGHEST    63           400 AM
 LOWEST     30           200 PM
 AVERAGE    47

..........................................................


THE MARTINSBURG WV CLIMATE NORMALS FOR TODAY
                         NORMAL    RECORD    YEAR
 MAXIMUM TEMPERATURE (F)   63        80      1940
 MINIMUM TEMPERATURE (F)   40        25      1962


SUNRISE AND SUNSET
OCTOBER 25 2014.......SUNRISE   732 AM EDT   SUNSET   619 PM EDT
OCTOBER 26 2014.......SUNRISE   733 AM EDT   SUNSET   618 PM EDT


-  INDICATES NEGATIVE NUMBERS.
R  INDICATES RECORD WAS SET OR TIED.
MM INDICATES DATA IS MISSING.
T  INDICATES TRACE AMOUNT.




$$
