000
CDUS41 KLWX 302136
CLIMRB


CLIMATE REPORT
NATIONAL WEATHER SERVICE BALTIMORE MD/WASHINGTON DC
536 PM EDT MON MAY 30 2016


...................................

...THE MARTINSBURG WV CLIMATE SUMMARY FOR MAY 30 2016...
VALID TODAY AS OF 0500 PM LOCAL TIME.

CLIMATE NORMAL PERIOD 1981 TO 2010
CLIMATE RECORD PERIOD 1926 TO 2016


WEATHER ITEM   OBSERVED TIME   RECORD YEAR NORMAL DEPARTURE LAST
                VALUE   (LST)  VALUE       VALUE  FROM      YEAR
                                                  NORMAL
..................................................................
TEMPERATURE (F)
 TODAY
  MAXIMUM         84    359 PM  96    1941  77      7       86
  MINIMUM         63    644 AM  37    1996  54      9       64
  AVERAGE         74                        65      9       75

PRECIPITATION (IN)
  TODAY            0.08          2.01 1971   0.13  -0.05     0.01
  MONTH TO DATE    4.66                      3.96   0.70     2.24
  SINCE MAR 1      7.50                     10.82  -3.32     7.86
  SINCE JAN 1     11.59                     15.60  -4.01    10.15

DEGREE DAYS
 HEATING
  TODAY            0                         3     -3        0
  MONTH TO DATE  182                       167     15       65
  SINCE MAR 1   1058                      1268   -210     1092
  SINCE JUL 1   4473                      5224   -751     5015

 COOLING
  TODAY            9                         3      6       10
  MONTH TO DATE   53                        49      4      135
  SINCE MAR 1     65                        58      7      136
  SINCE JAN 1     65                        58      7      136
..................................................................


WIND (MPH)
  HIGHEST WIND SPEED     9   HIGHEST WIND DIRECTION    SE (140)
  HIGHEST GUST SPEED    12   HIGHEST GUST DIRECTION    SE (140)
  AVERAGE WIND SPEED     1.9


SKY COVER
  POSSIBLE SUNSHINE  MM
  AVERAGE SKY COVER 0.5


WEATHER CONDITIONS
 THE FOLLOWING WEATHER WAS RECORDED TODAY.
  LIGHT RAIN
  FOG


RELATIVE HUMIDITY (PERCENT)
 HIGHEST   100           100 AM
 LOWEST     47           200 PM
 AVERAGE    74

..........................................................


THE MARTINSBURG WV CLIMATE NORMALS FOR TOMORROW
                         NORMAL    RECORD    YEAR
 MAXIMUM TEMPERATURE (F)   77        94      2011
                                             1939
 MINIMUM TEMPERATURE (F)   54        36      2001


SUNRISE AND SUNSET
MAY 30 2016...........SUNRISE   548 AM EDT   SUNSET   832 PM EDT
MAY 31 2016...........SUNRISE   547 AM EDT   SUNSET   833 PM EDT


-  INDICATES NEGATIVE NUMBERS.
R  INDICATES RECORD WAS SET OR TIED.
MM INDICATES DATA IS MISSING.
T  INDICATES TRACE AMOUNT.




$$
