000
CDUS41 KLWX 230522
CLIMRB


CLIMATE REPORT
NATIONAL WEATHER SERVICE BALTIMORE MD/WASHINGTON DC
122 AM EDT FRI JUN 23 2017


...................................

...THE MARTINSBURG WV CLIMATE SUMMARY FOR JUNE 22 2017...

CLIMATE NORMAL PERIOD 1981 TO 2010
CLIMATE RECORD PERIOD 1926 TO 2017


WEATHER ITEM   OBSERVED TIME   RECORD YEAR NORMAL DEPARTURE LAST
                VALUE   (LST)  VALUE       VALUE  FROM      YEAR
                                                  NORMAL
..................................................................
TEMPERATURE (F)
 YESTERDAY
  MAXIMUM         88    211 PM 102    1933  84      4       82
  MINIMUM         64    251 AM  43    1963  61      3       66
  AVERAGE         76                        72      4       74

PRECIPITATION (IN)
  YESTERDAY        0.01          1.90 1928   0.12  -0.11     0.00
  MONTH TO DATE    0.31                      2.80  -2.49     2.08
  SINCE JUN 1      0.31                      2.80  -2.49     2.08
  SINCE JAN 1     17.53                     18.53  -1.00    13.67

DEGREE DAYS
 HEATING
  YESTERDAY        0                         0      0        0
  MONTH TO DATE   10                        22    -12        5
  SINCE JUN 1     10                        22    -12        5
  SINCE JUL 1   4136                      5247  -1111     4478

 COOLING
  YESTERDAY       11                         8      3        9
  MONTH TO DATE  166                       116     50      157
  SINCE JUN 1    166                       116     50      157
  SINCE JAN 1    273                       173    100      230
..................................................................


WIND (MPH)
  HIGHEST WIND SPEED    14   HIGHEST WIND DIRECTION    SW (240)
  HIGHEST GUST SPEED    21   HIGHEST GUST DIRECTION    SW (240)
  AVERAGE WIND SPEED     3.8


SKY COVER
  POSSIBLE SUNSHINE  MM
  AVERAGE SKY COVER 0.3


WEATHER CONDITIONS
 THE FOLLOWING WEATHER WAS RECORDED YESTERDAY.
  FOG
  HAZE


RELATIVE HUMIDITY (PERCENT)
 HIGHEST   100           500 AM
 LOWEST     55          1200 PM
 AVERAGE    78

..........................................................


THE MARTINSBURG WV CLIMATE NORMALS FOR TODAY
                         NORMAL    RECORD    YEAR
 MAXIMUM TEMPERATURE (F)   84       100      1934
 MINIMUM TEMPERATURE (F)   61        45      1972


SUNRISE AND SUNSET
JUNE 23 2017..........SUNRISE   546 AM EDT   SUNSET   843 PM EDT
JUNE 24 2017..........SUNRISE   546 AM EDT   SUNSET   843 PM EDT


-  INDICATES NEGATIVE NUMBERS.
R  INDICATES RECORD WAS SET OR TIED.
MM INDICATES DATA IS MISSING.
T  INDICATES TRACE AMOUNT.




$$
