000
CDUS41 KLWX 032139
CLIMRB


CLIMATE REPORT
NATIONAL WEATHER SERVICE BALTIMORE MD/WASHINGTON DC
439 PM EST TUE MAR 3 2015


...................................

...THE MARTINSBURG WV CLIMATE SUMMARY FOR MARCH 3 2015...
VALID TODAY AS OF 0400 PM LOCAL TIME.

CLIMATE NORMAL PERIOD 1981 TO 2010
CLIMATE RECORD PERIOD 1926 TO 2015


WEATHER ITEM   OBSERVED TIME   RECORD YEAR NORMAL DEPARTURE LAST
                VALUE   (LST)  VALUE       VALUE  FROM      YEAR
                                                  NORMAL
..................................................................
TEMPERATURE (F)
 TODAY
  MAXIMUM         34    359 PM  71    1967  48    -14       31
  MINIMUM         23    321 AM  -1    2014  28     -5       -1
  AVERAGE         29                        38     -9       15

PRECIPITATION (IN)
  TODAY            T             1.20 1942   0.09  -0.09     0.11
  MONTH TO DATE    0.13                      0.28  -0.15     0.33
  SINCE MAR 1      0.13                      0.28  -0.15     0.33
  SINCE JAN 1      2.42                      5.06  -2.64     4.08

DEGREE DAYS
 HEATING
  TODAY           36                        27      9       50
  MONTH TO DATE  107                        83     24      115
  SINCE MAR 1    107                        83     24      115
  SINCE JUL 1   4030                      4039     -9     4208

 COOLING
  TODAY            0                         0      0        0
  MONTH TO DATE    0                         0      0        0
  SINCE MAR 1      0                         0      0        0
  SINCE JAN 1      0                         0      0        0
..................................................................


WIND (MPH)
  HIGHEST WIND SPEED    16   HIGHEST WIND DIRECTION    SE (150)
  HIGHEST GUST SPEED    25   HIGHEST GUST DIRECTION     S (160)
  AVERAGE WIND SPEED     6.0


SKY COVER
  POSSIBLE SUNSHINE  MM
  AVERAGE SKY COVER 0.6


WEATHER CONDITIONS
 THE FOLLOWING WEATHER WAS RECORDED TODAY.
  NO SIGNIFICANT WEATHER WAS OBSERVED.


RELATIVE HUMIDITY (PERCENT)
 HIGHEST    68           200 AM
 LOWEST     47          1000 AM
 AVERAGE    58

..........................................................


THE MARTINSBURG WV CLIMATE NORMALS FOR TOMORROW
                         NORMAL    RECORD    YEAR
 MAXIMUM TEMPERATURE (F)   48        83      1974
 MINIMUM TEMPERATURE (F)   28        -3      2014


SUNRISE AND SUNSET
MARCH  3 2015.........SUNRISE   642 AM EST   SUNSET   606 PM EST
MARCH  4 2015.........SUNRISE   641 AM EST   SUNSET   607 PM EST


-  INDICATES NEGATIVE NUMBERS.
R  INDICATES RECORD WAS SET OR TIED.
MM INDICATES DATA IS MISSING.
T  INDICATES TRACE AMOUNT.




$$
