000
CDUS41 KLWX 280519
CLIMRB


CLIMATE REPORT
NATIONAL WEATHER SERVICE BALTIMORE MD/WASHINGTON DC
119 AM EDT THU AUG 28 2014


...................................

...THE MARTINSBURG WV CLIMATE SUMMARY FOR AUGUST 27 2014...

CLIMATE NORMAL PERIOD 1981 TO 2010
CLIMATE RECORD PERIOD 1926 TO 2014


WEATHER ITEM   OBSERVED TIME   RECORD YEAR NORMAL DEPARTURE LAST
                VALUE   (LST)  VALUE       VALUE  FROM      YEAR
                                                  NORMAL
..................................................................
TEMPERATURE (F)
 YESTERDAY
  MAXIMUM         89    403 PM  98    1948  83      6       87
  MINIMUM         58    603 AM  46    1942  60     -2       70
  AVERAGE         74                        71      3       79

PRECIPITATION (IN)
  YESTERDAY        0.00          2.15 1936   0.09  -0.09      T
  MONTH TO DATE    2.23                      2.69  -0.46     3.47
  SINCE JUN 1      9.60                     10.12  -0.52    10.61
  SINCE JAN 1     24.47                     25.85  -1.38    21.87

DEGREE DAYS
 HEATING
  YESTERDAY        0                         0      0        0
  MONTH TO DATE    0                         0      0        4
  SINCE JUN 1      5                        25    -20        6
  SINCE JUL 1      3                         1      2        4

 COOLING
  YESTERDAY        9                         7      2       14
  MONTH TO DATE  181                       223    -42      175
  SINCE JUN 1    718                       709      9      762
  SINCE JAN 1    799                       766     33      873
..................................................................


WIND (MPH)
  HIGHEST WIND SPEED    10   HIGHEST WIND DIRECTION    NW (310)
  HIGHEST GUST SPEED    14   HIGHEST GUST DIRECTION     S (170)
  AVERAGE WIND SPEED     3.1


SKY COVER
  POSSIBLE SUNSHINE  MM
  AVERAGE SKY COVER 0.2


WEATHER CONDITIONS
 THE FOLLOWING WEATHER WAS RECORDED YESTERDAY.
  FOG


RELATIVE HUMIDITY (PERCENT)
 HIGHEST    93           600 AM
 LOWEST     44           300 PM
 AVERAGE    69

..........................................................


THE MARTINSBURG WV CLIMATE NORMALS FOR TODAY
                         NORMAL    RECORD    YEAR
 MAXIMUM TEMPERATURE (F)   83        99      1993
 MINIMUM TEMPERATURE (F)   60        45      1968


SUNRISE AND SUNSET
AUGUST 28 2014........SUNRISE   637 AM EDT   SUNSET   749 PM EDT
AUGUST 29 2014........SUNRISE   638 AM EDT   SUNSET   747 PM EDT


-  INDICATES NEGATIVE NUMBERS.
R  INDICATES RECORD WAS SET OR TIED.
MM INDICATES DATA IS MISSING.
T  INDICATES TRACE AMOUNT.




$$
