559
CDUS41 KLWX 112123
CLIMRB


CLIMATE REPORT
NATIONAL WEATHER SERVICE BALTIMORE MD/WASHINGTON DC
422 PM EST THU FEB 11 2016


...................................

...THE MARTINSBURG WV CLIMATE SUMMARY FOR FEBRUARY 11 2016...
VALID TODAY AS OF 0400 PM LOCAL TIME.

CLIMATE NORMAL PERIOD 1981 TO 2010
CLIMATE RECORD PERIOD 1926 TO 2016


WEATHER ITEM   OBSERVED TIME   RECORD YEAR NORMAL DEPARTURE LAST
                VALUE   (LST)  VALUE       VALUE  FROM      YEAR
                                                  NORMAL
..................................................................
TEMPERATURE (F)
 TODAY
  MAXIMUM         25    343 PM  68    2009  42    -17       43
  MINIMUM         16    716 AM  -3    1979  24     -8       26
  AVERAGE         21                        33    -12       35

PRECIPITATION (IN)
  TODAY            0.00          1.28 1983   0.08  -0.08     0.00
  MONTH TO DATE    0.84                      0.91  -0.07     0.21
  SINCE DEC 1      4.86                      6.06  -1.20     5.04
  SINCE JAN 1      2.20                      3.35  -1.15     2.27

DEGREE DAYS
 HEATING
  TODAY           44                        32     12       30
  MONTH TO DATE  342                       360    -18      343
  SINCE DEC 1   2026                      2373   -347     2222
  SINCE JUL 1   2884                      3443   -559     3181

 COOLING
  TODAY            0                         0      0        0
  MONTH TO DATE    0                         0      0        0
  SINCE DEC 1      0                         0      0        0
  SINCE JAN 1      0                         0      0        0
..................................................................


WIND (MPH)
  HIGHEST WIND SPEED    28   HIGHEST WIND DIRECTION     W (280)
  HIGHEST GUST SPEED    39   HIGHEST GUST DIRECTION     W (280)
  AVERAGE WIND SPEED    16.2


SKY COVER
  POSSIBLE SUNSHINE  MM
  AVERAGE SKY COVER 0.5


WEATHER CONDITIONS
 THE FOLLOWING WEATHER WAS RECORDED TODAY.
  NO SIGNIFICANT WEATHER WAS OBSERVED.


RELATIVE HUMIDITY (PERCENT)
 HIGHEST    54           400 AM
 LOWEST     32           400 PM
 AVERAGE    43

..........................................................


THE MARTINSBURG WV CLIMATE NORMALS FOR TOMORROW
                         NORMAL    RECORD    YEAR
 MAXIMUM TEMPERATURE (F)   42        73      1999
 MINIMUM TEMPERATURE (F)   24        -1      1983


SUNRISE AND SUNSET
FEBRUARY 11 2016......SUNRISE   709 AM EST   SUNSET   543 PM EST
FEBRUARY 12 2016......SUNRISE   708 AM EST   SUNSET   545 PM EST


-  INDICATES NEGATIVE NUMBERS.
R  INDICATES RECORD WAS SET OR TIED.
MM INDICATES DATA IS MISSING.
T  INDICATES TRACE AMOUNT.




$$
