000
CDUS41 KLWX 080525
CLIMRB


CLIMATE REPORT
NATIONAL WEATHER SERVICE BALTIMORE MD/WASHINGTON DC
1225 AM EST THU DEC 8 2016


...................................

...THE MARTINSBURG WV CLIMATE SUMMARY FOR DECEMBER 7 2016...

CLIMATE NORMAL PERIOD 1981 TO 2010
CLIMATE RECORD PERIOD 1926 TO 2016


WEATHER ITEM   OBSERVED TIME   RECORD YEAR NORMAL DEPARTURE LAST
                VALUE   (LST)  VALUE       VALUE  FROM      YEAR
                                                  NORMAL
..................................................................
TEMPERATURE (F)
 YESTERDAY
  MAXIMUM         49    344 PM  78    1951  45      4       54
  MINIMUM         30   1148 PM   2    2002  28      2       23
  AVERAGE         40                        36      4       39

PRECIPITATION (IN)
  YESTERDAY        0.00          1.46 2011   0.10  -0.10     0.00
  MONTH TO DATE    1.04                      0.73   0.31     0.61
  SINCE DEC 1      1.04                      0.73   0.31     0.61
  SINCE JAN 1     24.28                     36.72 -12.44    27.35

DEGREE DAYS
 HEATING
  YESTERDAY       25                        29     -4       26
  MONTH TO DATE  165                       193    -28      173
  SINCE DEC 1    165                       193    -28      173
  SINCE JUL 1    969                      1263   -294     1031

 COOLING
  YESTERDAY        0                         0      0        0
  MONTH TO DATE    0                         0      0        0
  SINCE DEC 1      0                         0      0        0
  SINCE JAN 1   1296                       895    401     1113
..................................................................


WIND (MPH)
  HIGHEST WIND SPEED    15   HIGHEST WIND DIRECTION    NW (310)
  HIGHEST GUST SPEED    22   HIGHEST GUST DIRECTION    NW (300)
  AVERAGE WIND SPEED     4.3


SKY COVER
  POSSIBLE SUNSHINE  MM
  AVERAGE SKY COVER 0.4


WEATHER CONDITIONS
 THE FOLLOWING WEATHER WAS RECORDED YESTERDAY.
  FOG
  FOG W/VISIBILITY <= 1/4 MILE


RELATIVE HUMIDITY (PERCENT)
 HIGHEST   100          1200 AM
 LOWEST     39           300 PM
 AVERAGE    70

..........................................................


THE MARTINSBURG WV CLIMATE NORMALS FOR TODAY
                         NORMAL    RECORD    YEAR
 MAXIMUM TEMPERATURE (F)   45        72      1966
 MINIMUM TEMPERATURE (F)   27        13      2005


SUNRISE AND SUNSET
DECEMBER  8 2016......SUNRISE   720 AM EST   SUNSET   448 PM EST
DECEMBER  9 2016......SUNRISE   721 AM EST   SUNSET   448 PM EST


-  INDICATES NEGATIVE NUMBERS.
R  INDICATES RECORD WAS SET OR TIED.
MM INDICATES DATA IS MISSING.
T  INDICATES TRACE AMOUNT.




$$
