000
CDUS41 KLWX 250528
CLIMRB


CLIMATE REPORT
NATIONAL WEATHER SERVICE BALTIMORE MD/WASHINGTON DC
127 AM EDT FRI APR 25 2014


...................................

...THE MARTINSBURG WV CLIMATE SUMMARY FOR APRIL 24 2014...

CLIMATE NORMAL PERIOD 1981 TO 2010
CLIMATE RECORD PERIOD 1926 TO 2014


WEATHER ITEM   OBSERVED TIME   RECORD YEAR NORMAL DEPARTURE LAST
                VALUE   (LST)  VALUE       VALUE  FROM      YEAR
                                                  NORMAL
..................................................................
TEMPERATURE (F)
 YESTERDAY
  MAXIMUM         66    452 PM  92    1960  67     -1       78
  MINIMUM         39    535 AM  29    2002  43     -4       39
  AVERAGE         53                        55     -2       59

PRECIPITATION (IN)
  YESTERDAY        0.00          2.09 1983   0.11  -0.11     0.14
  MONTH TO DATE    1.34                      2.65  -1.31     1.76
  SINCE MAR 1      3.46                      6.17  -2.71     3.98
  SINCE JAN 1      7.21                     10.95  -3.74     8.80

DEGREE DAYS
 HEATING
  YESTERDAY       12                        10      2        6
  MONTH TO DATE  295                       329    -34      262
  SINCE MAR 1   1130                      1043     87     1040
  SINCE JUL 1   5223                      4999    224     4675

 COOLING
  YESTERDAY        0                         0      0        0
  MONTH TO DATE    7                         0      7       31
  SINCE MAR 1      7                         1      6       31
  SINCE JAN 1      7                         1      6       31
..................................................................


WIND (MPH)
  HIGHEST WIND SPEED    17   HIGHEST WIND DIRECTION     N (360)
  HIGHEST GUST SPEED    22   HIGHEST GUST DIRECTION     N (350)
  AVERAGE WIND SPEED     6.4


SKY COVER
  POSSIBLE SUNSHINE  MM
  AVERAGE SKY COVER 0.0


WEATHER CONDITIONS
 THE FOLLOWING WEATHER WAS RECORDED YESTERDAY.
  NO SIGNIFICANT WEATHER WAS OBSERVED.


RELATIVE HUMIDITY (PERCENT)
 HIGHEST    49          1100 PM
 LOWEST     12           500 PM
 AVERAGE    31

..........................................................


THE MARTINSBURG WV CLIMATE NORMALS FOR TODAY
                         NORMAL    RECORD    YEAR
 MAXIMUM TEMPERATURE (F)   67        92      2009
 MINIMUM TEMPERATURE (F)   44        25      1956


SUNRISE AND SUNSET
APRIL 25 2014.........SUNRISE   621 AM EDT   SUNSET   800 PM EDT
APRIL 26 2014.........SUNRISE   619 AM EDT   SUNSET   800 PM EDT


-  INDICATES NEGATIVE NUMBERS.
R  INDICATES RECORD WAS SET OR TIED.
MM INDICATES DATA IS MISSING.
T  INDICATES TRACE AMOUNT.




$$
