684
CDUS44 KHUN 300715
CLIMSL


CLIMATE REPORT
NATIONAL WEATHER SERVICE HUNTSVILLE AL
215 AM CDT THU MAR 30 2017


...................................

...THE MUSCLE SHOALS CLIMATE SUMMARY FOR MARCH 29 2017...

CLIMATE NORMAL PERIOD 1981 TO 2010
CLIMATE RECORD PERIOD 1893 TO 2017


WEATHER ITEM   OBSERVED TIME   RECORD YEAR NORMAL DEPARTURE LAST
                VALUE   (LST)  VALUE       VALUE  FROM      YEAR
                                                  NORMAL
..................................................................
TEMPERATURE (F)
 YESTERDAY
  MAXIMUM         84    155 PM  86    2007  69     15       69
  MINIMUM         56    533 AM  26    1937  45     11       38
  AVERAGE         70                        57     13       54

PRECIPITATION (IN)
  YESTERDAY        0.00          2.96 1975   0.15  -0.15     0.00
  MONTH TO DATE    4.84                      4.45   0.39     2.67
  SINCE MAR 1      4.84                      4.45   0.39     2.67
  SINCE JAN 1     12.08                     13.72  -1.64     9.80

SNOWFALL (IN)
  YESTERDAY        0.0
  MONTH TO DATE    T
  SINCE MAR 1      T
  SINCE JUL 1      T
  SNOW DEPTH       0

DEGREE DAYS
 HEATING
  YESTERDAY        0                         9     -9       11
  MONTH TO DATE  315                       360    -45      232
  SINCE MAR 1    315                       360    -45      232
  SINCE JUL 1   1995                      2895   -900     2233

 COOLING
  YESTERDAY        5                         1      4        0
  MONTH TO DATE   23                         6     17       21
  SINCE MAR 1     23                         6     17       21
  SINCE JAN 1     31                         7     24       21
..................................................................


WIND (MPH)
  HIGHEST WIND SPEED    17   HIGHEST WIND DIRECTION     S (180)
  HIGHEST GUST SPEED    22   HIGHEST GUST DIRECTION     S (180)
  AVERAGE WIND SPEED     5.3


SKY COVER
  POSSIBLE SUNSHINE  MM
  AVERAGE SKY COVER 0.1


WEATHER CONDITIONS
 THE FOLLOWING WEATHER WAS RECORDED YESTERDAY.
  NO SIGNIFICANT WEATHER WAS OBSERVED.


RELATIVE HUMIDITY (PERCENT)
 HIGHEST    86           400 AM
 LOWEST     43           400 PM
 AVERAGE    65

..........................................................


THE MUSCLE SHOALS CLIMATE NORMALS FOR TODAY
                         NORMAL    RECORD    YEAR
 MAXIMUM TEMPERATURE (F)   69        85      1998
                                             1977
                                             1963
 MINIMUM TEMPERATURE (F)   45        24      1964


SUNRISE AND SUNSET
MARCH 30 2017.........SUNRISE   640 AM CDT   SUNSET   710 PM CDT
MARCH 31 2017.........SUNRISE   638 AM CDT   SUNSET   711 PM CDT


-  INDICATES NEGATIVE NUMBERS.
R  INDICATES RECORD WAS SET OR TIED.
MM INDICATES DATA IS MISSING.
T  INDICATES TRACE AMOUNT.




$$
