000
CDUS44 KHUN 240814
CLIMSL


CLIMATE REPORT
NATIONAL WEATHER SERVICE HUNTSVILLE AL
214 AM CST FRI FEB 24 2017


...................................

...THE MUSCLE SHOALS CLIMATE SUMMARY FOR FEBRUARY 23 2017...

CLIMATE NORMAL PERIOD 1981 TO 2010
CLIMATE RECORD PERIOD 1893 TO 2017


WEATHER ITEM   OBSERVED TIME   RECORD YEAR NORMAL DEPARTURE LAST
                VALUE   (LST)  VALUE       VALUE  FROM      YEAR
                                                  NORMAL
..................................................................
TEMPERATURE (F)
 YESTERDAY
  MAXIMUM         76    339 PM  83    2012  58     18       64
  MINIMUM         51    647 AM  17    1963  37     14       49
                                      1939
  AVERAGE         64                        47     17       57

PRECIPITATION (IN)
  YESTERDAY        0.00          2.72 1977   0.18  -0.18     0.75
  MONTH TO DATE    1.56                      3.81  -2.25     3.20
  SINCE DEC 1     11.62                     14.10  -2.48    13.79
  SINCE JAN 1      6.28                      8.42  -2.14     6.85

SNOWFALL (IN)
  YESTERDAY        0.0
  MONTH TO DATE    0.0
  SINCE DEC 1      T
  SINCE JUL 1      T
  SNOW DEPTH       0

DEGREE DAYS
 HEATING
  YESTERDAY        1                        18    -17        8
  MONTH TO DATE  272                       471   -199      431
  SINCE DEC 1   1300                      1889   -589     1545
  SINCE JUL 1   1628                      2451   -823     1910

 COOLING
  YESTERDAY        0                         0      0        0
  MONTH TO DATE    0                         0      0        0
  SINCE DEC 1      6                         1      5       22
  SINCE JAN 1      4                         0      4        0
..................................................................


WIND (MPH)
  HIGHEST WIND SPEED    14   HIGHEST WIND DIRECTION    SW (210)
  HIGHEST GUST SPEED    23   HIGHEST GUST DIRECTION     S (200)
  AVERAGE WIND SPEED     6.7


SKY COVER
  POSSIBLE SUNSHINE  MM
  AVERAGE SKY COVER 0.4


WEATHER CONDITIONS
 THE FOLLOWING WEATHER WAS RECORDED YESTERDAY.
  FOG
  FOG W/VISIBILITY <= 1/4 MILE


RELATIVE HUMIDITY (PERCENT)
 HIGHEST   100           300 AM
 LOWEST     50           300 PM
 AVERAGE    75

..........................................................


THE MUSCLE SHOALS CLIMATE NORMALS FOR TODAY
                         NORMAL    RECORD    YEAR
 MAXIMUM TEMPERATURE (F)   58        78      1930
 MINIMUM TEMPERATURE (F)   37        17      1989
                                             1967


SUNRISE AND SUNSET
FEBRUARY 24 2017......SUNRISE   626 AM CST   SUNSET   542 PM CST
FEBRUARY 25 2017......SUNRISE   624 AM CST   SUNSET   543 PM CST


-  INDICATES NEGATIVE NUMBERS.
R  INDICATES RECORD WAS SET OR TIED.
MM INDICATES DATA IS MISSING.
T  INDICATES TRACE AMOUNT.




$$
