000
CDUS44 KHUN 110801
CLIMSL


CLIMATE REPORT
NATIONAL WEATHER SERVICE HUNTSVILLE AL
200 AM CST THU FEB 11 2016


...................................

...THE MUSCLE SHOALS CLIMATE SUMMARY FOR FEBRUARY 10 2016...

CLIMATE NORMAL PERIOD 1981 TO 2010
CLIMATE RECORD PERIOD 1893 TO 2016


WEATHER ITEM   OBSERVED TIME   RECORD YEAR NORMAL DEPARTURE LAST
                VALUE   (LST)  VALUE       VALUE  FROM      YEAR
                                                  NORMAL
..................................................................
TEMPERATURE (F)
 YESTERDAY
  MAXIMUM         38    443 PM  79    1938  54    -16       51
  MINIMUM         19    557 AM   0    1899  34    -15       31
  AVERAGE         29                        44    -15       41

PRECIPITATION (IN)
  YESTERDAY        0.00          3.02 1994   0.16  -0.16     0.00
  MONTH TO DATE    0.93                      1.62  -0.69     0.41
  SINCE DEC 1     11.52                     11.91  -0.39     9.71
  SINCE JAN 1      4.58                      6.23  -1.65     4.58

SNOWFALL (IN)
  YESTERDAY        0.0
  MONTH TO DATE    T
  SINCE DEC 1      T
  SINCE JUL 1      T
  SNOW DEPTH       0

DEGREE DAYS
 HEATING
  YESTERDAY       36                        21     15       24
  MONTH TO DATE  221                       219      2      220
  SINCE DEC 1   1335                      1637   -302     1543
  SINCE JUL 1   1700                      2199   -499     2195

 COOLING
  YESTERDAY        0                         0      0        0
  MONTH TO DATE    0                         0      0        0
  SINCE DEC 1     22                         1     21        0
  SINCE JAN 1      0                         0      0        0
..................................................................


WIND (MPH)
  HIGHEST WIND SPEED    21   HIGHEST WIND DIRECTION     W (290)
  HIGHEST GUST SPEED    24   HIGHEST GUST DIRECTION     W (290)
  AVERAGE WIND SPEED     7.5


SKY COVER
  POSSIBLE SUNSHINE  MM
  AVERAGE SKY COVER 0.2


WEATHER CONDITIONS
 THE FOLLOWING WEATHER WAS RECORDED YESTERDAY.
  NO SIGNIFICANT WEATHER WAS OBSERVED.


RELATIVE HUMIDITY (PERCENT)
 HIGHEST    77          1200 AM
 LOWEST     24           500 PM
 AVERAGE    51

..........................................................


THE MUSCLE SHOALS CLIMATE NORMALS FOR TODAY
                         NORMAL    RECORD    YEAR
 MAXIMUM TEMPERATURE (F)   54        78      1938
 MINIMUM TEMPERATURE (F)   34         3      1912


SUNRISE AND SUNSET
FEBRUARY 11 2016......SUNRISE   641 AM CST   SUNSET   529 PM CST
FEBRUARY 12 2016......SUNRISE   640 AM CST   SUNSET   530 PM CST


-  INDICATES NEGATIVE NUMBERS.
R  INDICATES RECORD WAS SET OR TIED.
MM INDICATES DATA IS MISSING.
T  INDICATES TRACE AMOUNT.




$$
