000
CDUS44 KHUN 252137
CLIMSL


CLIMATE REPORT
NATIONAL WEATHER SERVICE HUNTSVILLE AL
436 PM CDT FRI JUL 25 2014


...................................

...THE MUSCLE SHOALS CLIMATE SUMMARY FOR JULY 25 2014...
VALID TODAY AS OF 0400 PM LOCAL TIME.

CLIMATE NORMAL PERIOD 1981 TO 2010
CLIMATE RECORD PERIOD 1893 TO 2014


WEATHER ITEM   OBSERVED TIME   RECORD YEAR NORMAL DEPARTURE LAST
                VALUE   (LST)  VALUE       VALUE  FROM      YEAR
                                                  NORMAL
..................................................................
TEMPERATURE (F)
 TODAY
  MAXIMUM         88    242 PM 102    1924  91     -3       87
  MINIMUM         62    449 AM  55    1909  70     -8       68
  AVERAGE         75                        81     -6       78

PRECIPITATION (IN)
  TODAY            0.00          1.77 1933   0.13  -0.13     0.00
  MONTH TO DATE    5.02                      3.61   1.41     7.13
  SINCE JUN 1     12.49                      8.37   4.12    11.81
  SINCE JAN 1     29.28                     31.87  -2.59    36.72

SNOWFALL (IN)
  TODAY            0.0
  MONTH TO DATE    0.0
  SINCE JUN 1      0.0
  SINCE JUL 1      0.0
  SNOW DEPTH       0

DEGREE DAYS
 HEATING
  TODAY            0                         0      0        0
  MONTH TO DATE    0                         0      0        0
  SINCE JUN 1      0                         1     -1        0
  SINCE JUL 1      0                         0      0        0

 COOLING
  TODAY           10                        16     -6       13
  MONTH TO DATE  304                       386    -82      348
  SINCE JUN 1    705                       748    -43      754
  SINCE JAN 1    962                       992    -30      994
..................................................................


WIND (MPH)
  HIGHEST WIND SPEED     9   HIGHEST WIND DIRECTION    NW (300)
  HIGHEST GUST SPEED    15   HIGHEST GUST DIRECTION    NW (310)
  AVERAGE WIND SPEED     1.4


SKY COVER
  POSSIBLE SUNSHINE  MM
  AVERAGE SKY COVER 0.2


WEATHER CONDITIONS
 THE FOLLOWING WEATHER WAS RECORDED TODAY.
  FOG


RELATIVE HUMIDITY (PERCENT)
 HIGHEST    93           100 AM
 LOWEST     37           200 PM
 AVERAGE    65

..........................................................


THE MUSCLE SHOALS CLIMATE NORMALS FOR TOMORROW
                         NORMAL    RECORD    YEAR
 MAXIMUM TEMPERATURE (F)   91       106      1952
 MINIMUM TEMPERATURE (F)   70        58      1905


SUNRISE AND SUNSET
JULY 25 2014..........SUNRISE   555 AM CDT   SUNSET   758 PM CDT
JULY 26 2014..........SUNRISE   556 AM CDT   SUNSET   758 PM CDT


-  INDICATES NEGATIVE NUMBERS.
R  INDICATES RECORD WAS SET OR TIED.
MM INDICATES DATA IS MISSING.
T  INDICATES TRACE AMOUNT.




$$
