000
CDUS43 KMKX 260642
CLIMSN


CLIMATE REPORT
NATIONAL WEATHER SERVICE IN MILWAUKEE
141 AM CDT FRI MAY 26 2017


...................................

...THE MADISON WI CLIMATE SUMMARY FOR MAY 25 2017...

CLIMATE NORMAL PERIOD 1981 TO 2010
CLIMATE RECORD PERIOD 1871 TO 2017


WEATHER ITEM   OBSERVED TIME   RECORD YEAR NORMAL DEPARTURE LAST
                VALUE   (LST)  VALUE       VALUE  FROM      YEAR
                                                  NORMAL
..................................................................
TEMPERATURE (F)
 YESTERDAY
  MAXIMUM         72    333 PM  89    1977  71      1       85
  MINIMUM         52   1106 PM  30    1988  49      3       59
  AVERAGE         62                        60      2       72

PRECIPITATION (IN)
  YESTERDAY        0.00          1.80 1883   0.13  -0.13     0.06
  MONTH TO DATE    2.31                      2.79  -0.48     1.55
  SINCE MAR 1     10.44                      8.39   2.05     7.62
  SINCE JAN 1     15.14                     11.07   4.07     9.12

SNOWFALL (IN)
  YESTERDAY        0.0           0.0    MM   0.0    0.0      0.0
  MONTH TO DATE    0.0                       0.2   -0.2      0.0
  SINCE MAR 1      8.3                       9.8   -1.5      8.2
  SINCE JUL 1     44.0                      50.9   -6.9     32.7
  SNOW DEPTH       0

DEGREE DAYS
 HEATING
  YESTERDAY        3                         6     -3        0
  MONTH TO DATE  260                       234     26      246
  SINCE MAR 1   1652                      1755   -103     1584
  SINCE JUL 1   6164                      7241  -1077     6184

 COOLING
  YESTERDAY        0                         1     -1        7
  MONTH TO DATE   15                        15      0       15
  SINCE MAR 1     15                        19     -4       15
  SINCE JAN 1     15                        19     -4       15
..................................................................


WIND (MPH)
  HIGHEST WIND SPEED    14   HIGHEST WIND DIRECTION     N (10)
  HIGHEST GUST SPEED    18   HIGHEST GUST DIRECTION     N (10)
  AVERAGE WIND SPEED     6.9


SKY COVER
  POSSIBLE SUNSHINE  MM
  AVERAGE SKY COVER 0.7


WEATHER CONDITIONS
 THE FOLLOWING WEATHER WAS RECORDED YESTERDAY.
  NO SIGNIFICANT WEATHER WAS OBSERVED.


RELATIVE HUMIDITY (PERCENT)
 HIGHEST    96           300 AM
 LOWEST     53           400 PM
 AVERAGE    75

..........................................................


THE MADISON WI CLIMATE NORMALS FOR TODAY
                         NORMAL    RECORD    YEAR
 MAXIMUM TEMPERATURE (F)   72        91      1978
 MINIMUM TEMPERATURE (F)   49        30      1983


SUNRISE AND SUNSET
MAY 26 2017...........SUNRISE   524 AM CDT   SUNSET   825 PM CDT
MAY 27 2017...........SUNRISE   523 AM CDT   SUNSET   826 PM CDT


-  INDICATES NEGATIVE NUMBERS.
R  INDICATES RECORD WAS SET OR TIED.
MM INDICATES DATA IS MISSING.
T  INDICATES TRACE AMOUNT.




$$
