000
CDUS45 KMSO 232234
CLIMSO


CLIMATE REPORT
NATIONAL WEATHER SERVICE MISSOULA, MT
433 PM MDT WED JUL 23 2014


...................................

...THE MISSOULA MT CLIMATE SUMMARY FOR JULY 23 2014...
VALID TODAY AS OF 0400 PM LOCAL TIME.

CLIMATE NORMAL PERIOD 1981 TO 2010
CLIMATE RECORD PERIOD 1893 TO 2014


WEATHER ITEM   OBSERVED TIME   RECORD YEAR NORMAL DEPARTURE LAST
                VALUE   (LST)  VALUE       VALUE  FROM      YEAR
                                                  NORMAL
..................................................................
TEMPERATURE (F)
 TODAY
  MAXIMUM         91    259 PM 103    2003  88      3       96
  MINIMUM         61    701 AM  38    1965  52      9       54
  AVERAGE         76                        70      6       75

PRECIPITATION (IN)
  TODAY            0.01          0.22 1898   0.03  -0.02     0.00
  MONTH TO DATE    0.20                      0.77  -0.57     0.09
  SINCE OCT 1     10.75                     11.55  -0.80    10.69
  SINCE JAN 1      9.04                      8.62   0.42     5.90

SNOWFALL (IN)
  TODAY            0.0
  MONTH TO DATE    0.0
  SINCE JAN 1     51.9
  SINCE JUL 1      0.0
  SNOW DEPTH       0

DEGREE DAYS
 HEATING
  TODAY            0                         1     -1        0
  MONTH TO DATE    0                        34    -34        0
  SINCE JUN 1    177                       194    -17      141
  SINCE JUL 1      0                        34    -34        0

 COOLING
  TODAY           11                         6      5       10
  MONTH TO DATE  183                       104     79      191
  SINCE JUN 1    191                       141     50      234
  SINCE JAN 1    191                       147     44      238
..................................................................


WIND (MPH)
  HIGHEST WIND SPEED    22   HIGHEST WIND DIRECTION     S (170)
  HIGHEST GUST SPEED    27   HIGHEST GUST DIRECTION     S (160)
  AVERAGE WIND SPEED    10.7


SKY COVER
  POSSIBLE SUNSHINE  MM
  AVERAGE SKY COVER 0.4


WEATHER CONDITIONS
 THE FOLLOWING WEATHER WAS RECORDED TODAY.
  THUNDERSTORM
  LIGHT RAIN


RELATIVE HUMIDITY (PERCENT)
 HIGHEST    84           500 AM
 LOWEST     26           200 PM
 AVERAGE    55

..........................................................


THE MISSOULA MT CLIMATE NORMALS FOR TOMORROW
                         NORMAL    RECORD    YEAR
 MAXIMUM TEMPERATURE (F)   88       100      2006
                                             1933
 MINIMUM TEMPERATURE (F)   52        40      1964
                                             1960


SUNRISE AND SUNSET
JULY 23 2014..........SUNRISE   605 AM MDT   SUNSET   920 PM MDT
JULY 24 2014..........SUNRISE   607 AM MDT   SUNSET   918 PM MDT


-  INDICATES NEGATIVE NUMBERS.
R  INDICATES RECORD WAS SET OR TIED.
MM INDICATES DATA IS MISSING.
T  INDICATES TRACE AMOUNT.




$$
