000
CDUS45 KMSO 282232
CLIMSO


CLIMATE REPORT
NATIONAL WEATHER SERVICE MISSOULA, MT
431 PM MDT THU MAY 28 2015


...................................

...THE MISSOULA MT CLIMATE SUMMARY FOR MAY 28 2015...
VALID TODAY AS OF 0400 PM LOCAL TIME.

CLIMATE NORMAL PERIOD 1981 TO 2010
CLIMATE RECORD PERIOD 1893 TO 2015


WEATHER ITEM   OBSERVED TIME   RECORD YEAR NORMAL DEPARTURE LAST
                VALUE   (LST)  VALUE       VALUE  FROM      YEAR
                                                  NORMAL
..................................................................
TEMPERATURE (F)
 TODAY
  MAXIMUM         70    240 PM  93    1934  70      0       69
  MINIMUM         48    515 AM  29    1960  43      5       45
  AVERAGE         59                        57      2       57

PRECIPITATION (IN)
  TODAY            T             0.85 1906   0.09  -0.09     0.00
  MONTH TO DATE    0.37                      1.75  -1.38     0.95
  SINCE OCT 1      8.84                      8.45   0.39     8.50
  SINCE JAN 1      3.53                      5.52  -1.99     6.79

SNOWFALL (IN)
  TODAY            0.0
  MONTH TO DATE    0.0
  SINCE JAN 1     13.3
  SINCE JUL 1     33.9
  SNOW DEPTH       0

DEGREE DAYS
 HEATING
  TODAY            6                         9     -3        8
  MONTH TO DATE  309                       335    -26      302
  SINCE MAR 1   1650                      1729    -79     1784
  SINCE JUL 1   6642                      7098   -456     7294

 COOLING
  TODAY            0                         0      0        0
  MONTH TO DATE    0                         0      0        0
  SINCE MAR 1      0                         0      0        0
  SINCE JAN 1      0                         0      0        0
..................................................................


WIND (MPH)
  HIGHEST WIND SPEED    20   HIGHEST WIND DIRECTION    SE (130)
  HIGHEST GUST SPEED    23   HIGHEST GUST DIRECTION    SE (130)
  AVERAGE WIND SPEED     2.7


SKY COVER
  POSSIBLE SUNSHINE  MM
  AVERAGE SKY COVER 0.9


WEATHER CONDITIONS
 THE FOLLOWING WEATHER WAS RECORDED TODAY.
  LIGHT RAIN


RELATIVE HUMIDITY (PERCENT)
 HIGHEST    93           600 AM
 LOWEST     45           100 PM
 AVERAGE    69

..........................................................


THE MISSOULA MT CLIMATE NORMALS FOR TOMORROW
                         NORMAL    RECORD    YEAR
 MAXIMUM TEMPERATURE (F)   71        95      1936
 MINIMUM TEMPERATURE (F)   43        27      1951


SUNRISE AND SUNSET
MAY 28 2015...........SUNRISE   548 AM MDT   SUNSET   919 PM MDT
MAY 29 2015...........SUNRISE   548 AM MDT   SUNSET   920 PM MDT


-  INDICATES NEGATIVE NUMBERS.
R  INDICATES RECORD WAS SET OR TIED.
MM INDICATES DATA IS MISSING.
T  INDICATES TRACE AMOUNT.




$$
