000
CDUS45 KMSO 110923
CLIMSO


CLIMATE REPORT
NATIONAL WEATHER SERVICE MISSOULA, MT
222 AM MST THU FEB 11 2016


...................................

...THE MISSOULA MT CLIMATE SUMMARY FOR FEBRUARY 10 2016...

CLIMATE NORMAL PERIOD 1981 TO 2010
CLIMATE RECORD PERIOD 1893 TO 2016


WEATHER ITEM   OBSERVED TIME   RECORD YEAR NORMAL DEPARTURE LAST
                VALUE   (LST)  VALUE       VALUE  FROM      YEAR
                                                  NORMAL
..................................................................
TEMPERATURE (F)
 YESTERDAY
  MAXIMUM         37    640 PM  60    1951  37      0       48
  MINIMUM         18    602 AM -28    1933  21     -3       35
  AVERAGE         28                        29     -1       42

PRECIPITATION (IN)
  YESTERDAY        T             0.38 1961   0.02  -0.02     0.01
  MONTH TO DATE    0.15                      0.24  -0.09     0.80
  SINCE OCT 1      4.14                      4.02   0.12     7.33
  SINCE JAN 1      0.75                      1.09  -0.34     2.02

SNOWFALL (IN)
  YESTERDAY        T
  MONTH TO DATE    4.6
  SINCE JAN 1     11.2
  SINCE JUL 1     28.3
  SNOW DEPTH       2

DEGREE DAYS
 HEATING
  YESTERDAY       37                        36      1       23
  MONTH TO DATE  364                       367     -3      271
  SINCE DEC 1   2838                      2860    -22     2661
  SINCE JUL 1   4691                      4756    -65     4417

 COOLING
  YESTERDAY        0                         0      0        0
  MONTH TO DATE    0                         0      0        0
  SINCE DEC 1      0                         0      0        0
  SINCE JAN 1      0                         0      0        0
..................................................................


WIND (MPH)
  HIGHEST WIND SPEED     7   HIGHEST WIND DIRECTION     E (70)
  HIGHEST GUST SPEED     8   HIGHEST GUST DIRECTION     E (70)
  AVERAGE WIND SPEED     1.2


SKY COVER
  POSSIBLE SUNSHINE  MM
  AVERAGE SKY COVER 0.6


WEATHER CONDITIONS
 THE FOLLOWING WEATHER WAS RECORDED YESTERDAY.
  FOG
  FOG W/VISIBILITY <= 1/4 MILE


RELATIVE HUMIDITY (PERCENT)
 HIGHEST   100           900 AM
 LOWEST     76           400 PM
 AVERAGE    88

..........................................................


THE MISSOULA MT CLIMATE NORMALS FOR TODAY
                         NORMAL    RECORD    YEAR
 MAXIMUM TEMPERATURE (F)   37        60      1918
 MINIMUM TEMPERATURE (F)   21       -24      1905


SUNRISE AND SUNSET
FEBRUARY 11 2016......SUNRISE   748 AM MST   SUNSET   554 PM MST
FEBRUARY 12 2016......SUNRISE   746 AM MST   SUNSET   556 PM MST


-  INDICATES NEGATIVE NUMBERS.
R  INDICATES RECORD WAS SET OR TIED.
MM INDICATES DATA IS MISSING.
T  INDICATES TRACE AMOUNT.




$$
