000
CDUS45 KMSO 170739
CLIMSO


CLIMATE REPORT
NATIONAL WEATHER SERVICE MISSOULA, MT
139 AM MDT WED SEP 17 2014


...................................

...THE MISSOULA MT CLIMATE SUMMARY FOR SEPTEMBER 16 2014...

CLIMATE NORMAL PERIOD 1981 TO 2010
CLIMATE RECORD PERIOD 1893 TO 2014


WEATHER ITEM   OBSERVED TIME   RECORD YEAR NORMAL DEPARTURE LAST
                VALUE   (LST)  VALUE       VALUE  FROM      YEAR
                                                  NORMAL
..................................................................
TEMPERATURE (F)
 YESTERDAY
  MAXIMUM         78    404 PM  91    2009  73      5       87
                                      1937
  MINIMUM         40    540 AM  27    1970  42     -2       59
  AVERAGE         59                        57      2       73

PRECIPITATION (IN)
  YESTERDAY        0.00          0.83 1947   0.04  -0.04      T
  MONTH TO DATE    0.04                      0.67  -0.63     0.29
  SINCE OCT 1     11.77                     13.63  -1.86    11.39
  SINCE JAN 1     10.06                     10.70  -0.64     6.60

SNOWFALL (IN)
  YESTERDAY        0.0
  MONTH TO DATE    0.0
  SINCE JAN 1     51.9
  SINCE JUL 1      0.0
  SNOW DEPTH       0

DEGREE DAYS
 HEATING
  YESTERDAY        6                         8     -2        0
  MONTH TO DATE  142                        91     51        4
  SINCE SEP 1    142                        91     51        4
  SINCE JUL 1    184                       175      9       12

 COOLING
  YESTERDAY        0                         0      0        8
  MONTH TO DATE    0                        13    -13       87
  SINCE SEP 1      0                        13    -13       87
  SINCE JAN 1    378                       330     48      579
..................................................................


WIND (MPH)
  HIGHEST WIND SPEED     9   HIGHEST WIND DIRECTION    NW (320)
  HIGHEST GUST SPEED    11   HIGHEST GUST DIRECTION    NW (330)
  AVERAGE WIND SPEED     1.6


SKY COVER
  POSSIBLE SUNSHINE  MM
  AVERAGE SKY COVER 0.0


WEATHER CONDITIONS
 THE FOLLOWING WEATHER WAS RECORDED YESTERDAY.
  NO SIGNIFICANT WEATHER WAS OBSERVED.


RELATIVE HUMIDITY (PERCENT)
 HIGHEST    70           600 AM
 LOWEST     26           400 PM
 AVERAGE    48

..........................................................


THE MISSOULA MT CLIMATE NORMALS FOR TODAY
                         NORMAL    RECORD    YEAR
 MAXIMUM TEMPERATURE (F)   73        91      1981
 MINIMUM TEMPERATURE (F)   41        24      1965


SUNRISE AND SUNSET
SEPTEMBER 17 2014.....SUNRISE   717 AM MDT   SUNSET   744 PM MDT
SEPTEMBER 18 2014.....SUNRISE   718 AM MDT   SUNSET   742 PM MDT


-  INDICATES NEGATIVE NUMBERS.
R  INDICATES RECORD WAS SET OR TIED.
MM INDICATES DATA IS MISSING.
T  INDICATES TRACE AMOUNT.




$$
