000
CDUS45 KMSO 240738
CLIMSO


CLIMATE REPORT
NATIONAL WEATHER SERVICE MISSOULA, MT
1238 AM MST WED JAN 24 2018


...................................

...THE MISSOULA MT CLIMATE SUMMARY FOR JANUARY 23 2018...

CLIMATE NORMAL PERIOD 1981 TO 2010
CLIMATE RECORD PERIOD 1893 TO 2018


WEATHER ITEM   OBSERVED TIME   RECORD YEAR NORMAL DEPARTURE LAST
                VALUE   (LST)  VALUE       VALUE  FROM      YEAR
                                                  NORMAL
..................................................................
TEMPERATURE (F)
 YESTERDAY
  MAXIMUM         37    325 PM  52    1919  34      3       33
  MINIMUM         17    817 AM -20    1930  19     -2       18
  AVERAGE         27                        27      0       26

PRECIPITATION (IN)
  YESTERDAY        T             0.68 1982   0.02  -0.02     0.02
  MONTH TO DATE    0.57                      0.65  -0.08     0.93
  SINCE OCT 1      4.39                      3.58   0.81     5.59
  SINCE JAN 1      0.57                      0.65  -0.08     0.93

SNOWFALL (IN)
  YESTERDAY        T
  MONTH TO DATE    3.5
  SINCE JAN 1      3.5
  SINCE JUL 1     30.8
  SNOW DEPTH       4

DEGREE DAYS
 HEATING
  YESTERDAY       38                        38      0       39
  MONTH TO DATE  854                       914    -60     1244
  SINCE DEC 1   2138                      2190    -52     2662
  SINCE JUL 1   4028                      4086    -58     4416

 COOLING
  YESTERDAY        0                         0      0        0
  MONTH TO DATE    0                         0      0        0
  SINCE DEC 1      0                         0      0        0
  SINCE JAN 1      0                         0      0        0
..................................................................


WIND (MPH)
  HIGHEST WIND SPEED    14   HIGHEST WIND DIRECTION     E (110)
  HIGHEST GUST SPEED    16   HIGHEST GUST DIRECTION     E (110)
  AVERAGE WIND SPEED     2.5


SKY COVER
  POSSIBLE SUNSHINE  MM
  AVERAGE SKY COVER 0.6


WEATHER CONDITIONS
 THE FOLLOWING WEATHER WAS RECORDED YESTERDAY.
  LIGHT SNOW
  FOG
  FOG W/VISIBILITY <= 1/4 MILE


RELATIVE HUMIDITY (PERCENT)
 HIGHEST   100          1200 PM
 LOWEST     56           300 PM
 AVERAGE    78

..........................................................


THE MISSOULA MT CLIMATE NORMALS FOR TODAY
                         NORMAL    RECORD    YEAR
 MAXIMUM TEMPERATURE (F)   34        51      1935
 MINIMUM TEMPERATURE (F)   19       -22      1949


SUNRISE AND SUNSET
JANUARY 24 2018.......SUNRISE   810 AM MST   SUNSET   528 PM MST
JANUARY 25 2018.......SUNRISE   809 AM MST   SUNSET   529 PM MST


-  INDICATES NEGATIVE NUMBERS.
R  INDICATES RECORD WAS SET OR TIED.
MM INDICATES DATA IS MISSING.
T  INDICATES TRACE AMOUNT.




$$
