000
CDUS45 KMSO 230738
CLIMSO


CLIMATE REPORT
NATIONAL WEATHER SERVICE MISSOULA, MT
137 AM MDT THU MAR 23 2017


...................................

...THE MISSOULA MT CLIMATE SUMMARY FOR MARCH 22 2017...

CLIMATE NORMAL PERIOD 1981 TO 2010
CLIMATE RECORD PERIOD 1893 TO 2017


WEATHER ITEM   OBSERVED TIME   RECORD YEAR NORMAL DEPARTURE LAST
                VALUE   (LST)  VALUE       VALUE  FROM      YEAR
                                                  NORMAL
..................................................................
TEMPERATURE (F)
 YESTERDAY
  MAXIMUM         57    428 PM  70    1939  52      5       48
  MINIMUM         36    323 AM   4    1966  29      7       32
  AVERAGE         47                        41      6       40

PRECIPITATION (IN)
  YESTERDAY        0.01          0.36 1920   0.03  -0.02     0.05
  MONTH TO DATE    1.74                      0.67   1.07     0.80
  SINCE OCT 1      9.66                      5.15   4.51     5.27
  SINCE JAN 1      5.00                      2.22   2.78     1.88

SNOWFALL (IN)
  YESTERDAY       MM
  MONTH TO DATE    9.5
  SINCE JAN 1     34.6
  SINCE JUL 1     63.7
  SNOW DEPTH       0

DEGREE DAYS
 HEATING
  YESTERDAY       18                        24     -6       25
  MONTH TO DATE  563                       605    -42      554
  SINCE MAR 1    563                       605    -42      554
  SINCE JUL 1   6339                      5974    365     5738

 COOLING
  YESTERDAY        0                         0      0        0
  MONTH TO DATE    0                         0      0        0
  SINCE MAR 1      0                         0      0        0
  SINCE JAN 1      0                         0      0        0
..................................................................


WIND (MPH)
  HIGHEST WIND SPEED    15   HIGHEST WIND DIRECTION     W (280)
  HIGHEST GUST SPEED    18   HIGHEST GUST DIRECTION    NW (330)
  AVERAGE WIND SPEED     4.9


SKY COVER
  POSSIBLE SUNSHINE  MM
  AVERAGE SKY COVER 0.7


WEATHER CONDITIONS
 THE FOLLOWING WEATHER WAS RECORDED YESTERDAY.
  LIGHT RAIN
  FOG


RELATIVE HUMIDITY (PERCENT)
 HIGHEST   100           100 AM
 LOWEST     43           400 PM
 AVERAGE    72

..........................................................


THE MISSOULA MT CLIMATE NORMALS FOR TODAY
                         NORMAL    RECORD    YEAR
 MAXIMUM TEMPERATURE (F)   53        71      1939
 MINIMUM TEMPERATURE (F)   30        -1      1964


SUNRISE AND SUNSET
MARCH 23 2017.........SUNRISE   733 AM MDT   SUNSET   754 PM MDT
MARCH 24 2017.........SUNRISE   731 AM MDT   SUNSET   755 PM MDT


-  INDICATES NEGATIVE NUMBERS.
R  INDICATES RECORD WAS SET OR TIED.
MM INDICATES DATA IS MISSING.
T  INDICATES TRACE AMOUNT.




$$
