000
CDUS45 KMSO 182231
CLIMSO


CLIMATE REPORT
NATIONAL WEATHER SERVICE MISSOULA, MT
431 PM MDT FRI AUG 18 2017


...................................

...THE MISSOULA MT CLIMATE SUMMARY FOR AUGUST 18 2017...
VALID TODAY AS OF 0400 PM LOCAL TIME.

CLIMATE NORMAL PERIOD 1981 TO 2010
CLIMATE RECORD PERIOD 1893 TO 2017


WEATHER ITEM   OBSERVED TIME   RECORD YEAR NORMAL DEPARTURE LAST
                VALUE   (LST)  VALUE       VALUE  FROM      YEAR
                                                  NORMAL
..................................................................
TEMPERATURE (F)
 TODAY
  MAXIMUM         87    259 PM 100    2008  85      2       90
  MINIMUM         48    554 AM  39    1987  50     -2       56
                                      1954
  AVERAGE         68                        67      1       73

PRECIPITATION (IN)
  TODAY            0.00          0.66 1926   0.04  -0.04     0.12
  MONTH TO DATE    0.14                      0.65  -0.51     0.25
  SINCE OCT 1     14.85                     12.42   2.43    11.56
  SINCE JAN 1     10.19                      9.49   0.70     8.17

SNOWFALL (IN)
  TODAY            0.0
  MONTH TO DATE    0.0
  SINCE JAN 1     38.2
  SINCE JUL 1      0.0
  SNOW DEPTH       0

DEGREE DAYS
 HEATING
  TODAY            0                         1     -1        0
  MONTH TO DATE    0                        18    -18       17
  SINCE JUN 1    115                       216   -101      193
  SINCE JUL 1      0                        56    -56       74

 COOLING
  TODAY            3                         4     -1        8
  MONTH TO DATE  101                        91     10       65
  SINCE JUN 1    416                       279    137      253
  SINCE JAN 1    425                       285    140      253
..................................................................


WIND (MPH)
  HIGHEST WIND SPEED     8   HIGHEST WIND DIRECTION    SE (140)
  HIGHEST GUST SPEED    11   HIGHEST GUST DIRECTION    SE (150)
  AVERAGE WIND SPEED     2.3


SKY COVER
  POSSIBLE SUNSHINE  MM
  AVERAGE SKY COVER 0.1


WEATHER CONDITIONS
 THE FOLLOWING WEATHER WAS RECORDED TODAY.
  HAZE


RELATIVE HUMIDITY (PERCENT)
 HIGHEST    71           600 AM
 LOWEST     15           300 PM
 AVERAGE    43

..........................................................


THE MISSOULA MT CLIMATE NORMALS FOR TOMORROW
                         NORMAL    RECORD    YEAR
 MAXIMUM TEMPERATURE (F)   84       100      1961
 MINIMUM TEMPERATURE (F)   50        25      1901


SUNRISE AND SUNSET
AUGUST 18 2017........SUNRISE   638 AM MDT   SUNSET   841 PM MDT
AUGUST 19 2017........SUNRISE   639 AM MDT   SUNSET   839 PM MDT


-  INDICATES NEGATIVE NUMBERS.
R  INDICATES RECORD WAS SET OR TIED.
MM INDICATES DATA IS MISSING.
T  INDICATES TRACE AMOUNT.




$$
