000
CDUS45 KMSO 272231
CLIMSO


CLIMATE REPORT
NATIONAL WEATHER SERVICE MISSOULA, MT
430 PM MDT FRI MAR 27 2015


...................................

...THE MISSOULA MT CLIMATE SUMMARY FOR MARCH 27 2015...
VALID TODAY AS OF 0400 PM LOCAL TIME.

CLIMATE NORMAL PERIOD 1981 TO 2010
CLIMATE RECORD PERIOD 1893 TO 2015


WEATHER ITEM   OBSERVED TIME   RECORD YEAR NORMAL DEPARTURE LAST
                VALUE   (LST)  VALUE       VALUE  FROM      YEAR
                                                  NORMAL
..................................................................
TEMPERATURE (F)
 TODAY
  MAXIMUM         69    253 PM  73    1986  54     15       45
  MINIMUM         31    650 AM   4    1898  30      1       32
  AVERAGE         50                        42      8       39

PRECIPITATION (IN)
  TODAY            0.00          0.53 1979   0.04  -0.04     0.24
  MONTH TO DATE    0.45                      0.85  -0.40     1.39
  SINCE OCT 1      7.97                      5.33   2.64     6.45
  SINCE JAN 1      2.66                      2.40   0.26     4.74

SNOWFALL (IN)
  TODAY            0.0
  MONTH TO DATE    T
  SINCE JAN 1     12.7
  SINCE JUL 1     33.3
  SNOW DEPTH       0

DEGREE DAYS
 HEATING
  TODAY           15                        23     -8       26
  MONTH TO DATE  648                       722    -74      776
  SINCE MAR 1    648                       722    -74      776
  SINCE JUL 1   5640                      6091   -451     6286

 COOLING
  TODAY            0                         0      0        0
  MONTH TO DATE    0                         0      0        0
  SINCE MAR 1      0                         0      0        0
  SINCE JAN 1      0                         0      0        0
..................................................................


WIND (MPH)
  HIGHEST WIND SPEED     6   HIGHEST WIND DIRECTION     S (200)
  HIGHEST GUST SPEED     9   HIGHEST GUST DIRECTION     S (200)
  AVERAGE WIND SPEED     0.2


SKY COVER
  POSSIBLE SUNSHINE  MM
  AVERAGE SKY COVER 0.3


WEATHER CONDITIONS
 THE FOLLOWING WEATHER WAS RECORDED TODAY.
  FOG


RELATIVE HUMIDITY (PERCENT)
 HIGHEST   100           200 AM
 LOWEST     36           300 PM
 AVERAGE    68

..........................................................


THE MISSOULA MT CLIMATE NORMALS FOR TOMORROW
                         NORMAL    RECORD    YEAR
 MAXIMUM TEMPERATURE (F)   54        72      1986
 MINIMUM TEMPERATURE (F)   31         5      1975


SUNRISE AND SUNSET
MARCH 27 2015.........SUNRISE   726 AM MDT   SUNSET   759 PM MDT
MARCH 28 2015.........SUNRISE   724 AM MDT   SUNSET   800 PM MDT


-  INDICATES NEGATIVE NUMBERS.
R  INDICATES RECORD WAS SET OR TIED.
MM INDICATES DATA IS MISSING.
T  INDICATES TRACE AMOUNT.




$$
