000
CDUS43 KMPX 270635
CLIMSP


CLIMATE REPORT
NATIONAL WEATHER SERVICE CHANHASSEN MN
134 AM CDT THU APR 27 2017


...................................

...THE TWIN CITIES MN CLIMATE SUMMARY FOR APRIL 26 2017...

CLIMATE NORMAL PERIOD 1981 TO 2010
CLIMATE RECORD PERIOD 1871 TO 2017


WEATHER ITEM   OBSERVED TIME   RECORD YEAR NORMAL DEPARTURE LAST
                VALUE   (LST)  VALUE       VALUE  FROM      YEAR
                                                  NORMAL
..................................................................
TEMPERATURE (F)
 YESTERDAY
  MAXIMUM         47   1217 AM  85    1970  63    -16       49
  MINIMUM         36   1159 PM  26    1950  42     -6       42
  AVERAGE         42                        52    -10       46

PRECIPITATION (IN)
  YESTERDAY        0.38          1.46 2011   0.11   0.27      T
  MONTH TO DATE    3.73                      2.23   1.50     1.91
  SINCE MAR 1      4.41                      4.12   0.29     4.17
  SINCE JAN 1      6.03                      5.79   0.24     5.57

SNOWFALL (IN)
  YESTERDAY        0.0           3.0  1893   0.0    0.0      0.0
  MONTH TO DATE    0.5                       2.2   -1.7      0.5
  SINCE MAR 1      5.2                      12.5   -7.3      5.9
  SINCE JUL 1     32.0                      54.2  -22.2     36.7
  SNOW DEPTH       0

DEGREE DAYS
 HEATING
  YESTERDAY       23                        13     10       19
  MONTH TO DATE  336                       484   -148      433
  SINCE MAR 1   1291                      1482   -191     1161
  SINCE JUL 1   5992                      7272  -1280     6026

 COOLING
  YESTERDAY        0                         0      0        0
  MONTH TO DATE    0                         0      0        8
  SINCE MAR 1      0                         0      0        8
  SINCE JAN 1      0                         0      0        8
..................................................................


WIND (MPH)
  HIGHEST WIND SPEED    20   HIGHEST WIND DIRECTION     N (350)
  HIGHEST GUST SPEED    24   HIGHEST GUST DIRECTION    NE (30)
  AVERAGE WIND SPEED    12.3


SKY COVER
  POSSIBLE SUNSHINE  MM
  AVERAGE SKY COVER 1.0


WEATHER CONDITIONS
 THE FOLLOWING WEATHER WAS RECORDED YESTERDAY.
  LIGHT RAIN
  FOG
  HAZE


RELATIVE HUMIDITY (PERCENT)
 HIGHEST    93          1200 AM
 LOWEST     70           400 PM
 AVERAGE    82

..........................................................


THE TWIN CITIES MN CLIMATE NORMALS FOR TODAY
                         NORMAL    RECORD    YEAR
 MAXIMUM TEMPERATURE (F)   63        85      1977
                                             1970
                                             1952
 MINIMUM TEMPERATURE (F)   42        21      1909


SUNRISE AND SUNSET
APRIL 27 2017.........SUNRISE   608 AM CDT   SUNSET   814 PM CDT
APRIL 28 2017.........SUNRISE   607 AM CDT   SUNSET   815 PM CDT


-  INDICATES NEGATIVE NUMBERS.
R  INDICATES RECORD WAS SET OR TIED.
MM INDICATES DATA IS MISSING.
T  INDICATES TRACE AMOUNT.




$$
