000
CDUS41 KBTV 210540
CLIMSS


CLIMATE REPORT
NATIONAL WEATHER SERVICE BURLINGTON VT
1238 AM EST SUN DEC 21 2014


...................................

...THE MASSENA NY CLIMATE SUMMARY FOR DECEMBER 20 2014...

CLIMATE NORMAL PERIOD 1981 TO 2010
CLIMATE RECORD PERIOD 1948 TO 2014


WEATHER ITEM   OBSERVED TIME   RECORD YEAR NORMAL DEPARTURE LAST
                VALUE   (LST)  VALUE       VALUE  FROM      YEAR
                                                  NORMAL
..................................................................
TEMPERATURE (F)
 YESTERDAY
  MAXIMUM         22    336 PM  62    1957  29     -7       32
  MINIMUM          1    801 AM -27    1975  12    -11       19
  AVERAGE         12                        20     -8       26

PRECIPITATION (IN)
  YESTERDAY        T             1.81        0.07  -0.07     0.29
  MONTH TO DATE    0.48                      1.63  -1.15     0.53
  SINCE DEC 1      0.48                      1.63  -1.15     0.53
  SINCE JAN 1     30.64                     34.16  -3.52    34.41

DEGREE DAYS
 HEATING
  YESTERDAY       53                        45      8       39
  MONTH TO DATE  784                       813    -29      911
  SINCE DEC 1    784                       813    -29      911
  SINCE JUL 1   2345                      2582   -237     2662

 COOLING
  YESTERDAY        0                         0      0        0
  MONTH TO DATE    0                         0      0        0
  SINCE DEC 1      0                         0      0        0
  SINCE JAN 1    336                       363    -27      418
..................................................................


WIND (MPH)
  HIGHEST WIND SPEED     9   HIGHEST WIND DIRECTION    NE (60)
  HIGHEST GUST SPEED    11   HIGHEST GUST DIRECTION    NE (60)
  AVERAGE WIND SPEED     2.5


SKY COVER
  AVERAGE SKY COVER 0.2


WEATHER CONDITIONS
 THE FOLLOWING WEATHER WAS RECORDED YESTERDAY.
  LIGHT SNOW
  FOG
  HAZE


RELATIVE HUMIDITY (PERCENT)
 HIGHEST    96           900 AM
 LOWEST     68           400 PM
 AVERAGE    82

..........................................................


THE MASSENA NY CLIMATE NORMALS FOR TODAY
                         NORMAL    RECORD    YEAR
 MAXIMUM TEMPERATURE (F)   28        62      1957
 MINIMUM TEMPERATURE (F)   11       -30      1970


SUNRISE AND SUNSET
DECEMBER 21 2014......SUNRISE   734 AM EST   SUNSET   421 PM EST
DECEMBER 22 2014......SUNRISE   735 AM EST   SUNSET   421 PM EST


-  INDICATES NEGATIVE NUMBERS.
R  INDICATES RECORD WAS SET OR TIED.
MM INDICATES DATA IS MISSING.
T  INDICATES TRACE AMOUNT.




$$
