000
CDUS41 KBTV 300613
CLIMSS


CLIMATE REPORT
NATIONAL WEATHER SERVICE BURLINGTON VT
211 AM EDT SAT AUG 30 2014


...................................

...THE MASSENA NY CLIMATE SUMMARY FOR AUGUST 29 2014...

CLIMATE NORMAL PERIOD 1981 TO 2010
CLIMATE RECORD PERIOD 1948 TO 2014


WEATHER ITEM   OBSERVED TIME   RECORD YEAR NORMAL DEPARTURE LAST
                VALUE   (LST)  VALUE       VALUE  FROM      YEAR
                                                  NORMAL
..................................................................
TEMPERATURE (F)
 YESTERDAY
  MAXIMUM         74    409 PM  92    1953  76     -2       78
  MINIMUM         47    534 AM  39    1982  53     -6       61
  AVERAGE         61                        64     -3       70

PRECIPITATION (IN)
  YESTERDAY        0.00          1.77        0.11  -0.11     0.00
  MONTH TO DATE    3.35                      3.30   0.05     3.50
  SINCE JUN 1     13.75                     10.39   3.36    14.71
  SINCE JAN 1     23.68                     22.32   1.36    23.01

DEGREE DAYS
 HEATING
  YESTERDAY        4                         3      1        0
  MONTH TO DATE   38                        45     -7       34
  SINCE JUN 1     98                       164    -66      172
  SINCE JUL 1     60                        68     -8       56

 COOLING
  YESTERDAY        0                         2     -2        5
  MONTH TO DATE   72                        96    -24       81
  SINCE JUN 1    263                       316    -53      353
  SINCE JAN 1    278                       330    -52      376
..................................................................


WIND (MPH)
  HIGHEST WIND SPEED     9   HIGHEST WIND DIRECTION    NE (30)
  HIGHEST GUST SPEED    12   HIGHEST GUST DIRECTION    NE (40)
  AVERAGE WIND SPEED     2.3


SKY COVER
  AVERAGE SKY COVER 0.1


WEATHER CONDITIONS
 THE FOLLOWING WEATHER WAS RECORDED YESTERDAY.
  FOG


RELATIVE HUMIDITY (PERCENT)
 HIGHEST   100           100 AM
 LOWEST     57           200 PM
 AVERAGE    79

..........................................................


THE MASSENA NY CLIMATE NORMALS FOR TODAY
                         NORMAL    RECORD    YEAR
 MAXIMUM TEMPERATURE (F)   75        93      1991
 MINIMUM TEMPERATURE (F)   53        35      2000


SUNRISE AND SUNSET
AUGUST 30 2014........SUNRISE   619 AM EDT   SUNSET   740 PM EDT
AUGUST 31 2014........SUNRISE   620 AM EDT   SUNSET   738 PM EDT


-  INDICATES NEGATIVE NUMBERS.
R  INDICATES RECORD WAS SET OR TIED.
MM INDICATES DATA IS MISSING.
T  INDICATES TRACE AMOUNT.




$$
