000
CDUS41 KBTV 030534
CLIMSS


CLIMATE REPORT
NATIONAL WEATHER SERVICE BURLINGTON VT
129 AM EDT TUE MAY 3 2016


...................................

...THE MASSENA NY CLIMATE SUMMARY FOR MAY 2 2016...

CLIMATE NORMAL PERIOD 1981 TO 2010
CLIMATE RECORD PERIOD 1948 TO 2016


WEATHER ITEM   OBSERVED TIME   RECORD YEAR NORMAL DEPARTURE LAST
                VALUE   (LST)  VALUE       VALUE  FROM      YEAR
                                                  NORMAL
..................................................................
TEMPERATURE (F)
 YESTERDAY
  MAXIMUM         49    232 PM  85    2001  62    -13       75
  MINIMUM         40   1152 PM  22    1974  39      1       37
  AVERAGE         45                        51     -6       56

PRECIPITATION (IN)
  YESTERDAY        0.04          0.62        0.10  -0.06     0.00
  MONTH TO DATE    0.21                      0.19   0.02     0.00
  SINCE MAR 1      4.10                      5.10  -1.00     3.02
  SINCE JAN 1      8.76                      9.05  -0.29     4.44

DEGREE DAYS
 HEATING
  YESTERDAY       20                        15      5        9
  MONTH TO DATE   39                        30      9       18
  SINCE MAR 1   1805                      1825    -20     1953
  SINCE JUL 1   6851                      7812   -961     8119

 COOLING
  YESTERDAY        0                         0      0        0
  MONTH TO DATE    0                         0      0        0
  SINCE MAR 1      0                         1     -1        0
  SINCE JAN 1      0                         1     -1        0
..................................................................


WIND (MPH)
  HIGHEST WIND SPEED    15   HIGHEST WIND DIRECTION    NE (60)
  HIGHEST GUST SPEED    19   HIGHEST GUST DIRECTION    NE (60)
  AVERAGE WIND SPEED     6.1


SKY COVER
  AVERAGE SKY COVER 1.0


WEATHER CONDITIONS
 THE FOLLOWING WEATHER WAS RECORDED YESTERDAY.
  LIGHT RAIN
  FOG


RELATIVE HUMIDITY (PERCENT)
 HIGHEST    93           700 AM
 LOWEST     80           300 PM
 AVERAGE    87

..........................................................


THE MASSENA NY CLIMATE NORMALS FOR TODAY
                         NORMAL    RECORD    YEAR
 MAXIMUM TEMPERATURE (F)   63        86      2001
 MINIMUM TEMPERATURE (F)   39        28      2000
                                             1987


SUNRISE AND SUNSET
MAY  3 2016...........SUNRISE   545 AM EDT   SUNSET   808 PM EDT
MAY  4 2016...........SUNRISE   544 AM EDT   SUNSET   809 PM EDT


-  INDICATES NEGATIVE NUMBERS.
R  INDICATES RECORD WAS SET OR TIED.
MM INDICATES DATA IS MISSING.
T  INDICATES TRACE AMOUNT.




$$
