000
CDUS41 KBTV 260551
CLIMSS


CLIMATE REPORT
NATIONAL WEATHER SERVICE BURLINGTON VT
150 AM EDT SUN OCT 26 2014


...................................

...THE MASSENA NY CLIMATE SUMMARY FOR OCTOBER 25 2014...

CLIMATE NORMAL PERIOD 1981 TO 2010
CLIMATE RECORD PERIOD 1948 TO 2014


WEATHER ITEM   OBSERVED TIME   RECORD YEAR NORMAL DEPARTURE LAST
                VALUE   (LST)  VALUE       VALUE  FROM      YEAR
                                                  NORMAL
..................................................................
TEMPERATURE (F)
 YESTERDAY
  MAXIMUM         61   1152 AM  80    1963  53      8       44
  MINIMUM         37    555 AM  19    2002  34      3       26
  AVERAGE         49                        43      6       35

PRECIPITATION (IN)
  YESTERDAY        0.12          1.29        0.10   0.02     0.00
  MONTH TO DATE    1.94                      2.68  -0.74     2.00
  SINCE SEP 1      3.15                      6.33  -3.18     7.44
  SINCE JAN 1     28.61                     28.87  -0.26    30.56

DEGREE DAYS
 HEATING
  YESTERDAY       16                        22     -6       30
  MONTH TO DATE  316                       444   -128      311
  SINCE SEP 1    523                       669   -146      556
  SINCE JUL 1    583                       744   -161      612

 COOLING
  YESTERDAY        0                         0      0        0
  MONTH TO DATE    7                         0      7        0
  SINCE SEP 1     48                        25     23       31
  SINCE JAN 1    336                       361    -25      418
..................................................................


WIND (MPH)
  HIGHEST WIND SPEED    21   HIGHEST WIND DIRECTION    SW (220)
  HIGHEST GUST SPEED    26   HIGHEST GUST DIRECTION    SW (210)
  AVERAGE WIND SPEED     9.6


SKY COVER
  AVERAGE SKY COVER 0.5


WEATHER CONDITIONS
 THE FOLLOWING WEATHER WAS RECORDED YESTERDAY.
  HEAVY RAIN
  RAIN
  LIGHT RAIN
  FOG


RELATIVE HUMIDITY (PERCENT)
 HIGHEST    96           600 PM
 LOWEST     60          1200 PM
 AVERAGE    78

..........................................................


THE MASSENA NY CLIMATE NORMALS FOR TODAY
                         NORMAL    RECORD    YEAR
 MAXIMUM TEMPERATURE (F)   52        74      2012
 MINIMUM TEMPERATURE (F)   33        17      1956


SUNRISE AND SUNSET
OCTOBER 26 2014.......SUNRISE   729 AM EDT   SUNSET   557 PM EDT
OCTOBER 27 2014.......SUNRISE   731 AM EDT   SUNSET   555 PM EDT


-  INDICATES NEGATIVE NUMBERS.
R  INDICATES RECORD WAS SET OR TIED.
MM INDICATES DATA IS MISSING.
T  INDICATES TRACE AMOUNT.




$$
