000
CDUS41 KBTV 030531
CLIMSS


CLIMATE REPORT
NATIONAL WEATHER SERVICE BURLINGTON VT
1228 AM EST SAT DEC 3 2016


...................................

...THE MASSENA NY CLIMATE SUMMARY FOR DECEMBER 2 2016...

CLIMATE NORMAL PERIOD 1981 TO 2010
CLIMATE RECORD PERIOD 1948 TO 2016


WEATHER ITEM   OBSERVED TIME   RECORD YEAR NORMAL DEPARTURE LAST
                VALUE   (LST)  VALUE       VALUE  FROM      YEAR
                                                  NORMAL
..................................................................
TEMPERATURE (F)
 YESTERDAY
  MAXIMUM         43   1026 AM  59    1970  36      7       43
  MINIMUM         34    615 PM  -9    1971  21     13       37
  AVERAGE         39                        28     11       40

PRECIPITATION (IN)
  YESTERDAY        0.06          0.66        0.08  -0.02     0.30
  MONTH TO DATE    0.42                      0.17   0.25     0.37
  SINCE DEC 1      0.42                      0.17   0.25     0.37
  SINCE JAN 1     28.30                     32.70  -4.40    27.11

DEGREE DAYS
 HEATING
  YESTERDAY       26                        37    -11       25
  MONTH TO DATE   46                        73    -27       63
  SINCE DEC 1     46                        73    -27       63
  SINCE JUL 1   1452                      1842   -390     1537

 COOLING
  YESTERDAY        0                         0      0        0
  MONTH TO DATE    0                         0      0        0
  SINCE DEC 1      0                         0      0        0
  SINCE JAN 1    527                       363    164      453
..................................................................


WIND (MPH)
  HIGHEST WIND SPEED    21   HIGHEST WIND DIRECTION     W (290)
  HIGHEST GUST SPEED    29   HIGHEST GUST DIRECTION     W (290)
  AVERAGE WIND SPEED    10.9


SKY COVER
  AVERAGE SKY COVER 1.0


WEATHER CONDITIONS
 THE FOLLOWING WEATHER WAS RECORDED YESTERDAY.
  LIGHT RAIN
  LIGHT SNOW
  FOG


RELATIVE HUMIDITY (PERCENT)
 HIGHEST    85           100 PM
 LOWEST     70           100 AM
 AVERAGE    78

..........................................................


THE MASSENA NY CLIMATE NORMALS FOR TODAY
                         NORMAL    RECORD    YEAR
 MAXIMUM TEMPERATURE (F)   36        65      1982
 MINIMUM TEMPERATURE (F)   20       -14      1976


SUNRISE AND SUNSET
DECEMBER  3 2016......SUNRISE   720 AM EST   SUNSET   419 PM EST
DECEMBER  4 2016......SUNRISE   721 AM EST   SUNSET   419 PM EST


-  INDICATES NEGATIVE NUMBERS.
R  INDICATES RECORD WAS SET OR TIED.
MM INDICATES DATA IS MISSING.
T  INDICATES TRACE AMOUNT.




$$
