000
CDUS41 KBTV 160631
CLIMSS


CLIMATE REPORT
NATIONAL WEATHER SERVICE BURLINGTON VT
230 AM EDT TUE SEP 16 2014


...................................

...THE MASSENA NY CLIMATE SUMMARY FOR SEPTEMBER 15 2014...

CLIMATE NORMAL PERIOD 1981 TO 2010
CLIMATE RECORD PERIOD 1948 TO 2014


WEATHER ITEM   OBSERVED TIME   RECORD YEAR NORMAL DEPARTURE LAST
                VALUE   (LST)  VALUE       VALUE  FROM      YEAR
                                                  NORMAL
..................................................................
TEMPERATURE (F)
 YESTERDAY
  MAXIMUM         66    237 PM  84    2008  70     -4       68
  MINIMUM         37   1200 AM  33    1984  48    -11       46
  AVERAGE         52                        59     -7       57

PRECIPITATION (IN)
  YESTERDAY        0.01          1.24        0.12  -0.11     0.13
  MONTH TO DATE    1.01                      1.74  -0.73     3.51
  SINCE SEP 1      1.01                      1.74  -0.73     3.51
  SINCE JAN 1     26.47                     24.28   2.19    26.63

DEGREE DAYS
 HEATING
  YESTERDAY       13                         7      6        8
  MONTH TO DATE   79                        75      4       88
  SINCE SEP 1     79                        75      4       88
  SINCE JUL 1    139                       150    -11      144

 COOLING
  YESTERDAY        0                         1     -1        0
  MONTH TO DATE   39                        20     19       30
  SINCE SEP 1     39                        20     19       30
  SINCE JAN 1    327                       356    -29      417
..................................................................


WIND (MPH)
  HIGHEST WIND SPEED    18   HIGHEST WIND DIRECTION    SW (210)
  HIGHEST GUST SPEED    23   HIGHEST GUST DIRECTION    SW (210)
  AVERAGE WIND SPEED     6.8


SKY COVER
  AVERAGE SKY COVER 0.8


WEATHER CONDITIONS
 THE FOLLOWING WEATHER WAS RECORDED YESTERDAY.
  LIGHT RAIN


RELATIVE HUMIDITY (PERCENT)
 HIGHEST   100           500 AM
 LOWEST     48          1200 PM
 AVERAGE    74

..........................................................


THE MASSENA NY CLIMATE NORMALS FOR TODAY
                         NORMAL    RECORD    YEAR
 MAXIMUM TEMPERATURE (F)   70        87      1991
 MINIMUM TEMPERATURE (F)   47        28      1959


SUNRISE AND SUNSET
SEPTEMBER 16 2014.....SUNRISE   639 AM EDT   SUNSET   708 PM EDT
SEPTEMBER 17 2014.....SUNRISE   640 AM EDT   SUNSET   706 PM EDT


-  INDICATES NEGATIVE NUMBERS.
R  INDICATES RECORD WAS SET OR TIED.
MM INDICATES DATA IS MISSING.
T  INDICATES TRACE AMOUNT.




$$
