000
CDUS41 KBTV 250527
CLIMSS


CLIMATE REPORT
NATIONAL WEATHER SERVICE BURLINGTON VT
125 AM EDT THU AUG 25 2016


...................................

...THE MASSENA NY CLIMATE SUMMARY FOR AUGUST 24 2016...

CLIMATE NORMAL PERIOD 1981 TO 2010
CLIMATE RECORD PERIOD 1948 TO 2016


WEATHER ITEM   OBSERVED TIME   RECORD YEAR NORMAL DEPARTURE LAST
                VALUE   (LST)  VALUE       VALUE  FROM      YEAR
                                                  NORMAL
..................................................................
TEMPERATURE (F)
 YESTERDAY
  MAXIMUM         86    339 PM  88    1999  77      9       83
  MINIMUM         60    540 AM  41    1971  54      6       57
  AVERAGE         73                        65      8       70

PRECIPITATION (IN)
  YESTERDAY        0.00          0.87        0.10  -0.10      T
  MONTH TO DATE    2.20                      2.76  -0.56     3.24
  SINCE JUN 1      9.86                      9.85   0.01    11.78
  SINCE JAN 1     19.20                     21.78  -2.58    17.77

DEGREE DAYS
 HEATING
  YESTERDAY        0                         2     -2        0
  MONTH TO DATE    2                        32    -30        7
  SINCE JUN 1     76                       151    -75      130
  SINCE JUL 1     11                        55    -44       29

 COOLING
  YESTERDAY        8                         3      5        5
  MONTH TO DATE  164                        86     78      116
  SINCE JUN 1    392                       306     86      319
  SINCE JAN 1    438                       320    118      364
..................................................................


WIND (MPH)
  HIGHEST WIND SPEED    18   HIGHEST WIND DIRECTION    SW (230)
  HIGHEST GUST SPEED    23   HIGHEST GUST DIRECTION    SW (230)
  AVERAGE WIND SPEED     7.4


SKY COVER
  AVERAGE SKY COVER 0.0


WEATHER CONDITIONS
 THE FOLLOWING WEATHER WAS RECORDED YESTERDAY.
  NO SIGNIFICANT WEATHER WAS OBSERVED.


RELATIVE HUMIDITY (PERCENT)
 HIGHEST    84           200 AM
 LOWEST     42           300 PM
 AVERAGE    63

..........................................................


THE MASSENA NY CLIMATE NORMALS FOR TODAY
                         NORMAL    RECORD    YEAR
 MAXIMUM TEMPERATURE (F)   76        91      2012
 MINIMUM TEMPERATURE (F)   54        36      1989


SUNRISE AND SUNSET
AUGUST 25 2016........SUNRISE   614 AM EDT   SUNSET   748 PM EDT
AUGUST 26 2016........SUNRISE   615 AM EDT   SUNSET   746 PM EDT


-  INDICATES NEGATIVE NUMBERS.
R  INDICATES RECORD WAS SET OR TIED.
MM INDICATES DATA IS MISSING.
T  INDICATES TRACE AMOUNT.




$$
