000
CDUS41 KBTV 270534
CLIMSS


CLIMATE REPORT
NATIONAL WEATHER SERVICE BURLINGTON VT
129 AM EDT THU JUL 27 2017


...................................

...THE MASSENA NY CLIMATE SUMMARY FOR JULY 26 2017...

CLIMATE NORMAL PERIOD 1981 TO 2010
CLIMATE RECORD PERIOD 1948 TO 2017


WEATHER ITEM   OBSERVED TIME   RECORD YEAR NORMAL DEPARTURE LAST
                VALUE   (LST)  VALUE       VALUE  FROM      YEAR
                                                  NORMAL
..................................................................
TEMPERATURE (F)
 YESTERDAY
  MAXIMUM         73    139 PM  92    1989  80     -7       83
  MINIMUM         51    442 AM  44    2013  58     -7       64
  AVERAGE         62                        69     -7       74

PRECIPITATION (IN)
  YESTERDAY        T             2.51        0.12  -0.12     0.00
  MONTH TO DATE    5.18                      2.98   2.20     2.97
  SINCE JUN 1     11.28                      6.50   4.78     7.66
  SINCE JAN 1     25.93                     18.43   7.50    17.00

DEGREE DAYS
 HEATING
  YESTERDAY        3                         1      2        0
  MONTH TO DATE    8                        26    -18        9
  SINCE JUN 1    102                       122    -20       74
  SINCE JUL 1      8                        26    -18        9

 COOLING
  YESTERDAY        0                         5     -5        9
  MONTH TO DATE  110                       127    -17      135
  SINCE JUN 1    188                       202    -14      202
  SINCE JAN 1    204                       216    -12      248
..................................................................


WIND (MPH)
  HIGHEST WIND SPEED    13   HIGHEST WIND DIRECTION    SW (210)
  HIGHEST GUST SPEED    16   HIGHEST GUST DIRECTION    SW (220)
  AVERAGE WIND SPEED     4.3


SKY COVER
  AVERAGE SKY COVER 0.7


WEATHER CONDITIONS
 THE FOLLOWING WEATHER WAS RECORDED YESTERDAY.
  FOG


RELATIVE HUMIDITY (PERCENT)
 HIGHEST   100          1200 AM
 LOWEST     64           100 PM
 AVERAGE    82

..........................................................


THE MASSENA NY CLIMATE NORMALS FOR TODAY
                         NORMAL    RECORD    YEAR
 MAXIMUM TEMPERATURE (F)   80        96      1949
 MINIMUM TEMPERATURE (F)   58        40      2001


SUNRISE AND SUNSET
JULY 27 2017..........SUNRISE   540 AM EDT   SUNSET   832 PM EDT
JULY 28 2017..........SUNRISE   541 AM EDT   SUNSET   830 PM EDT


-  INDICATES NEGATIVE NUMBERS.
R  INDICATES RECORD WAS SET OR TIED.
MM INDICATES DATA IS MISSING.
T  INDICATES TRACE AMOUNT.




$$
