000
CDUS42 KKEY 180530
CLIMTH


CLIMATE REPORT
NATIONAL WEATHER SERVICE KEY WEST, FL
1228 AM EST WED JAN 18 2017

...................................

...THE MARATHON CLIMATE SUMMARY FOR JANUARY 17 2017...

CLIMATE NORMAL PERIOD 1981 TO 2010

WEATHER ITEM   OBSERVED TIME   NORMAL DEPARTURE LAST
                VALUE   (LST)  VALUE  FROM      YEAR
                                      NORMAL
......................................................
TEMPERATURE (F)
 YESTERDAY
  MAXIMUM         84   1255 PM  75      9       78
  MINIMUM         76   1159 PM  64     12       62
  AVERAGE         80            69     11       70

PRECIPITATION (IN)
  YESTERDAY        T             0.03  -0.03     0.18
  MONTH TO DATE    0.27          0.87  -0.60     3.89
  SINCE DEC 1      2.17          2.89  -0.72    11.83
  SINCE JAN 1      0.27          0.87  -0.60     3.89

SNOWFALL (IN)
  YESTERDAY        0.0
  MONTH TO DATE    0.0
  SINCE DEC 1      0.0
  SINCE JUL 1      0.0
  SNOW DEPTH       0

DEGREE DAYS
 HEATING
  YESTERDAY        0             1     -1        0
  MONTH TO DATE    3            26    -23        2
  SINCE DEC 1      3            46    -43        2
  SINCE JUL 1      3            47    -44        2

 COOLING
  YESTERDAY       15             6      9        5
  MONTH TO DATE  188           102     86       96
  SINCE DEC 1    646           330    316      492
  SINCE JAN 1    188           102     86       96
......................................................


WIND (MPH)
  HIGHEST WIND SPEED    13   HIGHEST WIND DIRECTION     E (90)
  HIGHEST GUST SPEED    19   HIGHEST GUST DIRECTION     E (110)
  AVERAGE WIND SPEED     8.6


SKY COVER
  POSSIBLE SUNSHINE  MM
  AVERAGE SKY COVER 0.2


WEATHER CONDITIONS
 THE FOLLOWING WEATHER WAS RECORDED YESTERDAY.
  LIGHT RAIN


RELATIVE HUMIDITY (PERCENT)
 HIGHEST    74
 LOWEST     55
 AVERAGE    65

..........................................................


THE MARATHON CLIMATE NORMALS FOR TODAY
                         NORMAL
 MAXIMUM TEMPERATURE (F)   75
 MINIMUM TEMPERATURE (F)   64


SUNRISE AND SUNSET
JANUARY 18 2017.......SUNRISE   710 AM EST   SUNSET   600 PM EST
JANUARY 19 2017.......SUNRISE   710 AM EST   SUNSET   600 PM EST


-  INDICATES NEGATIVE NUMBERS.
R  INDICATES RECORD WAS SET OR TIED.
MM INDICATES DATA IS MISSING.
T  INDICATES TRACE AMOUNT.

$$

BWC
