692
CDUS42 KKEY 252045
CLIMTH

CLIMATE REPORT
NATIONAL WEATHER SERVICE KEY WEST, FL
433 PM EDT THU AUG 25 2016

...................................

...THE MARATHON CLIMATE SUMMARY FOR AUGUST 25 2016...
VALID TODAY AS OF 0400 PM LOCAL TIME.

CLIMATE NORMAL PERIOD 1981 TO 2010

WEATHER ITEM   OBSERVED TIME   NORMAL DEPARTURE LAST
                VALUE   (LST)  VALUE  FROM      YEAR
                                      NORMAL
......................................................

TEMPERATURE (F)
 TODAY
  MAXIMUM         93    155 PM  91      2       93
  MINIMUM         83    818 AM  79      4       79
  AVERAGE         88            85      3       86

PRECIPITATION (IN)
  TODAY            T             0.23  -0.23     0.32
  MONTH TO DATE    3.39          5.30  -1.91     1.51
  SINCE JUN 1     11.25         15.19  -3.94     5.29
  SINCE JAN 1     24.05         27.13  -3.08    12.25

SNOWFALL (IN)
  TODAY            0.0
  MONTH TO DATE    0.0
  SINCE JUN 1      0.0
  SINCE JUL 1      0.0
  SNOW DEPTH       0

DEGREE DAYS
 HEATING
  TODAY            0             0      0        0
  MONTH TO DATE    0             0      0        0
  SINCE JUN 1      0             0      0        0
  SINCE JUL 1      0             0      0        0

 COOLING
  TODAY           23            20      3       21
  MONTH TO DATE  517           512      5      565
  SINCE JUN 1   1761          1726     35     1842
  SINCE JAN 1   3376          3269    107     3698

......................................................

WIND (MPH)
  HIGHEST WIND SPEED    13   HIGHEST WIND DIRECTION    NE (30)
  HIGHEST GUST SPEED    18   HIGHEST GUST DIRECTION     E (80)
  AVERAGE WIND SPEED     7.8

SKY COVER
  POSSIBLE SUNSHINE  MM
  AVERAGE SKY COVER 0.3

WEATHER CONDITIONS
 THE FOLLOWING WEATHER WAS RECORDED TODAY.
  THUNDERSTORM
  LIGHT RAIN

RELATIVE HUMIDITY (PERCENT)
 HIGHEST    82
 LOWEST     60
 AVERAGE    71

..........................................................

THE MARATHON CLIMATE NORMALS FOR TOMORROW
                         NORMAL
 MAXIMUM TEMPERATURE (F)   91
 MINIMUM TEMPERATURE (F)   79

SUNRISE AND SUNSET

AUGUST 25 2016........SUNRISE   703 AM EDT   SUNSET   749 PM EDT
AUGUST 26 2016........SUNRISE   703 AM EDT   SUNSET   748 PM EDT

-  INDICATES NEGATIVE NUMBERS.
R  INDICATES RECORD WAS SET OR TIED.
MM INDICATES DATA IS MISSING.
T  INDICATES TRACE AMOUNT.

$$
