000
CDUS42 KKEY 080534 RRA
CLIMTH

CLIMATE REPORT
NATIONAL WEATHER SERVICE KEY WEST, FL
1228 AM EST MON FEB 8 2016

...................................

...THE MARATHON CLIMATE SUMMARY FOR FEBRUARY 7 2016...

CLIMATE NORMAL PERIOD 1981 TO 2010

WEATHER ITEM   OBSERVED TIME   NORMAL DEPARTURE LAST
                VALUE   (LST)  VALUE  FROM      YEAR
                                      NORMAL
......................................................
TEMPERATURE (F)
 YESTERDAY
  MAXIMUM         65    131 PM  77    -12       74
  MINIMUM         57    813 AM  66     -9       64
  AVERAGE         61            71    -10       69

PRECIPITATION (IN)
  YESTERDAY        0.04          0.07  -0.03     0.00
  MONTH TO DATE    2.59          0.44   2.15     0.61
  SINCE DEC 1     15.76          4.07  11.69     2.35
  SINCE JAN 1      7.82          2.05   5.77     0.81

SNOWFALL (IN)
  YESTERDAY        0.0
  MONTH TO DATE    0.0
  SINCE DEC 1      0.0
  SINCE JUL 1      0.0
  SNOW DEPTH       0

DEGREE DAYS
 HEATING
  YESTERDAY        4             1      3        0
  MONTH TO DATE    4             3      1        0
  SINCE DEC 1     31            61    -30       18
  SINCE JUL 1     31            62    -31       24

 COOLING
  YESTERDAY        0             7     -7        4
  MONTH TO DATE   57            44     13       46
  SINCE DEC 1    587           453    134      517
  SINCE JAN 1    191           225    -34      278
......................................................


WIND (MPH)
  HIGHEST WIND SPEED    23   HIGHEST WIND DIRECTION    NW (330)
  HIGHEST GUST SPEED    32   HIGHEST GUST DIRECTION     N (340)
  AVERAGE WIND SPEED    14.6


SKY COVER
  POSSIBLE SUNSHINE  MM
  AVERAGE SKY COVER 0.6


WEATHER CONDITIONS
 THE FOLLOWING WEATHER WAS RECORDED YESTERDAY.
  LIGHT RAIN
  FOG


RELATIVE HUMIDITY (PERCENT)
 HIGHEST    84
 LOWEST     60
 AVERAGE    72

..........................................................


THE MARATHON CLIMATE NORMALS FOR TODAY
                         NORMAL
 MAXIMUM TEMPERATURE (F)   77
 MINIMUM TEMPERATURE (F)   66


SUNRISE AND SUNSET
FEBRUARY  8 2016......SUNRISE   703 AM EST   SUNSET   614 PM EST
FEBRUARY  9 2016......SUNRISE   703 AM EST   SUNSET   615 PM EST


-  INDICATES NEGATIVE NUMBERS.
R  INDICATES RECORD WAS SET OR TIED.
MM INDICATES DATA IS MISSING.
T  INDICATES TRACE AMOUNT.

$$

BWC
