000
CDUS45 KGJT 250748
CLIMTJ


CLIMATE REPORT
NATIONAL WEATHER SERVICE GRAND JUNCTION CO
130 AM MDT FRI JUL 25 2014


...................................

...THE MONTROSE CO CLIMATE SUMMARY FOR JULY 24 2014...

CLIMATE NORMAL PERIOD 1981 TO 2010
CLIMATE RECORD PERIOD 9999 TO 9999


WEATHER ITEM   OBSERVED TIME   RECORD YEAR NORMAL DEPARTURE LAST
                VALUE   (LST)  VALUE       VALUE  FROM      YEAR
                                                  NORMAL
..................................................................
TEMPERATURE (F)
 YESTERDAY
  MAXIMUM         89    208 PM  MM      MM  90     -1       84
  MINIMUM         64    631 AM  MM      MM  58      6       66
  AVERAGE         77                        74      3       75

PRECIPITATION (IN)
  YESTERDAY        0.11         MM      MM   0.04   0.07      T
  MONTH TO DATE    0.21                      0.67  -0.46     1.24
  SINCE JUN 1      0.22                      1.44  -1.22     1.24
  SINCE JAN 1      3.49                      5.74  -2.25     3.89

SNOWFALL (IN)
  YESTERDAY       MM            MM      MM  MM     MM       MM
  MONTH TO DATE   MM                        MM     MM       MM
  SINCE JUN 1     MM                        MM     MM       MM
  SINCE JUL 1     MM                        MM     MM       MM
  SNOW DEPTH      MM

DEGREE DAYS
 HEATING
  YESTERDAY        0                         0      0        0
  MONTH TO DATE    0                         0      0        0
  SINCE JUN 1     18                        39    -21        9
  SINCE JUL 1      0                         0      0        0

 COOLING
  YESTERDAY       12                         9      3       10
  MONTH TO DATE  284                       208     76      292
  SINCE JUN 1    424                       343     81      531
  SINCE JAN 1    465                       360    105      556
..................................................................


WIND (MPH)
  HIGHEST WIND SPEED    32   HIGHEST WIND DIRECTION     S (160)
  HIGHEST GUST SPEED    40   HIGHEST GUST DIRECTION     S (160)
  AVERAGE WIND SPEED    11.8


SKY COVER
  POSSIBLE SUNSHINE  MM
  AVERAGE SKY COVER 0.3


WEATHER CONDITIONS
 THE FOLLOWING WEATHER WAS RECORDED YESTERDAY.
  THUNDERSTORM
  RAIN
  LIGHT RAIN


RELATIVE HUMIDITY (PERCENT)
 HIGHEST    59           500 AM
 LOWEST     28           200 PM
 AVERAGE    44

..........................................................


THE MONTROSE CO CLIMATE NORMALS FOR TODAY
                         NORMAL    RECORD    YEAR
 MAXIMUM TEMPERATURE (F)   90        MM        MM
 MINIMUM TEMPERATURE (F)   58        MM        MM


SUNRISE AND SUNSET
JULY 25 2014..........SUNRISE   608 AM MDT   SUNSET   828 PM MDT
JULY 26 2014..........SUNRISE   608 AM MDT   SUNSET   827 PM MDT


-  INDICATES NEGATIVE NUMBERS.
R  INDICATES RECORD WAS SET OR TIED.
MM INDICATES DATA IS MISSING.
T  INDICATES TRACE AMOUNT.




$$
