000
CDUS45 KGJT 220726
CLIMTJ


CLIMATE REPORT
NATIONAL WEATHER SERVICE GRAND JUNCTION CO
124 AM MDT FRI SEP 22 2017


...................................

...THE MONTROSE CO CLIMATE SUMMARY FOR SEPTEMBER 21 2017...

CLIMATE NORMAL PERIOD 1981 TO 2010
CLIMATE RECORD PERIOD 9999 TO 9999


WEATHER ITEM   OBSERVED TIME   RECORD YEAR NORMAL DEPARTURE LAST
                VALUE   (LST)  VALUE       VALUE  FROM      YEAR
                                                  NORMAL
..................................................................
TEMPERATURE (F)
 YESTERDAY
  MAXIMUM         82    246 PM  MM      MM  76      6       76
  MINIMUM         59    548 AM  MM      MM  45     14       54
  AVERAGE         71                        60     11       65

PRECIPITATION (IN)
  YESTERDAY        0.00         MM      MM   0.05  -0.05     0.01
  MONTH TO DATE    0.64                      0.89  -0.25     0.55
  SINCE SEP 1      0.64                      0.89  -0.25     0.55
  SINCE JAN 1      7.03                      8.22  -1.19     6.30

SNOWFALL (IN)
  YESTERDAY       MM            MM      MM  MM     MM       MM
  MONTH TO DATE   MM                        MM     MM       MM
  SINCE SEP 1     MM                        MM     MM       MM
  SINCE JUL 1     MM                        MM     MM       MM
  SNOW DEPTH      MM

DEGREE DAYS
 HEATING
  YESTERDAY        0                         5     -5        0
  MONTH TO DATE   16                        57    -41       21
  SINCE SEP 1     16                        57    -41       21
  SINCE JUL 1     16                        62    -46       31

 COOLING
  YESTERDAY        6                         1      5        0
  MONTH TO DATE   88                        36     52       36
  SINCE SEP 1     88                        36     52       36
  SINCE JAN 1    806                       641    165      717
..................................................................


WIND (MPH)
  HIGHEST WIND SPEED    31   HIGHEST WIND DIRECTION    SW (210)
  HIGHEST GUST SPEED    42   HIGHEST GUST DIRECTION    SW (210)
  AVERAGE WIND SPEED    13.3


SKY COVER
  POSSIBLE SUNSHINE  MM
  AVERAGE SKY COVER 0.0


WEATHER CONDITIONS
 THE FOLLOWING WEATHER WAS RECORDED YESTERDAY.
  HAZE


RELATIVE HUMIDITY (PERCENT)
 HIGHEST    32           600 AM
 LOWEST     10           400 PM
 AVERAGE    21

..........................................................


THE MONTROSE CO CLIMATE NORMALS FOR TODAY
                         NORMAL    RECORD    YEAR
 MAXIMUM TEMPERATURE (F)   75        MM        MM
 MINIMUM TEMPERATURE (F)   45        MM        MM


SUNRISE AND SUNSET
SEPTEMBER 22 2017.....SUNRISE   700 AM MDT   SUNSET   708 PM MDT
SEPTEMBER 23 2017.....SUNRISE   700 AM MDT   SUNSET   706 PM MDT


-  INDICATES NEGATIVE NUMBERS.
R  INDICATES RECORD WAS SET OR TIED.
MM INDICATES DATA IS MISSING.
T  INDICATES TRACE AMOUNT.




$$
