000
CDUS45 KGJT 230738
CLIMTJ


CLIMATE REPORT
NATIONAL WEATHER SERVICE GRAND JUNCTION CO
136 AM MDT SAT AUG 23 2014


...................................

...THE MONTROSE CO CLIMATE SUMMARY FOR AUGUST 22 2014...

CLIMATE NORMAL PERIOD 1981 TO 2010
CLIMATE RECORD PERIOD 9999 TO 9999


WEATHER ITEM   OBSERVED TIME   RECORD YEAR NORMAL DEPARTURE LAST
                VALUE   (LST)  VALUE       VALUE  FROM      YEAR
                                                  NORMAL
..................................................................
TEMPERATURE (F)
 YESTERDAY
  MAXIMUM         74    131 PM  MM      MM  85    -11       87
  MINIMUM         57   1135 PM  MM      MM  55      2       62
  AVERAGE         66                        70     -4       75

PRECIPITATION (IN)
  YESTERDAY        0.21         MM      MM   0.03   0.18     0.02
  MONTH TO DATE    0.90                      0.88   0.02     1.01
  SINCE JUN 1      1.73                      2.65  -0.92     3.09
  SINCE JAN 1      5.00                      6.95  -1.95     5.74

SNOWFALL (IN)
  YESTERDAY       MM            MM      MM  MM     MM       MM
  MONTH TO DATE   MM                        MM     MM       MM
  SINCE JUN 1     MM                        MM     MM       MM
  SINCE JUL 1     MM                        MM     MM       MM
  SNOW DEPTH      MM

DEGREE DAYS
 HEATING
  YESTERDAY        0                         0      0        0
  MONTH TO DATE    0                         0      0        2
  SINCE JUN 1     18                        39    -21       11
  SINCE JUL 1      0                         0      0        2

 COOLING
  YESTERDAY        1                         5     -4       10
  MONTH TO DATE  156                       147      9      120
  SINCE JUN 1    637                       552     85      711
  SINCE JAN 1    678                       569    109      736
..................................................................


WIND (MPH)
  HIGHEST WIND SPEED    21   HIGHEST WIND DIRECTION     S (160)
  HIGHEST GUST SPEED    24   HIGHEST GUST DIRECTION    SE (150)
  AVERAGE WIND SPEED     5.8


SKY COVER
  POSSIBLE SUNSHINE  MM
  AVERAGE SKY COVER 0.8


WEATHER CONDITIONS
 THE FOLLOWING WEATHER WAS RECORDED YESTERDAY.
  THUNDERSTORM
  HEAVY RAIN
  RAIN
  LIGHT RAIN


RELATIVE HUMIDITY (PERCENT)
 HIGHEST    87           700 AM
 LOWEST     46           100 PM
 AVERAGE    67

..........................................................


THE MONTROSE CO CLIMATE NORMALS FOR TODAY
                         NORMAL    RECORD    YEAR
 MAXIMUM TEMPERATURE (F)   84        MM        MM
 MINIMUM TEMPERATURE (F)   55        MM        MM


SUNRISE AND SUNSET
AUGUST 23 2014........SUNRISE   633 AM MDT   SUNSET   755 PM MDT
AUGUST 24 2014........SUNRISE   634 AM MDT   SUNSET   753 PM MDT


-  INDICATES NEGATIVE NUMBERS.
R  INDICATES RECORD WAS SET OR TIED.
MM INDICATES DATA IS MISSING.
T  INDICATES TRACE AMOUNT.




$$
