887
CDUS43 KILX 032127
CLIMTO


CLIMATE REPORT
NATIONAL WEATHER SERVICE LINCOLN IL
427 PM CDT TUE MAY 3 2016


...................................

...THE MATTOON IL AIRPORT CLIMATE SUMMARY FOR MAY 3 2016...
VALID TODAY AS OF 0400 PM LOCAL TIME.

CLIMATE NORMAL PERIOD 1981 TO 2010
CLIMATE RECORD PERIOD 9999 TO 9999


WEATHER ITEM   OBSERVED TIME   RECORD YEAR NORMAL DEPARTURE LAST
                VALUE   (LST)  VALUE       VALUE  FROM      YEAR
                                                  NORMAL
..................................................................
TEMPERATURE (F)
 TODAY
  MAXIMUM         65    259 PM  MM      MM  69     -4       79
  MINIMUM         43    319 AM  MM      MM  50     -7       58
  AVERAGE         54                        60     -6       69

PRECIPITATION (IN)
  TODAY            0.00         MM      MM   0.16  -0.16     0.00
  MONTH TO DATE    0.01                      0.48  -0.47     0.00
  SINCE MAR 1      8.49                      6.48   2.01     6.31
  SINCE JAN 1      9.22                     10.46  -1.24     7.66

DEGREE DAYS
 HEATING
  TODAY           11                         6      5        0
  MONTH TO DATE   25                        20      5       15
  SINCE MAR 1    881                      1078   -197     1135
  SINCE JUL 1   4403                      5282   -879     5828

 COOLING
  TODAY            0                         1     -1        4
  MONTH TO DATE    0                         3     -3        4
  SINCE MAR 1      7                        17    -10        6
  SINCE JAN 1      7                        17    -10        6
..................................................................


WIND (MPH)
  HIGHEST WIND SPEED    16   HIGHEST WIND DIRECTION     N (340)
  HIGHEST GUST SPEED    22   HIGHEST GUST DIRECTION     N (350)
  AVERAGE WIND SPEED     8.4


SKY COVER
  POSSIBLE SUNSHINE  MM
  AVERAGE SKY COVER 0.5


WEATHER CONDITIONS
 THE FOLLOWING WEATHER WAS RECORDED TODAY.
  FOG


RELATIVE HUMIDITY (PERCENT)
 HIGHEST    92           300 AM
 LOWEST     40           200 PM
 AVERAGE    66

..........................................................


THE MATTOON IL AIRPORT CLIMATE NORMALS FOR TOMORROW
                         NORMAL    RECORD    YEAR
 MAXIMUM TEMPERATURE (F)   70        MM        MM
 MINIMUM TEMPERATURE (F)   50        MM        MM


SUNRISE AND SUNSET
MAY  3 2016...........SUNRISE   551 AM CDT   SUNSET   749 PM CDT
MAY  4 2016...........SUNRISE   550 AM CDT   SUNSET   750 PM CDT


-  INDICATES NEGATIVE NUMBERS.
R  INDICATES RECORD WAS SET OR TIED.
MM INDICATES DATA IS MISSING.
T  INDICATES TRACE AMOUNT.




$$
