000
CDUS43 KILX 202228
CLIMTO


CLIMATE REPORT
NATIONAL WEATHER SERVICE LINCOLN IL
428 PM CST MON FEB 20 2017


...................................

...THE MATTOON IL AIRPORT CLIMATE SUMMARY FOR FEBRUARY 20 2017...
VALID TODAY AS OF 0400 PM LOCAL TIME.

CLIMATE NORMAL PERIOD 1981 TO 2010
CLIMATE RECORD PERIOD 9999 TO 9999


WEATHER ITEM   OBSERVED TIME   RECORD YEAR NORMAL DEPARTURE LAST
                VALUE   (LST)  VALUE       VALUE  FROM      YEAR
                                                  NORMAL
..................................................................
TEMPERATURE (F)
 TODAY
  MAXIMUM         70    304 PM  MM      MM  42     28       71
  MINIMUM         45    718 AM  MM      MM  26     19       46
  AVERAGE         58                        34     24       59

PRECIPITATION (IN)
  TODAY            0.00         MM      MM   0.07  -0.07     0.01
  MONTH TO DATE    0.04                      1.32  -1.28     0.27
  SINCE DEC 1      2.29                      6.30  -4.01     6.95
  SINCE JAN 1      1.76                      3.53  -1.77     0.67

DEGREE DAYS
 HEATING
  TODAY            7                        31    -24        6
  MONTH TO DATE  499                       690   -191      662
  SINCE DEC 1   2547                      2907   -360     2502
  SINCE JUL 1   3258                      3966   -708     3294

 COOLING
  TODAY            0                         0      0        0
  MONTH TO DATE    0                         0      0        0
  SINCE DEC 1      0                         0      0        0
  SINCE JAN 1      0                         0      0        0
..................................................................


WIND (MPH)
  HIGHEST WIND SPEED    22   HIGHEST WIND DIRECTION     S (160)
  HIGHEST GUST SPEED    27   HIGHEST GUST DIRECTION    SE (150)
  AVERAGE WIND SPEED    11.7


SKY COVER
  POSSIBLE SUNSHINE  MM
  AVERAGE SKY COVER 0.5


WEATHER CONDITIONS
 THE FOLLOWING WEATHER WAS RECORDED TODAY.
  FOG
  FOG W/VISIBILITY <= 1/4 MILE


RELATIVE HUMIDITY (PERCENT)
 HIGHEST   100          1200 AM
 LOWEST     53           300 PM
 AVERAGE    77

..........................................................


THE MATTOON IL AIRPORT CLIMATE NORMALS FOR TOMORROW
                         NORMAL    RECORD    YEAR
 MAXIMUM TEMPERATURE (F)   42        MM        MM
 MINIMUM TEMPERATURE (F)   26        MM        MM


SUNRISE AND SUNSET
FEBRUARY 20 2017......SUNRISE   638 AM CST   SUNSET   536 PM CST
FEBRUARY 21 2017......SUNRISE   637 AM CST   SUNSET   537 PM CST


-  INDICATES NEGATIVE NUMBERS.
R  INDICATES RECORD WAS SET OR TIED.
MM INDICATES DATA IS MISSING.
T  INDICATES TRACE AMOUNT.




$$
