000
CDUS43 KILX 230716
CLIMTO


CLIMATE REPORT
NATIONAL WEATHER SERVICE LINCOLN IL
115 AM CST TUE JAN 23 2018


...................................

...THE MATTOON IL AIRPORT CLIMATE SUMMARY FOR JANUARY 22 2018...

CLIMATE NORMAL PERIOD 1981 TO 2010
CLIMATE RECORD PERIOD 9999 TO 9999


WEATHER ITEM   OBSERVED TIME   RECORD YEAR NORMAL DEPARTURE LAST
                VALUE   (LST)  VALUE       VALUE  FROM      YEAR
                                                  NORMAL
..................................................................
TEMPERATURE (F)
 YESTERDAY
  MAXIMUM         55    421 PM  MM      MM  35     20       59
  MINIMUM         39   1159 PM  MM      MM  19     20       40
  AVERAGE         47                        27     20       50

PRECIPITATION (IN)
  YESTERDAY        0.42         MM      MM   0.05   0.37      T
  MONTH TO DATE    0.60                      1.71  -1.11     1.72
  SINCE DEC 1      0.89                      4.48  -3.59     2.25
  SINCE JAN 1      0.60                      1.71  -1.11     1.72

DEGREE DAYS
 HEATING
  YESTERDAY       18                        38    -20       15
  MONTH TO DATE  979                       833    146      687
  SINCE DEC 1   2042                      1877    165     1780
  SINCE JUL 1   2972                      2936     36     2491

 COOLING
  YESTERDAY        0                         0      0        0
  MONTH TO DATE    0                         0      0        0
  SINCE DEC 1      0                         0      0        0
  SINCE JAN 1      0                         0      0        0
..................................................................


WIND (MPH)
  HIGHEST WIND SPEED    24   HIGHEST WIND DIRECTION     W (280)
  HIGHEST GUST SPEED    36   HIGHEST GUST DIRECTION     S (160)
  AVERAGE WIND SPEED    13.9


SKY COVER
  POSSIBLE SUNSHINE  MM
  AVERAGE SKY COVER 0.6


WEATHER CONDITIONS
 THE FOLLOWING WEATHER WAS RECORDED YESTERDAY.
  THUNDERSTORM
  HEAVY RAIN
  RAIN
  LIGHT RAIN
  FOG


RELATIVE HUMIDITY (PERCENT)
 HIGHEST   100           700 AM
 LOWEST     59           500 PM
 AVERAGE    80

..........................................................


THE MATTOON IL AIRPORT CLIMATE NORMALS FOR TODAY
                         NORMAL    RECORD    YEAR
 MAXIMUM TEMPERATURE (F)   35        MM        MM
 MINIMUM TEMPERATURE (F)   19        MM        MM


SUNRISE AND SUNSET
JANUARY 23 2018.......SUNRISE   708 AM CST   SUNSET   503 PM CST
JANUARY 24 2018.......SUNRISE   707 AM CST   SUNSET   504 PM CST


-  INDICATES NEGATIVE NUMBERS.
R  INDICATES RECORD WAS SET OR TIED.
MM INDICATES DATA IS MISSING.
T  INDICATES TRACE AMOUNT.




$$
