000
CDUS43 KILX 030649
CLIMTO


CLIMATE REPORT
NATIONAL WEATHER SERVICE LINCOLN IL
148 AM CDT WED SEP 3 2014


...................................

...THE MATTOON IL AIRPORT CLIMATE SUMMARY FOR SEPTEMBER 2 2014...

CLIMATE NORMAL PERIOD 1981 TO 2010
CLIMATE RECORD PERIOD 9999 TO 9999


WEATHER ITEM   OBSERVED TIME   RECORD YEAR NORMAL DEPARTURE LAST
                VALUE   (LST)  VALUE       VALUE  FROM      YEAR
                                                  NORMAL
..................................................................
TEMPERATURE (F)
 YESTERDAY
  MAXIMUM         80    412 PM  MM      MM  83     -3       86
  MINIMUM         67    624 AM  MM      MM  60      7       61
  AVERAGE         74                        72      2       74

PRECIPITATION (IN)
  YESTERDAY        0.49         MM      MM   0.13   0.36     0.00
  MONTH TO DATE    0.82                      0.26   0.56     0.00
  SINCE SEP 1      0.82                      0.26   0.56     0.00
  SINCE JAN 1     22.26                     26.16  -3.90    38.25

DEGREE DAYS
 HEATING
  YESTERDAY        0                         0      0        0
  MONTH TO DATE    0                         0      0        0
  SINCE SEP 1      0                         0      0        0
  SINCE JUL 1      5                         5      0       10

 COOLING
  YESTERDAY        9                         7      2        9
  MONTH TO DATE   20                        14      6       20
  SINCE SEP 1     20                        14      6       20
  SINCE JAN 1    854                       934    -80      824
..................................................................


WIND (MPH)
  HIGHEST WIND SPEED    15   HIGHEST WIND DIRECTION     S (170)
  HIGHEST GUST SPEED    19   HIGHEST GUST DIRECTION     S (170)
  AVERAGE WIND SPEED     6.3


SKY COVER
  POSSIBLE SUNSHINE  MM
  AVERAGE SKY COVER 0.6


WEATHER CONDITIONS
 THE FOLLOWING WEATHER WAS RECORDED YESTERDAY.
  THUNDERSTORM
  HEAVY RAIN
  RAIN
  LIGHT RAIN
  FOG


RELATIVE HUMIDITY (PERCENT)
 HIGHEST   100           300 AM
 LOWEST     67           200 PM
 AVERAGE    84

..........................................................


THE MATTOON IL AIRPORT CLIMATE NORMALS FOR TODAY
                         NORMAL    RECORD    YEAR
 MAXIMUM TEMPERATURE (F)   83        MM        MM
 MINIMUM TEMPERATURE (F)   60        MM        MM


SUNRISE AND SUNSET
SEPTEMBER  3 2014.....SUNRISE   623 AM CDT   SUNSET   721 PM CDT
SEPTEMBER  4 2014.....SUNRISE   624 AM CDT   SUNSET   719 PM CDT


-  INDICATES NEGATIVE NUMBERS.
R  INDICATES RECORD WAS SET OR TIED.
MM INDICATES DATA IS MISSING.
T  INDICATES TRACE AMOUNT.




$$
