000
CDUS43 KILX 270645
CLIMTO


CLIMATE REPORT
NATIONAL WEATHER SERVICE LINCOLN IL
140 AM CDT WED MAY 27 2015


...................................

...THE MATTOON IL AIRPORT CLIMATE SUMMARY FOR MAY 26 2015...

CLIMATE NORMAL PERIOD 1981 TO 2010
CLIMATE RECORD PERIOD 9999 TO 9999


WEATHER ITEM   OBSERVED TIME   RECORD YEAR NORMAL DEPARTURE LAST
                VALUE   (LST)  VALUE       VALUE  FROM      YEAR
                                                  NORMAL
..................................................................
TEMPERATURE (F)
 YESTERDAY
  MAXIMUM         78    157 PM  MM      MM  76      2       84
  MINIMUM         65   1114 AM  MM      MM  56      9       63
  AVERAGE         72                        66      6       74

PRECIPITATION (IN)
  YESTERDAY        0.24         MM      MM   0.12   0.12     0.00
  MONTH TO DATE    1.94                      3.82  -1.88     2.72
  SINCE MAR 1      8.25                      9.82  -1.57     7.86
  SINCE JAN 1      9.60                     13.80  -4.20     9.79

DEGREE DAYS
 HEATING
  YESTERDAY        0                         2     -2        0
  MONTH TO DATE   80                       119    -39      135
  SINCE MAR 1   1200                      1177     23     1348
  SINCE JUL 1   5893                      5381    512     6195

 COOLING
  YESTERDAY        7                         4      3        9
  MONTH TO DATE  102                        55     47       74
  SINCE MAR 1    104                        69     35       78
  SINCE JAN 1    104                        69     35       78
..................................................................


WIND (MPH)
  HIGHEST WIND SPEED    24   HIGHEST WIND DIRECTION    SW (210)
  HIGHEST GUST SPEED    36   HIGHEST GUST DIRECTION    SW (220)
  AVERAGE WIND SPEED    12.1


SKY COVER
  POSSIBLE SUNSHINE  MM
  AVERAGE SKY COVER 0.6


WEATHER CONDITIONS
 THE FOLLOWING WEATHER WAS RECORDED YESTERDAY.
  HEAVY RAIN
  LIGHT RAIN
  FOG


RELATIVE HUMIDITY (PERCENT)
 HIGHEST    93          1200 AM
 LOWEST     60           200 PM
 AVERAGE    77

..........................................................


THE MATTOON IL AIRPORT CLIMATE NORMALS FOR TODAY
                         NORMAL    RECORD    YEAR
 MAXIMUM TEMPERATURE (F)   77        MM        MM
 MINIMUM TEMPERATURE (F)   56        MM        MM


SUNRISE AND SUNSET
MAY 27 2015...........SUNRISE   531 AM CDT   SUNSET   810 PM CDT
MAY 28 2015...........SUNRISE   530 AM CDT   SUNSET   811 PM CDT


-  INDICATES NEGATIVE NUMBERS.
R  INDICATES RECORD WAS SET OR TIED.
MM INDICATES DATA IS MISSING.
T  INDICATES TRACE AMOUNT.




$$
