000
CDUS43 KILX 070633
CLIMTO


CLIMATE REPORT
NATIONAL WEATHER SERVICE LINCOLN IL
1232 AM CST SUN FEB 7 2016


...................................

...THE MATTOON IL AIRPORT CLIMATE SUMMARY FOR FEBRUARY 6 2016...

CLIMATE NORMAL PERIOD 1981 TO 2010
CLIMATE RECORD PERIOD 9999 TO 9999


WEATHER ITEM   OBSERVED TIME   RECORD YEAR NORMAL DEPARTURE LAST
                VALUE   (LST)  VALUE       VALUE  FROM      YEAR
                                                  NORMAL
..................................................................
TEMPERATURE (F)
 YESTERDAY
  MAXIMUM         48    438 PM  MM      MM  37     11       38
  MINIMUM         23   1242 AM  MM      MM  22      1       16
  AVERAGE         36                        29      7       27

PRECIPITATION (IN)
  YESTERDAY        0.00         MM      MM   0.07  -0.07     0.00
  MONTH TO DATE    0.21                      0.40  -0.19     0.16
  SINCE DEC 1      6.89                      5.38   1.51     1.77
  SINCE JAN 1      0.61                      2.61  -2.00     0.69

DEGREE DAYS
 HEATING
  YESTERDAY       29                        36     -7       38
  MONTH TO DATE  166                       219    -53      252
  SINCE DEC 1   2006                      2436   -430     2381
  SINCE JUL 1   2798                      3495   -697     3677

 COOLING
  YESTERDAY        0                         0      0        0
  MONTH TO DATE    0                         0      0        0
  SINCE DEC 1      0                         0      0        0
  SINCE JAN 1      0                         0      0        0
..................................................................


WIND (MPH)
  HIGHEST WIND SPEED    14   HIGHEST WIND DIRECTION     S (190)
  HIGHEST GUST SPEED    18   HIGHEST GUST DIRECTION     S (180)
  AVERAGE WIND SPEED     7.8


SKY COVER
  POSSIBLE SUNSHINE  MM
  AVERAGE SKY COVER 0.2


WEATHER CONDITIONS
 THE FOLLOWING WEATHER WAS RECORDED YESTERDAY.
  FOG
  HAZE


RELATIVE HUMIDITY (PERCENT)
 HIGHEST    88          1200 AM
 LOWEST     46           300 PM
 AVERAGE    67

..........................................................


THE MATTOON IL AIRPORT CLIMATE NORMALS FOR TODAY
                         NORMAL    RECORD    YEAR
 MAXIMUM TEMPERATURE (F)   37        MM        MM
 MINIMUM TEMPERATURE (F)   22        MM        MM


SUNRISE AND SUNSET
FEBRUARY  7 2016......SUNRISE   655 AM CST   SUNSET   520 PM CST
FEBRUARY  8 2016......SUNRISE   654 AM CST   SUNSET   521 PM CST


-  INDICATES NEGATIVE NUMBERS.
R  INDICATES RECORD WAS SET OR TIED.
MM INDICATES DATA IS MISSING.
T  INDICATES TRACE AMOUNT.




$$
