000
CDUS41 KBTV 260605
CLIMVL


CLIMATE REPORT
NATIONAL WEATHER SERVICE BURLINGTON VT
159 AM EDT SAT JUL 26 2014


...................................

...THE MORRISVILLE VT CLIMATE SUMMARY FOR JULY 25 2014...

CLIMATE NORMAL PERIOD 1981 TO 2010
CLIMATE RECORD PERIOD 9999 TO 9999


WEATHER ITEM   OBSERVED TIME   NORMAL DEPARTURE LAST
                VALUE   (LST)  VALUE  FROM      YEAR
                                      NORMAL
......................................................
TEMPERATURE (F)
 YESTERDAY
  MAXIMUM         MM        MM  80     MM       72
  MINIMUM         MM        MM  56     MM       46
  AVERAGE         MM            68     MM       59

PRECIPITATION (IN)
  YESTERDAY        0.00          0.11  -0.11     0.00
  MONTH TO DATE    4.74          3.41   1.33     4.89
  SINCE JUN 1      8.63          7.39   1.24    13.51
  SINCE JAN 1     22.23         19.01   3.22    25.52

DEGREE DAYS
 HEATING
  YESTERDAY       MM             1     MM        6
  MONTH TO DATE   16            26    -10       11
  SINCE JUN 1     88           149    -61      141
  SINCE JUL 1     16            26    -10       11

 COOLING
  YESTERDAY       MM             4     MM        0
  MONTH TO DATE  105            93     12      171
  SINCE JUN 1    145           141      4      247
  SINCE JAN 1    150           149      1      267
......................................................


WIND (MPH)
  HIGHEST WIND SPEED    12   HIGHEST WIND DIRECTION    NW (330)
  HIGHEST GUST SPEED    20   HIGHEST GUST DIRECTION    NW (330)
  AVERAGE WIND SPEED     1.4


SKY COVER
  AVERAGE SKY COVER 0.4


WEATHER CONDITIONS
 THE FOLLOWING WEATHER WAS RECORDED YESTERDAY.
  FOG
  FOG W/VISIBILITY <= 1/4 MILE


RELATIVE HUMIDITY (PERCENT)
 HIGHEST    90           900 PM
 LOWEST     43          1200 PM
 AVERAGE    67

..........................................................


THE MORRISVILLE VT CLIMATE NORMALS FOR TODAY
                         NORMAL    RECORD    YEAR
 MAXIMUM TEMPERATURE (F)   80        MM        MM
 MINIMUM TEMPERATURE (F)   56        MM        MM


SUNRISE AND SUNSET
JULY 26 2014..........SUNRISE   531 AM EDT   SUNSET   823 PM EDT
JULY 27 2014..........SUNRISE   532 AM EDT   SUNSET   822 PM EDT


-  INDICATES NEGATIVE NUMBERS.
R  INDICATES RECORD WAS SET OR TIED.
MM INDICATES DATA IS MISSING.
T  INDICATES TRACE AMOUNT.




$$
