387
CDUS41 KBTV 220523
CLIMVL


CLIMATE REPORT
NATIONAL WEATHER SERVICE BURLINGTON VT
1221 AM EST THU FEB 22 2018


...................................

...THE MORRISVILLE VT CLIMATE SUMMARY FOR FEBRUARY 21 2018...

CLIMATE NORMAL PERIOD 1981 TO 2010
CLIMATE RECORD PERIOD 9999 TO 9999


WEATHER ITEM   OBSERVED TIME   NORMAL DEPARTURE LAST
                VALUE   (LST)  VALUE  FROM      YEAR
                                      NORMAL
......................................................
TEMPERATURE (F)
 YESTERDAY
  MAXIMUM         69   1220 PM  32     37       41
  MINIMUM         31   1159 PM   8     23        3
  AVERAGE         50            20     30       22

PRECIPITATION (IN)
  YESTERDAY        0.01          0.07  -0.06      T
  MONTH TO DATE    1.51          1.30   0.21     0.46
  SINCE DEC 1      5.63          6.48  -0.85     5.60
  SINCE JAN 1      4.78          3.84   0.94     2.39

DEGREE DAYS
 HEATING
  YESTERDAY       15            45    -30       43
  MONTH TO DATE  896           994    -98      932
  SINCE DEC 1   3733          3828    -95     3444
  SINCE JUL 1   5374          5656   -282     5035

 COOLING
  YESTERDAY        0             0      0        0
  MONTH TO DATE    0             0      0        0
  SINCE DEC 1      0             0      0        0
  SINCE JAN 1      0             0      0        0
......................................................


WIND (MPH)
  HIGHEST WIND SPEED    21   HIGHEST WIND DIRECTION     N (350)
  HIGHEST GUST SPEED    34   HIGHEST GUST DIRECTION     N (340)
  AVERAGE WIND SPEED     8.2


SKY COVER
  AVERAGE SKY COVER 0.5


WEATHER CONDITIONS
 THE FOLLOWING WEATHER WAS RECORDED YESTERDAY.
  LIGHT RAIN
  FOG
  FOG W/VISIBILITY <= 1/4 MILE


RELATIVE HUMIDITY (PERCENT)
 HIGHEST   100          1200 AM
 LOWEST     55          1200 PM
 AVERAGE    78

..........................................................


THE MORRISVILLE VT CLIMATE NORMALS FOR TODAY
                         NORMAL    RECORD    YEAR
 MAXIMUM TEMPERATURE (F)   32        63      1997
 MINIMUM TEMPERATURE (F)    9        -7      1999


SUNRISE AND SUNSET
FEBRUARY 22 2018......SUNRISE   640 AM EST   SUNSET   529 PM EST
FEBRUARY 23 2018......SUNRISE   638 AM EST   SUNSET   530 PM EST


-  INDICATES NEGATIVE NUMBERS.
R  INDICATES RECORD WAS SET OR TIED.
MM INDICATES DATA IS MISSING.
T  INDICATES TRACE AMOUNT.




$$
