000
CDUS41 KBTV 190536
CLIMVL


CLIMATE REPORT
NATIONAL WEATHER SERVICE BURLINGTON VT
134 AM EDT SAT APR 19 2014


...................................

...THE MORRISVILLE VT CLIMATE SUMMARY FOR APRIL 18 2014...

CLIMATE NORMAL PERIOD 1981 TO 2010
CLIMATE RECORD PERIOD 9999 TO 9999


WEATHER ITEM   OBSERVED TIME   NORMAL DEPARTURE LAST
                VALUE   (LST)  VALUE  FROM      YEAR
                                      NORMAL
......................................................
TEMPERATURE (F)
 YESTERDAY
  MAXIMUM         52    225 PM  55     -3       60
  MINIMUM         26    533 AM  31     -5       28
  AVERAGE         39            43     -4       44

PRECIPITATION (IN)
  YESTERDAY        0.00          0.07  -0.07     0.03
  MONTH TO DATE    1.85          1.49   0.36     1.88
  SINCE MAR 1      4.52          3.16   1.36     3.65
  SINCE JAN 1      9.12          7.44   1.68     6.36

DEGREE DAYS
 HEATING
  YESTERDAY       26            22      4       21
  MONTH TO DATE  466           466      0      482
  SINCE MAR 1   1918          1593    325     1520
  SINCE JUL 1   7972          7553    419     7052

 COOLING
  YESTERDAY        0             0      0        0
  MONTH TO DATE    0             0      0        0
  SINCE MAR 1      0             0      0        0
  SINCE JAN 1      0             0      0        0
......................................................


WIND (MPH)
  HIGHEST WIND SPEED    14   HIGHEST WIND DIRECTION     S (200)
  HIGHEST GUST SPEED    21   HIGHEST GUST DIRECTION     S (160)
  AVERAGE WIND SPEED     4.8


SKY COVER
  AVERAGE SKY COVER 0.2


WEATHER CONDITIONS
 THE FOLLOWING WEATHER WAS RECORDED YESTERDAY.
  NO SIGNIFICANT WEATHER WAS OBSERVED.


RELATIVE HUMIDITY (PERCENT)
 HIGHEST    64          1000 PM
 LOWEST     17          1200 PM
 AVERAGE    41

..........................................................


THE MORRISVILLE VT CLIMATE NORMALS FOR TODAY
                         NORMAL    RECORD    YEAR
 MAXIMUM TEMPERATURE (F)   56        MM        MM
 MINIMUM TEMPERATURE (F)   32        MM        MM


SUNRISE AND SUNSET
APRIL 19 2014.........SUNRISE   600 AM EDT   SUNSET   740 PM EDT
APRIL 20 2014.........SUNRISE   558 AM EDT   SUNSET   741 PM EDT


-  INDICATES NEGATIVE NUMBERS.
R  INDICATES RECORD WAS SET OR TIED.
MM INDICATES DATA IS MISSING.
T  INDICATES TRACE AMOUNT.




$$
