000
CDUS41 KBTV 010544
CLIMVL


CLIMATE REPORT
NATIONAL WEATHER SERVICE BURLINGTON VT
142 AM EDT MON SEP 1 2014


...................................

...THE MORRISVILLE VT CLIMATE SUMMARY FOR AUGUST 31 2014...

CLIMATE NORMAL PERIOD 1981 TO 2010
CLIMATE RECORD PERIOD 9999 TO 9999


WEATHER ITEM   OBSERVED TIME   NORMAL DEPARTURE LAST
                VALUE   (LST)  VALUE  FROM      YEAR
                                      NORMAL
......................................................
TEMPERATURE (F)
 YESTERDAY
  MAXIMUM         78   1222 PM  75      3       79
  MINIMUM         64   1150 PM  51     13       66
  AVERAGE         71            63      8       73

PRECIPITATION (IN)
  YESTERDAY        0.28          0.10   0.18     0.22
  MONTH TO DATE    2.76          4.03  -1.27     3.03
  SINCE JUN 1     12.81         12.14   0.67    18.25
  SINCE JAN 1     26.41         23.76   2.65    30.26

DEGREE DAYS
 HEATING
  YESTERDAY        0             4     -4        0
  MONTH TO DATE   42            66    -24       56
  SINCE JUN 1    143           218    -75      199
  SINCE JUL 1     71            95    -24       69

 COOLING
  YESTERDAY        6             1      5        8
  MONTH TO DATE   60            79    -19       81
  SINCE JUN 1    209           239    -30      343
  SINCE JAN 1    214           247    -33      363
......................................................


WIND (MPH)
  HIGHEST WIND SPEED    13   HIGHEST WIND DIRECTION     S (200)
  HIGHEST GUST SPEED    18   HIGHEST GUST DIRECTION     S (200)
  AVERAGE WIND SPEED     2.8


SKY COVER
  AVERAGE SKY COVER 0.5


WEATHER CONDITIONS
 THE FOLLOWING WEATHER WAS RECORDED YESTERDAY.
  THUNDERSTORM
  HEAVY RAIN
  LIGHT RAIN
  FOG


RELATIVE HUMIDITY (PERCENT)
 HIGHEST    93           500 AM
 LOWEST     69          1200 PM
 AVERAGE    81

..........................................................


THE MORRISVILLE VT CLIMATE NORMALS FOR TODAY
                         NORMAL    RECORD    YEAR
 MAXIMUM TEMPERATURE (F)   75        MM        MM
 MINIMUM TEMPERATURE (F)   51        MM        MM


SUNRISE AND SUNSET
SEPTEMBER  1 2014.....SUNRISE   613 AM EDT   SUNSET   727 PM EDT
SEPTEMBER  2 2014.....SUNRISE   614 AM EDT   SUNSET   725 PM EDT


-  INDICATES NEGATIVE NUMBERS.
R  INDICATES RECORD WAS SET OR TIED.
MM INDICATES DATA IS MISSING.
T  INDICATES TRACE AMOUNT.




$$
