000
CDUS41 KBTV 300541
CLIMVL


CLIMATE REPORT
NATIONAL WEATHER SERVICE BURLINGTON VT
135 AM EDT MON MAR 30 2015


...................................

...THE MORRISVILLE VT CLIMATE SUMMARY FOR MARCH 29 2015...

CLIMATE NORMAL PERIOD 1981 TO 2010
CLIMATE RECORD PERIOD 9999 TO 9999


WEATHER ITEM   OBSERVED TIME   NORMAL DEPARTURE LAST
                VALUE   (LST)  VALUE  FROM      YEAR
                                      NORMAL
......................................................
TEMPERATURE (F)
 YESTERDAY
  MAXIMUM         39    409 PM  45     -6       42
  MINIMUM          5    606 AM  23    -18       34
  AVERAGE         22            34    -12       38

PRECIPITATION (IN)
  YESTERDAY        0.00          0.06  -0.06     0.05
  MONTH TO DATE    0.34          1.53  -1.19     1.95
  SINCE MAR 1      0.34          1.53  -1.19     1.95
  SINCE JAN 1      1.46          5.81  -4.35     6.55

DEGREE DAYS
 HEATING
  YESTERDAY       43            31     12       27
  MONTH TO DATE 1228          1065    163     1390
  SINCE MAR 1   1228          1065    163     1390
  SINCE JUL 1   6910          7025   -115     7444

 COOLING
  YESTERDAY        0             0      0        0
  MONTH TO DATE    0             0      0        0
  SINCE MAR 1      0             0      0        0
  SINCE JAN 1      0             0      0        0
......................................................


WIND (MPH)
  HIGHEST WIND SPEED    12   HIGHEST WIND DIRECTION     N (340)
  HIGHEST GUST SPEED    17   HIGHEST GUST DIRECTION    NW (310)
  AVERAGE WIND SPEED     2.1


SKY COVER
  AVERAGE SKY COVER 0.0


WEATHER CONDITIONS
 THE FOLLOWING WEATHER WAS RECORDED YESTERDAY.
  NO SIGNIFICANT WEATHER WAS OBSERVED.


RELATIVE HUMIDITY (PERCENT)
 HIGHEST    88           400 AM
 LOWEST     25          1200 PM
 AVERAGE    57

..........................................................


THE MORRISVILLE VT CLIMATE NORMALS FOR TODAY
                         NORMAL    RECORD    YEAR
 MAXIMUM TEMPERATURE (F)   45        76      1998
 MINIMUM TEMPERATURE (F)   24         3      2008


SUNRISE AND SUNSET
MARCH 30 2015.........SUNRISE   636 AM EDT   SUNSET   715 PM EDT
MARCH 31 2015.........SUNRISE   634 AM EDT   SUNSET   716 PM EDT


-  INDICATES NEGATIVE NUMBERS.
R  INDICATES RECORD WAS SET OR TIED.
MM INDICATES DATA IS MISSING.
T  INDICATES TRACE AMOUNT.




$$
