000
CDUS41 KBTV 240524
CLIMVL


CLIMATE REPORT
NATIONAL WEATHER SERVICE BURLINGTON VT
122 AM EDT WED AUG 24 2016


...................................

...THE MORRISVILLE VT CLIMATE SUMMARY FOR AUGUST 23 2016...

CLIMATE NORMAL PERIOD 1981 TO 2010
CLIMATE RECORD PERIOD 9999 TO 9999


WEATHER ITEM   OBSERVED TIME   NORMAL DEPARTURE LAST
                VALUE   (LST)  VALUE  FROM      YEAR
                                      NORMAL
......................................................
TEMPERATURE (F)
 YESTERDAY
  MAXIMUM         76    417 PM  77     -1       84
  MINIMUM         43    449 AM  52     -9       56
  AVERAGE         60            65     -5       70

PRECIPITATION (IN)
  YESTERDAY        0.00          0.12  -0.12     0.00
  MONTH TO DATE    2.58          3.15  -0.57     1.00
  SINCE JUN 1      8.16         11.26  -3.10    10.53
  SINCE JAN 1     15.21         22.88  -7.67    15.78

DEGREE DAYS
 HEATING
  YESTERDAY        5             2      3        0
  MONTH TO DATE   21            41    -20        5
  SINCE JUN 1    185           194     -9      133
  SINCE JUL 1     54            71    -17       28

 COOLING
  YESTERDAY        0             2     -2        5
  MONTH TO DATE   91            62     29      132
  SINCE JUN 1    231           222      9      329
  SINCE JAN 1    260           230     30      382
......................................................


WIND (MPH)
  HIGHEST WIND SPEED    13   HIGHEST WIND DIRECTION    SW (210)
  HIGHEST GUST SPEED    20   HIGHEST GUST DIRECTION    SW (210)
  AVERAGE WIND SPEED     3.4


SKY COVER
  AVERAGE SKY COVER 0.1


WEATHER CONDITIONS
 THE FOLLOWING WEATHER WAS RECORDED YESTERDAY.
  FOG
  FOG W/VISIBILITY <= 1/4 MILE


RELATIVE HUMIDITY (PERCENT)
 HIGHEST    93          1200 AM
 LOWEST     38          1200 PM
 AVERAGE    66

..........................................................


THE MORRISVILLE VT CLIMATE NORMALS FOR TODAY
                         NORMAL    RECORD    YEAR
 MAXIMUM TEMPERATURE (F)   77        85      2015
 MINIMUM TEMPERATURE (F)   52        39      1987


SUNRISE AND SUNSET
AUGUST 24 2016........SUNRISE   604 AM EDT   SUNSET   740 PM EDT
AUGUST 25 2016........SUNRISE   605 AM EDT   SUNSET   739 PM EDT


-  INDICATES NEGATIVE NUMBERS.
R  INDICATES RECORD WAS SET OR TIED.
MM INDICATES DATA IS MISSING.
T  INDICATES TRACE AMOUNT.




$$
