000
CDUS41 KBTV 260637
CLIMVL


CLIMATE REPORT
NATIONAL WEATHER SERVICE BURLINGTON VT
234 AM EDT MON SEP 26 2016


...................................

...THE MORRISVILLE VT CLIMATE SUMMARY FOR SEPTEMBER 25 2016...

CLIMATE NORMAL PERIOD 1981 TO 2010
CLIMATE RECORD PERIOD 9999 TO 9999


WEATHER ITEM   OBSERVED TIME   NORMAL DEPARTURE LAST
                VALUE   (LST)  VALUE  FROM      YEAR
                                      NORMAL
......................................................
TEMPERATURE (F)
 YESTERDAY
  MAXIMUM         57    405 PM  66     -9       67
  MINIMUM         31    537 AM  42    -11       39
  AVERAGE         44            54    -10       53

PRECIPITATION (IN)
  YESTERDAY        0.00          0.12  -0.12     0.00
  MONTH TO DATE    0.89          2.79  -1.90     0.97
  SINCE SEP 1      0.89          2.79  -1.90     0.97
  SINCE JAN 1     16.53         26.55 -10.02    16.90

DEGREE DAYS
 HEATING
  YESTERDAY       21            11     10       12
  MONTH TO DATE  119           175    -56       56
  SINCE SEP 1    119           175    -56       56
  SINCE JUL 1    178           270    -92       86

 COOLING
  YESTERDAY        0             0      0        0
  MONTH TO DATE   34            13     21       88
  SINCE SEP 1     34            13     21       88
  SINCE JAN 1    322           260     62      501
......................................................


WIND (MPH)
  HIGHEST WIND SPEED    16   HIGHEST WIND DIRECTION     N (360)
  HIGHEST GUST SPEED    21   HIGHEST GUST DIRECTION     N (10)
  AVERAGE WIND SPEED     4.2


SKY COVER
  AVERAGE SKY COVER 0.1


WEATHER CONDITIONS
 THE FOLLOWING WEATHER WAS RECORDED YESTERDAY.
  FOG


RELATIVE HUMIDITY (PERCENT)
 HIGHEST    96           300 AM
 LOWEST     40           300 PM
 AVERAGE    68

..........................................................


THE MORRISVILLE VT CLIMATE NORMALS FOR TODAY
                         NORMAL    RECORD    YEAR
 MAXIMUM TEMPERATURE (F)   65        83      2007
 MINIMUM TEMPERATURE (F)   42        34      2015
                                             2009


SUNRISE AND SUNSET
SEPTEMBER 26 2016.....SUNRISE   643 AM EDT   SUNSET   640 PM EDT
SEPTEMBER 27 2016.....SUNRISE   644 AM EDT   SUNSET   638 PM EDT


-  INDICATES NEGATIVE NUMBERS.
R  INDICATES RECORD WAS SET OR TIED.
MM INDICATES DATA IS MISSING.
T  INDICATES TRACE AMOUNT.




$$
