611
CDUS41 KBTV 250544
CLIMVL


CLIMATE REPORT
NATIONAL WEATHER SERVICE BURLINGTON VT
142 AM EDT TUE JUL 25 2017


...................................

...THE MORRISVILLE VT CLIMATE SUMMARY FOR JULY 24 2017...

CLIMATE NORMAL PERIOD 1981 TO 2010
CLIMATE RECORD PERIOD 9999 TO 9999


WEATHER ITEM   OBSERVED TIME   NORMAL DEPARTURE LAST
                VALUE   (LST)  VALUE  FROM      YEAR
                                      NORMAL
......................................................
TEMPERATURE (F)
 YESTERDAY
  MAXIMUM         61    628 AM  80    -19       76
  MINIMUM         53   1159 PM  56     -3       55
  AVERAGE         57            68    -11       66

PRECIPITATION (IN)
  YESTERDAY        0.83          0.12   0.71     0.00
  MONTH TO DATE    3.36          3.30   0.06     3.14
  SINCE JUN 1     10.68          7.28   3.40     5.03
  SINCE JAN 1     23.43         18.90   4.53    12.08

DEGREE DAYS
 HEATING
  YESTERDAY        8             1      7        0
  MONTH TO DATE   32            25      7       31
  SINCE JUN 1    183           148     35      162
  SINCE JUL 1     32            25      7       31

 COOLING
  YESTERDAY        0             4     -4        1
  MONTH TO DATE   49            89    -40       83
  SINCE JUN 1     96           137    -41      116
  SINCE JAN 1    105           145    -40      145
......................................................


WIND (MPH)
  HIGHEST WIND SPEED    10   HIGHEST WIND DIRECTION    SE (140)
  HIGHEST GUST SPEED    15   HIGHEST GUST DIRECTION     S (200)
  AVERAGE WIND SPEED     2.5


SKY COVER
  AVERAGE SKY COVER 0.8


WEATHER CONDITIONS
 THE FOLLOWING WEATHER WAS RECORDED YESTERDAY.
  RAIN
  LIGHT RAIN
  FOG


RELATIVE HUMIDITY (PERCENT)
 HIGHEST   100           300 PM
 LOWEST     86          1200 AM
 AVERAGE    93

..........................................................


THE MORRISVILLE VT CLIMATE NORMALS FOR TODAY
                         NORMAL    RECORD    YEAR
 MAXIMUM TEMPERATURE (F)   80        89      1989
 MINIMUM TEMPERATURE (F)   56        45      1997


SUNRISE AND SUNSET
JULY 25 2017..........SUNRISE   530 AM EDT   SUNSET   824 PM EDT
JULY 26 2017..........SUNRISE   531 AM EDT   SUNSET   822 PM EDT


-  INDICATES NEGATIVE NUMBERS.
R  INDICATES RECORD WAS SET OR TIED.
MM INDICATES DATA IS MISSING.
T  INDICATES TRACE AMOUNT.




$$
