000
CDUS41 KBTV 300532
CLIMVL


CLIMATE REPORT
NATIONAL WEATHER SERVICE BURLINGTON VT
130 AM EDT SAT MAY 30 2015


...................................

...THE MORRISVILLE VT CLIMATE SUMMARY FOR MAY 29 2015...

CLIMATE NORMAL PERIOD 1981 TO 2010
CLIMATE RECORD PERIOD 9999 TO 9999


WEATHER ITEM   OBSERVED TIME   NORMAL DEPARTURE LAST
                VALUE   (LST)  VALUE  FROM      YEAR
                                      NORMAL
......................................................
TEMPERATURE (F)
 YESTERDAY
  MAXIMUM         82    330 PM  70     12       70
  MINIMUM         55    455 AM  45     10       43
  AVERAGE         69            58     11       57

PRECIPITATION (IN)
  YESTERDAY        0.00          0.14  -0.14     0.00
  MONTH TO DATE    1.51          2.99  -1.48     3.50
  SINCE MAR 1      3.01          7.06  -4.05     8.95
  SINCE JAN 1      4.13         11.34  -7.21    13.55

DEGREE DAYS
 HEATING
  YESTERDAY        0             8     -8        8
  MONTH TO DATE  172           337   -165      276
  SINCE MAR 1   2188          2157     31     2435
  SINCE JUL 1   7870          8117   -247     8489

 COOLING
  YESTERDAY        4             0      4        0
  MONTH TO DATE   46             0     46        5
  SINCE MAR 1     46             1     45        5
  SINCE JAN 1     46             1     45        5
......................................................


WIND (MPH)
  HIGHEST WIND SPEED     9   HIGHEST WIND DIRECTION     S (190)
  HIGHEST GUST SPEED    14   HIGHEST GUST DIRECTION     S (200)
  AVERAGE WIND SPEED     1.7


SKY COVER
  AVERAGE SKY COVER 0.2


WEATHER CONDITIONS
 THE FOLLOWING WEATHER WAS RECORDED YESTERDAY.
  FOG


RELATIVE HUMIDITY (PERCENT)
 HIGHEST    93          1200 AM
 LOWEST     36           500 PM
 AVERAGE    65

..........................................................


THE MORRISVILLE VT CLIMATE NORMALS FOR TODAY
                         NORMAL    RECORD    YEAR
 MAXIMUM TEMPERATURE (F)   70        86      1999
 MINIMUM TEMPERATURE (F)   45        35      2001


SUNRISE AND SUNSET
MAY 30 2015...........SUNRISE   510 AM EDT   SUNSET   826 PM EDT
MAY 31 2015...........SUNRISE   509 AM EDT   SUNSET   827 PM EDT


-  INDICATES NEGATIVE NUMBERS.
R  INDICATES RECORD WAS SET OR TIED.
MM INDICATES DATA IS MISSING.
T  INDICATES TRACE AMOUNT.




$$
