000
CDUS46 KOTX 250847
CLIMWH


CLIMATE REPORT
NATIONAL WEATHER SERVICE SPOKANE, WA
146 AM PDT MON MAY 25 2015


...................................

...THE MOSES LAKE WA AIRPORT CLIMATE SUMMARY FOR MAY 24 2015...

CLIMATE NORMAL PERIOD 1981 TO 2010
CLIMATE RECORD PERIOD 9999 TO 9999


WEATHER ITEM   OBSERVED TIME   RECORD YEAR NORMAL DEPARTURE LAST
                VALUE   (LST)  VALUE       VALUE  FROM      YEAR
                                                  NORMAL
..................................................................
TEMPERATURE (F)
 YESTERDAY
  MAXIMUM         82    404 PM  MM      MM  76      6       79
  MINIMUM         55    456 AM  MM      MM  47      8       54
  AVERAGE         69                        61      8       67

PRECIPITATION (IN)
  YESTERDAY        0.00         MM      MM   0.02  -0.02     0.00
  MONTH TO DATE    0.53                      0.46   0.07     0.15
  SINCE OCT 1      5.76                      7.17  -1.41     3.42
  SINCE JAN 1      3.10                      3.88  -0.78     2.78

SNOWFALL (IN)
  YESTERDAY       MM

DEGREE DAYS
 HEATING
  YESTERDAY        0                         5     -5        0
  MONTH TO DATE   92                       182    -90       97
  SINCE MAR 1   1033                      1294   -261     1098
  SINCE JUL 1   4791                      5799  -1008     5609

 COOLING
  YESTERDAY        4                         1      3        2
  MONTH TO DATE   36                        14     22       25
  SINCE MAR 1     36                        15     21       25
  SINCE JAN 1     36                        15     21       25
..................................................................


WIND (MPH)
  HIGHEST WIND SPEED    18   HIGHEST WIND DIRECTION     N (350)
  HIGHEST GUST SPEED    23   HIGHEST GUST DIRECTION     N (340)
  AVERAGE WIND SPEED     9.7


SKY COVER
  POSSIBLE SUNSHINE  MM
  AVERAGE SKY COVER 0.0


WEATHER CONDITIONS
 THE FOLLOWING WEATHER WAS RECORDED YESTERDAY.
  THUNDERSTORM


RELATIVE HUMIDITY (PERCENT)
 HIGHEST    86           500 AM
 LOWEST     33           200 PM
 AVERAGE    60

..........................................................


THE MOSES LAKE WA AIRPORT CLIMATE NORMALS FOR TODAY
                         NORMAL    RECORD    YEAR
 MAXIMUM TEMPERATURE (F)   76        MM        MM
 MINIMUM TEMPERATURE (F)   47        MM        MM


SUNRISE AND SUNSET
MAY 25 2015...........SUNRISE   511 AM PDT   SUNSET   838 PM PDT
MAY 26 2015...........SUNRISE   510 AM PDT   SUNSET   839 PM PDT


-  INDICATES NEGATIVE NUMBERS.
R  INDICATES RECORD WAS SET OR TIED.
MM INDICATES DATA IS MISSING.
T  INDICATES TRACE AMOUNT.




$$
