000
CDUS45 KBOI 280931
CLIMYL


CLIMATE REPORT
NATIONAL WEATHER SERVICE BOISE ID
331 AM MDT SAT MAY 28 2016


...................................

...THE MCCALL ID CLIMATE SUMMARY FOR MAY 27 2016...

CLIMATE NORMAL PERIOD 1981 TO 2010
CLIMATE RECORD PERIOD 1930 TO 2016


WEATHER ITEM   OBSERVED TIME   RECORD YEAR NORMAL DEPARTURE LAST
                VALUE   (LST)  VALUE       VALUE  FROM      YEAR
                                                  NORMAL
..................................................................
TEMPERATURE (F)
 YESTERDAY
  MAXIMUM         57    245 PM  85    1966  62     -5       61
  MINIMUM         36    528 AM  25    1932  35      1       42
  AVERAGE         47                        48     -1       52

PRECIPITATION (IN)
  YESTERDAY        0.00          0.96 1941   0.07  -0.07     0.01
  MONTH TO DATE    1.29                      1.91  -0.62     2.16
  SINCE OCT 1     23.00                     15.68   7.32    17.95
  SINCE JAN 1     12.43                      9.50   2.93     9.19

DEGREE DAYS
 HEATING
  YESTERDAY       18                        17      1       13
  MONTH TO DATE  422                       530   -108      403
  SINCE MAR 1   2016                      2490   -474     1957
  SINCE JUL 1   7885                      9165  -1280     7279

 COOLING
  YESTERDAY        0                         0      0        0
  MONTH TO DATE    0                         0      0        0
  SINCE MAR 1      0                         0      0        0
  SINCE JAN 1      0                         0      0        0
..................................................................


WIND (MPH)
  HIGHEST WIND SPEED    17   HIGHEST WIND DIRECTION     W (250)
  HIGHEST GUST SPEED    21   HIGHEST GUST DIRECTION     W (260)
  AVERAGE WIND SPEED     6.0


SKY COVER
  AVERAGE SKY COVER 0.2


WEATHER CONDITIONS
 THE FOLLOWING WEATHER WAS RECORDED YESTERDAY.
  NO SIGNIFICANT WEATHER WAS OBSERVED.


RELATIVE HUMIDITY (PERCENT)
 HIGHEST    93           600 AM
 LOWEST     38           600 PM
 AVERAGE    66

..........................................................


THE MCCALL ID CLIMATE NORMALS FOR TODAY
                         NORMAL    RECORD    YEAR
 MAXIMUM TEMPERATURE (F)   62        83      2003
 MINIMUM TEMPERATURE (F)   35        24      1998


SUNRISE AND SUNSET
MAY 28 2016...........SUNRISE   603 AM MDT   SUNSET   921 PM MDT
MAY 29 2016...........SUNRISE   603 AM MDT   SUNSET   921 PM MDT


-  INDICATES NEGATIVE NUMBERS.
R  INDICATES RECORD WAS SET OR TIED.
MM INDICATES DATA IS MISSING.
T  INDICATES TRACE AMOUNT.




$$
