000
CDUS45 KBOI 050932
CLIMYL


CLIMATE REPORT
NATIONAL WEATHER SERVICE BOISE ID
231 AM MST MON DEC 5 2016


...................................

...THE MCCALL ID CLIMATE SUMMARY FOR DECEMBER 4 2016...

CLIMATE NORMAL PERIOD 1981 TO 2010
CLIMATE RECORD PERIOD 1930 TO 2016


WEATHER ITEM   OBSERVED TIME   RECORD YEAR NORMAL DEPARTURE LAST
                VALUE   (LST)  VALUE       VALUE  FROM      YEAR
                                                  NORMAL
..................................................................
TEMPERATURE (F)
 YESTERDAY
  MAXIMUM         33    359 PM  52    1939  29      4       34
  MINIMUM         18   1159 PM  -8    1992  12      6       29
  AVERAGE         26                        20      6       32

PRECIPITATION (IN)
  YESTERDAY        0.27          0.97 1966   0.06   0.21     0.35
  MONTH TO DATE    0.28                      0.24   0.04     0.45
  SINCE OCT 1      5.01                      4.36   0.65     4.25
  SINCE JAN 1     20.72                     18.28   2.44    18.45

DEGREE DAYS
 HEATING
  YESTERDAY       39                        45     -6       33
  MONTH TO DATE  168                       176     -8      169
  SINCE DEC 1    168                       176     -8      169
  SINCE JUL 1   2205                      2814   -609     2270

 COOLING
  YESTERDAY        0                         0      0        0
  MONTH TO DATE    0                         0      0        0
  SINCE DEC 1      0                         0      0        0
  SINCE JAN 1    108                        25     83      169
..................................................................


WIND (MPH)
  HIGHEST WIND SPEED    17   HIGHEST WIND DIRECTION     S (160)
  HIGHEST GUST SPEED    22   HIGHEST GUST DIRECTION    SW (220)
  AVERAGE WIND SPEED     7.9


SKY COVER
  AVERAGE SKY COVER 0.9


WEATHER CONDITIONS
 THE FOLLOWING WEATHER WAS RECORDED YESTERDAY.
  LIGHT SNOW
  FOG


RELATIVE HUMIDITY (PERCENT)
 HIGHEST    92          1200 AM
 LOWEST     67          1000 PM
 AVERAGE    80

..........................................................


THE MCCALL ID CLIMATE NORMALS FOR TODAY
                         NORMAL    RECORD    YEAR
 MAXIMUM TEMPERATURE (F)   28        51      1939
 MINIMUM TEMPERATURE (F)   12       -17      1930


SUNRISE AND SUNSET
DECEMBER  5 2016......SUNRISE   807 AM MST   SUNSET   503 PM MST
DECEMBER  6 2016......SUNRISE   808 AM MST   SUNSET   503 PM MST


-  INDICATES NEGATIVE NUMBERS.
R  INDICATES RECORD WAS SET OR TIED.
MM INDICATES DATA IS MISSING.
T  INDICATES TRACE AMOUNT.




$$
