000
CDUS45 KBOI 200934
CLIMYL


CLIMATE REPORT
NATIONAL WEATHER SERVICE BOISE ID
234 AM MST MON FEB 20 2017


...................................

...THE MCCALL ID CLIMATE SUMMARY FOR FEBRUARY 19 2017...

CLIMATE NORMAL PERIOD 1981 TO 2010
CLIMATE RECORD PERIOD 1930 TO 2017


WEATHER ITEM   OBSERVED TIME   RECORD YEAR NORMAL DEPARTURE LAST
                VALUE   (LST)  VALUE       VALUE  FROM      YEAR
                                                  NORMAL
..................................................................
TEMPERATURE (F)
 YESTERDAY
  MAXIMUM         36   1237 PM  51    1972  34      2       40
  MINIMUM         29    736 PM -23    1942  11     18       23
  AVERAGE         33                        23     10       32

PRECIPITATION (IN)
  YESTERDAY        0.29          1.28 1968   0.06   0.23     0.27
  MONTH TO DATE    3.95                      1.20   2.75     1.78
  SINCE OCT 1     15.64                      9.11   6.53    15.23
  SINCE JAN 1      7.15                      2.93   4.22     4.66

DEGREE DAYS
 HEATING
  YESTERDAY       32                        42    -10       33
  MONTH TO DATE  663                       828   -165      715
  SINCE DEC 1   3806                      3664    142     3395
  SINCE JUL 1   5843                      6302   -459     5496

 COOLING
  YESTERDAY        0                         0      0        0
  MONTH TO DATE    0                         0      0        0
  SINCE DEC 1      0                         0      0        0
  SINCE JAN 1      0                         0      0        0
..................................................................


WIND (MPH)
  HIGHEST WIND SPEED    20   HIGHEST WIND DIRECTION     S (190)
  HIGHEST GUST SPEED    28   HIGHEST GUST DIRECTION     S (200)
  AVERAGE WIND SPEED     6.1


SKY COVER
  AVERAGE SKY COVER 0.9


WEATHER CONDITIONS
 THE FOLLOWING WEATHER WAS RECORDED YESTERDAY.
  HEAVY SNOW
  SNOW
  LIGHT SNOW
  FOG
  FOG W/VISIBILITY <= 1/4 MILE
  HAZE


RELATIVE HUMIDITY (PERCENT)
 HIGHEST    92           100 AM
 LOWEST     69           800 PM
 AVERAGE    81

..........................................................


THE MCCALL ID CLIMATE NORMALS FOR TODAY
                         NORMAL    RECORD    YEAR
 MAXIMUM TEMPERATURE (F)   34        56      1995
 MINIMUM TEMPERATURE (F)   11       -21      1937


SUNRISE AND SUNSET
FEBRUARY 20 2017......SUNRISE   737 AM MST   SUNSET   620 PM MST
FEBRUARY 21 2017......SUNRISE   735 AM MST   SUNSET   621 PM MST


-  INDICATES NEGATIVE NUMBERS.
R  INDICATES RECORD WAS SET OR TIED.
MM INDICATES DATA IS MISSING.
T  INDICATES TRACE AMOUNT.




$$
