000
CDUS45 KBOI 280949
CLIMYL


CLIMATE REPORT
NATIONAL WEATHER SERVICE BOISE ID
248 AM MST SUN DEC 28 2014


...................................

...THE MCCALL ID CLIMATE SUMMARY FOR DECEMBER 27 2014...

CLIMATE NORMAL PERIOD 1981 TO 2010
CLIMATE RECORD PERIOD 1930 TO 2014


WEATHER ITEM   OBSERVED TIME   RECORD YEAR NORMAL DEPARTURE LAST
                VALUE   (LST)  VALUE       VALUE  FROM      YEAR
                                                  NORMAL
..................................................................
TEMPERATURE (F)
 YESTERDAY
  MAXIMUM         23   1159 PM  45    1989  27     -4       29
  MINIMUM          6    249 AM -12    1954   9     -3        4
  AVERAGE         15                        18     -3       17

PRECIPITATION (IN)
  YESTERDAY        0.31          1.09 1937   0.08   0.23     0.00
  MONTH TO DATE    3.44                      1.80   1.64     1.67
  SINCE OCT 1      8.53                      5.92   2.61     4.01
  SINCE JAN 1     25.94                     19.84   6.10    19.62

DEGREE DAYS
 HEATING
  YESTERDAY       50                        47      3       48
  MONTH TO DATE  954                      1247   -293     1279
  SINCE DEC 1    954                      1247   -293     1279
  SINCE JUL 1   3018                      3885   -867     3369

 COOLING
  YESTERDAY        0                         0      0        0
  MONTH TO DATE    0                         0      0        0
  SINCE DEC 1      0                         0      0        0
  SINCE JAN 1    185                        25    160      186
..................................................................


WIND (MPH)
  HIGHEST WIND SPEED    12   HIGHEST WIND DIRECTION    SE (140)
  HIGHEST GUST SPEED    15   HIGHEST GUST DIRECTION    SE (140)
  AVERAGE WIND SPEED     1.1


SKY COVER
  AVERAGE SKY COVER 1.0


WEATHER CONDITIONS
 THE FOLLOWING WEATHER WAS RECORDED YESTERDAY.
  SNOW
  LIGHT SNOW
  FOG


RELATIVE HUMIDITY (PERCENT)
 HIGHEST    96          1100 AM
 LOWEST     80           200 AM
 AVERAGE    88

..........................................................


THE MCCALL ID CLIMATE NORMALS FOR TODAY
                         NORMAL    RECORD    YEAR
 MAXIMUM TEMPERATURE (F)   27        50      1933
 MINIMUM TEMPERATURE (F)    9       -11      1942


SUNRISE AND SUNSET
DECEMBER 28 2014......SUNRISE   822 AM MST   SUNSET   510 PM MST
DECEMBER 29 2014......SUNRISE   822 AM MST   SUNSET   511 PM MST


-  INDICATES NEGATIVE NUMBERS.
R  INDICATES RECORD WAS SET OR TIED.
MM INDICATES DATA IS MISSING.
T  INDICATES TRACE AMOUNT.




$$
