000
CDUS45 KBOI 240931
CLIMYL


CLIMATE REPORT
NATIONAL WEATHER SERVICE BOISE ID
330 AM MDT SAT JUN 24 2017


...................................

...THE MCCALL ID CLIMATE SUMMARY FOR JUNE 23 2017...

CLIMATE NORMAL PERIOD 1981 TO 2010
CLIMATE RECORD PERIOD 1930 TO 2017


WEATHER ITEM   OBSERVED TIME   RECORD YEAR NORMAL DEPARTURE LAST
                VALUE   (LST)  VALUE       VALUE  FROM      YEAR
                                                  NORMAL
..................................................................
TEMPERATURE (F)
 YESTERDAY
  MAXIMUM         74    530 PM  90    1936  71      3       76
  MINIMUM         37    544 AM  28    2009  39     -2       45
                                      1928
  AVERAGE         56                        55      1       61

PRECIPITATION (IN)
  YESTERDAY        0.00          0.49 1969   0.05  -0.05     0.00
  MONTH TO DATE    1.52                      1.58  -0.06     0.83
  SINCE OCT 1     29.73                     17.54  12.19    23.83
  SINCE JAN 1     21.24                     11.36   9.88    13.26

DEGREE DAYS
 HEATING
  YESTERDAY        9                        10     -1        4
  MONTH TO DATE  214                       303    -89      195
  SINCE JUN 1    214                       303    -89      195
  SINCE JUL 1   8680                      9532   -852     8142

 COOLING
  YESTERDAY        0                         0      0        0
  MONTH TO DATE    4                         0      4       14
  SINCE JUN 1      4                         0      4       14
  SINCE JAN 1      4                         0      4       14
..................................................................


WIND (MPH)
  HIGHEST WIND SPEED    14   HIGHEST WIND DIRECTION     W (270)
  HIGHEST GUST SPEED    19   HIGHEST GUST DIRECTION     W (280)
  AVERAGE WIND SPEED     5.5


SKY COVER
  AVERAGE SKY COVER 0.0


WEATHER CONDITIONS
 THE FOLLOWING WEATHER WAS RECORDED YESTERDAY.
  NO SIGNIFICANT WEATHER WAS OBSERVED.


RELATIVE HUMIDITY (PERCENT)
 HIGHEST    70           600 AM
 LOWEST     15           100 PM
 AVERAGE    43

..........................................................


THE MCCALL ID CLIMATE NORMALS FOR TODAY
                         NORMAL    RECORD    YEAR
 MAXIMUM TEMPERATURE (F)   71        91      1936
 MINIMUM TEMPERATURE (F)   39        28      1993
                                             1953


SUNRISE AND SUNSET
JUNE 24 2017..........SUNRISE   559 AM MDT   SUNSET   935 PM MDT
JUNE 25 2017..........SUNRISE   559 AM MDT   SUNSET   935 PM MDT


-  INDICATES NEGATIVE NUMBERS.
R  INDICATES RECORD WAS SET OR TIED.
MM INDICATES DATA IS MISSING.
T  INDICATES TRACE AMOUNT.




$$
