000
CDUS45 KBOI 250931
CLIMYL


CLIMATE REPORT
NATIONAL WEATHER SERVICE BOISE ID
330 AM MDT THU AUG 25 2016


...................................

...THE MCCALL ID CLIMATE SUMMARY FOR AUGUST 24 2016...

CLIMATE NORMAL PERIOD 1981 TO 2010
CLIMATE RECORD PERIOD 1930 TO 2016


WEATHER ITEM   OBSERVED TIME   RECORD YEAR NORMAL DEPARTURE LAST
                VALUE   (LST)  VALUE       VALUE  FROM      YEAR
                                                  NORMAL
..................................................................
TEMPERATURE (F)
 YESTERDAY
  MAXIMUM         75    423 PM  96    1969  76     -1       86
  MINIMUM         41    621 AM  25    1992  40      1       45
  AVERAGE         58                        58      0       66

PRECIPITATION (IN)
  YESTERDAY        0.00          0.74 1997   0.02  -0.02     0.00
  MONTH TO DATE    T                         0.51  -0.51     0.28
  SINCE OCT 1     25.23                     19.05   6.18    20.87
  SINCE JAN 1     14.66                     12.87   1.79    12.11

DEGREE DAYS
 HEATING
  YESTERDAY        7                         7      0        0
  MONTH TO DATE   65                       121    -56       57
  SINCE JUN 1    405                       638   -233      237
  SINCE JUL 1    179                       271    -92      128

 COOLING
  YESTERDAY        0                         0      0        1
  MONTH TO DATE   33                         7     26       48
  SINCE JUN 1    105                        23     82      161
  SINCE JAN 1    105                        23     82      161
..................................................................


WIND (MPH)
  HIGHEST WIND SPEED    22   HIGHEST WIND DIRECTION     N (350)
  HIGHEST GUST SPEED    32   HIGHEST GUST DIRECTION     N (340)
  AVERAGE WIND SPEED     8.4


SKY COVER
  AVERAGE SKY COVER 0.0


WEATHER CONDITIONS
 THE FOLLOWING WEATHER WAS RECORDED YESTERDAY.
  NO SIGNIFICANT WEATHER WAS OBSERVED.


RELATIVE HUMIDITY (PERCENT)
 HIGHEST    70           600 AM
 LOWEST     16           400 PM
 AVERAGE    43

..........................................................


THE MCCALL ID CLIMATE NORMALS FOR TODAY
                         NORMAL    RECORD    YEAR
 MAXIMUM TEMPERATURE (F)   76        95      1988
 MINIMUM TEMPERATURE (F)   40        20      1992


SUNRISE AND SUNSET
AUGUST 25 2016........SUNRISE   659 AM MDT   SUNSET   833 PM MDT
AUGUST 26 2016........SUNRISE   700 AM MDT   SUNSET   831 PM MDT


-  INDICATES NEGATIVE NUMBERS.
R  INDICATES RECORD WAS SET OR TIED.
MM INDICATES DATA IS MISSING.
T  INDICATES TRACE AMOUNT.




$$
