000
CDUS45 KBOI 200935
CLIMYL


CLIMATE REPORT
NATIONAL WEATHER SERVICE BOISE ID
334 AM MDT FRI OCT 20 2017


...................................

...THE MCCALL ID CLIMATE SUMMARY FOR OCTOBER 19 2017...

CLIMATE NORMAL PERIOD 1981 TO 2010
CLIMATE RECORD PERIOD 1930 TO 2017


WEATHER ITEM   OBSERVED TIME   RECORD YEAR NORMAL DEPARTURE LAST
                VALUE   (LST)  VALUE       VALUE  FROM      YEAR
                                                  NORMAL
..................................................................
TEMPERATURE (F)
 YESTERDAY
  MAXIMUM         62    313 PM  75    1974  54      8       46
  MINIMUM         30    626 AM  14    1982  24      6       29
                                      1976
  AVERAGE         46                        39      7       38

PRECIPITATION (IN)
  YESTERDAY        0.00          1.03 1979   0.05  -0.05      T
  MONTH TO DATE    0.53                      0.70  -0.17     2.24
  SINCE OCT 1      0.53                      0.70  -0.17     2.24
  SINCE JAN 1     23.32                     14.62   8.70    17.95

DEGREE DAYS
 HEATING
  YESTERDAY       19                        26     -7       27
  MONTH TO DATE  484                       442     42      417
  SINCE SEP 1    804                       879    -75      768
  SINCE JUL 1    834                      1207   -373      961

 COOLING
  YESTERDAY        0                         0      0        0
  MONTH TO DATE    0                         0      0        0
  SINCE SEP 1     31                         0     31        0
  SINCE JAN 1    229                        25    204      108
..................................................................


WIND (MPH)
  HIGHEST WIND SPEED    24   HIGHEST WIND DIRECTION     S (180)
  HIGHEST GUST SPEED    29   HIGHEST GUST DIRECTION     S (180)
  AVERAGE WIND SPEED     6.2


SKY COVER
  AVERAGE SKY COVER 0.0


WEATHER CONDITIONS
 THE FOLLOWING WEATHER WAS RECORDED YESTERDAY.
  NO SIGNIFICANT WEATHER WAS OBSERVED.


RELATIVE HUMIDITY (PERCENT)
 HIGHEST    85           300 AM
 LOWEST     20           200 PM
 AVERAGE    53

..........................................................


THE MCCALL ID CLIMATE NORMALS FOR TODAY
                         NORMAL    RECORD    YEAR
 MAXIMUM TEMPERATURE (F)   53        76      1927
 MINIMUM TEMPERATURE (F)   24        12      1987


SUNRISE AND SUNSET
OCTOBER 20 2017.......SUNRISE   807 AM MDT   SUNSET   651 PM MDT
OCTOBER 21 2017.......SUNRISE   808 AM MDT   SUNSET   649 PM MDT


-  INDICATES NEGATIVE NUMBERS.
R  INDICATES RECORD WAS SET OR TIED.
MM INDICATES DATA IS MISSING.
T  INDICATES TRACE AMOUNT.




$$
