000
CDUS44 KLIX 160818
CLINEW


CLIMATE REPORT
NATIONAL WEATHER SERVICE NEW ORLEANS
217 AM CST MON JAN 16 2017


...................................

...THE NEW ORLEANS CLIMATE SUMMARY FOR JANUARY 15 2017...

CLIMATE NORMAL PERIOD 1981 TO 2010
CLIMATE RECORD PERIOD 1946 TO 2017


WEATHER ITEM   OBSERVED TIME   RECORD YEAR NORMAL DEPARTURE LAST
                VALUE   (LST)  VALUE       VALUE  FROM      YEAR
                                                  NORMAL
..................................................................
TEMPERATURE (F)
 YESTERDAY
  MAXIMUM         73    130 PM  82    1947  62     11       75
  MINIMUM         57    651 AM  24    1964  44     13       53
  AVERAGE         65                        53     12       64

PRECIPITATION (IN)
  YESTERDAY        0.00          1.87 1998   0.16  -0.16     0.22
  MONTH TO DATE    3.50                      2.46   1.04     2.67
  SINCE DEC 1     11.36                      7.70   3.66     9.13
  SINCE JAN 1      3.50                      2.46   1.04     2.67

SNOWFALL (IN)
  YESTERDAY        0.0
  MONTH TO DATE    0.0
  SINCE DEC 1      0.0
  SINCE JUL 1      0.0
  SNOW DEPTH       0

DEGREE DAYS
 HEATING
  YESTERDAY        0                        12    -12        1
  MONTH TO DATE  119                       180    -61      176
  SINCE DEC 1    338                       497   -159      292
  SINCE JUL 1    409                       661   -252      350

 COOLING
  YESTERDAY        0                         0      0        0
  MONTH TO DATE   18                        10      8        0
  SINCE DEC 1     73                        37     36      111
  SINCE JAN 1     18                        10      8        0
..................................................................


WIND (MPH)
  HIGHEST WIND SPEED    17   HIGHEST WIND DIRECTION     E (110)
  HIGHEST GUST SPEED    20   HIGHEST GUST DIRECTION    SE (130)
  AVERAGE WIND SPEED     8.3


SKY COVER
  POSSIBLE SUNSHINE  MM
  AVERAGE SKY COVER 0.8


WEATHER CONDITIONS
 THE FOLLOWING WEATHER WAS RECORDED YESTERDAY.
  FOG
  FOG W/VISIBILITY <= 1/4 MILE


RELATIVE HUMIDITY (PERCENT)
 HIGHEST   100          1200 AM
 LOWEST     68           100 PM
 AVERAGE    84

..........................................................


THE NEW ORLEANS CLIMATE NORMALS FOR TODAY
                         NORMAL    RECORD    YEAR
 MAXIMUM TEMPERATURE (F)   62        80      1947
 MINIMUM TEMPERATURE (F)   44        24      1972


SUNRISE AND SUNSET
JANUARY 16 2017.......SUNRISE   657 AM CST   SUNSET   525 PM CST
JANUARY 17 2017.......SUNRISE   657 AM CST   SUNSET   526 PM CST


-  INDICATES NEGATIVE NUMBERS.
R  INDICATES RECORD WAS SET OR TIED.
MM INDICATES DATA IS MISSING.
T  INDICATES TRACE AMOUNT.




$$
