000
CDUS44 KLIX 280720
CLINEW


CLIMATE REPORT
NATIONAL WEATHER SERVICE NEW ORLEANS
220 AM CDT SAT MAY 28 2016


...................................

...THE NEW ORLEANS CLIMATE SUMMARY FOR MAY 27 2016...

CLIMATE NORMAL PERIOD 1981 TO 2010
CLIMATE RECORD PERIOD 1946 TO 2016


WEATHER ITEM   OBSERVED TIME   RECORD YEAR NORMAL DEPARTURE LAST
                VALUE   (LST)  VALUE       VALUE  FROM      YEAR
                                                  NORMAL
..................................................................
TEMPERATURE (F)
 YESTERDAY
  MAXIMUM         87    235 PM  94    2012  87      0       84
                                      1982
                                      1978
  MINIMUM         76   1159 PM  54    1961  71      5       68
  AVERAGE         82                        79      3       76

PRECIPITATION (IN)
  YESTERDAY        T             0.87 1975   0.17  -0.17     0.20
  MONTH TO DATE    4.10                      3.88   0.22     8.76
  SINCE MAR 1     20.35                     13.04   7.31    27.09
  SINCE JAN 1     28.48                     23.49   4.99    34.79

SNOWFALL (IN)
  YESTERDAY        0.0
  MONTH TO DATE    0.0
  SINCE MAR 1      0.0
  SINCE JUL 1      0.0
  SNOW DEPTH       0

DEGREE DAYS
 HEATING
  YESTERDAY        0                         0      0        0
  MONTH TO DATE    0                         0      0        0
  SINCE MAR 1     41                       170   -129       70
  SINCE JUL 1    755                      1279   -524     1274

 COOLING
  YESTERDAY       17                        14      3       11
  MONTH TO DATE  327                       303     24      359
  SINCE MAR 1    675                       523    152      751
  SINCE JAN 1    711                       560    151      769
..................................................................


WIND (MPH)
  HIGHEST WIND SPEED    21   HIGHEST WIND DIRECTION    SE (150)
  HIGHEST GUST SPEED    39   HIGHEST GUST DIRECTION     S (160)
  AVERAGE WIND SPEED    10.0


SKY COVER
  POSSIBLE SUNSHINE  MM
  AVERAGE SKY COVER 0.8


WEATHER CONDITIONS
 THE FOLLOWING WEATHER WAS RECORDED YESTERDAY.
  NO SIGNIFICANT WEATHER WAS OBSERVED.


RELATIVE HUMIDITY (PERCENT)
 HIGHEST    82           300 AM
 LOWEST     51           200 PM
 AVERAGE    67

..........................................................


THE NEW ORLEANS CLIMATE NORMALS FOR TODAY
                         NORMAL    RECORD    YEAR
 MAXIMUM TEMPERATURE (F)   88        96      1953
 MINIMUM TEMPERATURE (F)   71        54      1961


SUNRISE AND SUNSET
MAY 28 2016...........SUNRISE   601 AM CDT   SUNSET   756 PM CDT
MAY 29 2016...........SUNRISE   601 AM CDT   SUNSET   756 PM CDT


-  INDICATES NEGATIVE NUMBERS.
R  INDICATES RECORD WAS SET OR TIED.
MM INDICATES DATA IS MISSING.
T  INDICATES TRACE AMOUNT.




$$
