000
CDUS44 KLIX 210802
CLINEW


CLIMATE REPORT
NATIONAL WEATHER SERVICE NEW ORLEANS
201 AM CST WED FEB 21 2018


...................................

...THE NEW ORLEANS CLIMATE SUMMARY FOR FEBRUARY 20 2018...

CLIMATE NORMAL PERIOD 1981 TO 2010
CLIMATE RECORD PERIOD 1946 TO 2018


WEATHER ITEM   OBSERVED TIME   RECORD YEAR NORMAL DEPARTURE LAST
                VALUE   (LST)  VALUE       VALUE  FROM      YEAR
                                                  NORMAL
..................................................................
TEMPERATURE (F)
 YESTERDAY
  MAXIMUM         83R   341 PM  82    1971  66     17       79
  MINIMUM         70    703 AM  26    1978  49     21       61
  AVERAGE         77                        58     19       70

PRECIPITATION (IN)
  YESTERDAY        0.00          1.85 1979   0.17  -0.17     0.52
  MONTH TO DATE    1.48                      3.92  -2.44     2.32
  SINCE DEC 1     11.19                     14.31  -3.12    15.08
  SINCE JAN 1      6.03                      9.07  -3.04     7.22

SNOWFALL (IN)
  YESTERDAY        0.0
  MONTH TO DATE    0.0
  SINCE DEC 1      T
  SINCE JUL 1      T
  SNOW DEPTH       0

DEGREE DAYS
 HEATING
  YESTERDAY        0                         8     -8        0
  MONTH TO DATE   51                       195   -144       66
  SINCE DEC 1    867                       887    -20      481
  SINCE JUL 1    999                      1051    -52      552

 COOLING
  YESTERDAY       12                         1     11        5
  MONTH TO DATE   74                        20     54       45
  SINCE DEC 1    108                        63     45      152
  SINCE JAN 1     78                        36     42       97
..................................................................


WIND (MPH)
  HIGHEST WIND SPEED    25   HIGHEST WIND DIRECTION    SE (150)
  HIGHEST GUST SPEED    32   HIGHEST GUST DIRECTION    SE (140)
  AVERAGE WIND SPEED    12.3


SKY COVER
  POSSIBLE SUNSHINE  MM
  AVERAGE SKY COVER 0.5


WEATHER CONDITIONS
 THE FOLLOWING WEATHER WAS RECORDED YESTERDAY.
  NO SIGNIFICANT WEATHER WAS OBSERVED.


RELATIVE HUMIDITY (PERCENT)
 HIGHEST   100           600 AM
 LOWEST     65           200 PM
 AVERAGE    83

..........................................................


THE NEW ORLEANS CLIMATE NORMALS FOR TODAY
                         NORMAL    RECORD    YEAR
 MAXIMUM TEMPERATURE (F)   67        80      2011
                                             2008
                                             2005
 MINIMUM TEMPERATURE (F)   49        31      1978


SUNRISE AND SUNSET
FEBRUARY 21 2018......SUNRISE   635 AM CST   SUNSET   554 PM CST
FEBRUARY 22 2018......SUNRISE   634 AM CST   SUNSET   555 PM CST


-  INDICATES NEGATIVE NUMBERS.
R  INDICATES RECORD WAS SET OR TIED.
MM INDICATES DATA IS MISSING.
T  INDICATES TRACE AMOUNT.




$$
