000
CDUS44 KLIX 250703
CLINEW


CLIMATE REPORT
NATIONAL WEATHER SERVICE NEW ORLEANS
202 AM CDT SUN SEP 25 2016


...................................

...THE NEW ORLEANS CLIMATE SUMMARY FOR SEPTEMBER 24 2016...

CLIMATE NORMAL PERIOD 1981 TO 2010
CLIMATE RECORD PERIOD 1946 TO 2016


WEATHER ITEM   OBSERVED TIME   RECORD YEAR NORMAL DEPARTURE LAST
                VALUE   (LST)  VALUE       VALUE  FROM      YEAR
                                                  NORMAL
..................................................................
TEMPERATURE (F)
 YESTERDAY
  MAXIMUM         94R   124 PM  93    1980  86      8       89
                                      1973
                                      1951
  MINIMUM         77    607 AM  54    1994  70      7       75
  AVERAGE         86                        78      8       82

PRECIPITATION (IN)
  YESTERDAY        0.28          2.37 1946   0.14   0.14     0.00
  MONTH TO DATE    4.63                      4.18   0.45     1.52
  SINCE SEP 1      4.63                      4.18   0.45     1.52
  SINCE JAN 1     60.06                     48.39  11.67    47.89

SNOWFALL (IN)
  YESTERDAY        0.0
  MONTH TO DATE    0.0
  SINCE SEP 1      0.0
  SINCE JUL 1      0.0
  SNOW DEPTH       0

DEGREE DAYS
 HEATING
  YESTERDAY        0                         0      0        0
  MONTH TO DATE    0                         0      0        0
  SINCE SEP 1      0                         0      0        0
  SINCE JUL 1      0                         0      0        0

 COOLING
  YESTERDAY       21                        13      8       17
  MONTH TO DATE  504                       371    133      386
  SINCE SEP 1    504                       371    133      386
  SINCE JAN 1   3206                      2617    589     3015
..................................................................


WIND (MPH)
  HIGHEST WIND SPEED    22   HIGHEST WIND DIRECTION     W (260)
  HIGHEST GUST SPEED    25   HIGHEST GUST DIRECTION     W (260)
  AVERAGE WIND SPEED     2.7


SKY COVER
  POSSIBLE SUNSHINE  MM
  AVERAGE SKY COVER 0.3


WEATHER CONDITIONS
 THE FOLLOWING WEATHER WAS RECORDED YESTERDAY.
  LIGHT RAIN


RELATIVE HUMIDITY (PERCENT)
 HIGHEST    91          1200 AM
 LOWEST     52           100 PM
 AVERAGE    72

..........................................................


THE NEW ORLEANS CLIMATE NORMALS FOR TODAY
                         NORMAL    RECORD    YEAR
 MAXIMUM TEMPERATURE (F)   86        93      1993
                                             1980
 MINIMUM TEMPERATURE (F)   70        56      1990
                                             1967


SUNRISE AND SUNSET
SEPTEMBER 25 2016.....SUNRISE   651 AM CDT   SUNSET   653 PM CDT
SEPTEMBER 26 2016.....SUNRISE   652 AM CDT   SUNSET   652 PM CDT


-  INDICATES NEGATIVE NUMBERS.
R  INDICATES RECORD WAS SET OR TIED.
MM INDICATES DATA IS MISSING.
T  INDICATES TRACE AMOUNT.




$$
