000
CDUS44 KLIX 280701
CLINEW


CLIMATE REPORT
NATIONAL WEATHER SERVICE NEW ORLEANS
200 AM CDT TUE MAR 28 2017


...................................

...THE NEW ORLEANS CLIMATE SUMMARY FOR MARCH 27 2017...

CLIMATE NORMAL PERIOD 1981 TO 2010
CLIMATE RECORD PERIOD 1946 TO 2017


WEATHER ITEM   OBSERVED TIME   RECORD YEAR NORMAL DEPARTURE LAST
                VALUE   (LST)  VALUE       VALUE  FROM      YEAR
                                                  NORMAL
..................................................................
TEMPERATURE (F)
 YESTERDAY
  MAXIMUM         82    146 PM  85    2011  74      8       72
  MINIMUM         70    645 AM  30    1955  55     15       64
  AVERAGE         76                        65     11       68

PRECIPITATION (IN)
  YESTERDAY        0.00          2.53 1960   0.15  -0.15     1.88
  MONTH TO DATE    1.95                      3.94  -1.99     6.21
  SINCE MAR 1      1.95                      3.94  -1.99     6.21
  SINCE JAN 1      9.59                     14.39  -4.80    14.34

SNOWFALL (IN)
  YESTERDAY        0.0
  MONTH TO DATE    0.0
  SINCE MAR 1      0.0
  SINCE JUL 1      0.0
  SNOW DEPTH       0

DEGREE DAYS
 HEATING
  YESTERDAY        0                         3     -3        0
  MONTH TO DATE   59                       125    -66       38
  SINCE MAR 1     59                       125    -66       38
  SINCE JUL 1    620                      1234   -614      752

 COOLING
  YESTERDAY       11                         3      8        3
  MONTH TO DATE  112                        51     61      112
  SINCE MAR 1    112                        51     61      112
  SINCE JAN 1    232                        88    144      148
..................................................................


WIND (MPH)
  HIGHEST WIND SPEED    21   HIGHEST WIND DIRECTION     S (170)
  HIGHEST GUST SPEED    28   HIGHEST GUST DIRECTION     S (160)
  AVERAGE WIND SPEED    11.1


SKY COVER
  POSSIBLE SUNSHINE  MM
  AVERAGE SKY COVER 0.6


WEATHER CONDITIONS
 THE FOLLOWING WEATHER WAS RECORDED YESTERDAY.
  NO SIGNIFICANT WEATHER WAS OBSERVED.


RELATIVE HUMIDITY (PERCENT)
 HIGHEST    97          1200 AM
 LOWEST     58           200 PM
 AVERAGE    78

..........................................................


THE NEW ORLEANS CLIMATE NORMALS FOR TODAY
                         NORMAL    RECORD    YEAR
 MAXIMUM TEMPERATURE (F)   74        84      1972
 MINIMUM TEMPERATURE (F)   56        38      1955


SUNRISE AND SUNSET
MARCH 28 2017.........SUNRISE   655 AM CDT   SUNSET   717 PM CDT
MARCH 29 2017.........SUNRISE   654 AM CDT   SUNSET   718 PM CDT


-  INDICATES NEGATIVE NUMBERS.
R  INDICATES RECORD WAS SET OR TIED.
MM INDICATES DATA IS MISSING.
T  INDICATES TRACE AMOUNT.




$$
