000
CDUS44 KLIX 030700
CLINEW


CLIMATE REPORT
NATIONAL WEATHER SERVICE NEW ORLEANS
200 AM CDT THU SEP 3 2015


...................................

...THE NEW ORLEANS CLIMATE SUMMARY FOR SEPTEMBER 2 2015...

CLIMATE NORMAL PERIOD 1981 TO 2010
CLIMATE RECORD PERIOD 1946 TO 2015


WEATHER ITEM   OBSERVED TIME   RECORD YEAR NORMAL DEPARTURE LAST
                VALUE   (LST)  VALUE       VALUE  FROM      YEAR
                                                  NORMAL
..................................................................
TEMPERATURE (F)
 YESTERDAY
  MAXIMUM         85   1037 AM 100    2000  90     -5       93
  MINIMUM         77   1153 PM  62    1967  75      2       75
  AVERAGE         81                        82     -1       84

PRECIPITATION (IN)
  YESTERDAY        0.11          3.29 2008   0.20  -0.09     0.08
  MONTH TO DATE    0.11                      0.40  -0.29     0.09
  SINCE SEP 1      0.11                      0.40  -0.29     0.09
  SINCE JAN 1     46.48                     44.61   1.87    43.05

SNOWFALL (IN)
  YESTERDAY        0.0
  MONTH TO DATE    0.0
  SINCE SEP 1      0.0
  SINCE JUL 1      0.0
  SNOW DEPTH       0

DEGREE DAYS
 HEATING
  YESTERDAY        0                         0      0        0
  MONTH TO DATE    0                         0      0        0
  SINCE SEP 1      0                         0      0        0
  SINCE JUL 1      0                         0      0        0

 COOLING
  YESTERDAY       16                        17     -1       19
  MONTH TO DATE   35                        34      1       40
  SINCE SEP 1     35                        34      1       40
  SINCE JAN 1   2664                      2280    384     2224
..................................................................


WIND (MPH)
  HIGHEST WIND SPEED    16   HIGHEST WIND DIRECTION     S (170)
  HIGHEST GUST SPEED    20   HIGHEST GUST DIRECTION     S (170)
  AVERAGE WIND SPEED     4.3


SKY COVER
  POSSIBLE SUNSHINE  MM
  AVERAGE SKY COVER 0.9


WEATHER CONDITIONS
 THE FOLLOWING WEATHER WAS RECORDED YESTERDAY.
  THUNDERSTORM
  LIGHT RAIN


RELATIVE HUMIDITY (PERCENT)
 HIGHEST    79           500 AM
 LOWEST     69           600 PM
 AVERAGE    74

..........................................................


THE NEW ORLEANS CLIMATE NORMALS FOR TODAY
                         NORMAL    RECORD    YEAR
 MAXIMUM TEMPERATURE (F)   90        97      1947
 MINIMUM TEMPERATURE (F)   75        67      1987
                                             1954


SUNRISE AND SUNSET
SEPTEMBER  3 2015.....SUNRISE   639 AM CDT   SUNSET   721 PM CDT
SEPTEMBER  4 2015.....SUNRISE   640 AM CDT   SUNSET   720 PM CDT


-  INDICATES NEGATIVE NUMBERS.
R  INDICATES RECORD WAS SET OR TIED.
MM INDICATES DATA IS MISSING.
T  INDICATES TRACE AMOUNT.




$$
