000
CDUS44 KLIX 232227
CLINEW


CLIMATE REPORT
NATIONAL WEATHER SERVICE NEW ORLEANS
427 PM CST THU NOV 23 2017


...................................

...THE NEW ORLEANS CLIMATE SUMMARY FOR NOVEMBER 23 2017...
VALID TODAY AS OF 0400 PM LOCAL TIME.

CLIMATE NORMAL PERIOD 1981 TO 2010
CLIMATE RECORD PERIOD 1946 TO 2017


WEATHER ITEM   OBSERVED TIME   RECORD YEAR NORMAL DEPARTURE LAST
                VALUE   (LST)  VALUE       VALUE  FROM      YEAR
                                                  NORMAL
..................................................................
TEMPERATURE (F)
 TODAY
  MAXIMUM         63    259 PM  85    1973  70     -7       79
  MINIMUM         46    720 AM  29    1976  52     -6       57
  AVERAGE         55                        61     -6       68

PRECIPITATION (IN)
  TODAY            0.00          1.65 1948   0.15  -0.15     0.00
  MONTH TO DATE    0.05                      3.38  -3.33     2.12
  SINCE SEP 1      3.60                     11.89  -8.29     6.80
  SINCE JAN 1     67.25                     56.10  11.15    62.23

SNOWFALL (IN)
  TODAY            0.0
  MONTH TO DATE    0.0
  SINCE SEP 1      0.0
  SINCE JUL 1      0.0
  SNOW DEPTH       0

DEGREE DAYS
 HEATING
  TODAY           10                         6      4        0
  MONTH TO DATE   48                        91    -43       53
  SINCE SEP 1     88                       116    -28       53
  SINCE JUL 1     88                       116    -28       53

 COOLING
  TODAY            0                         2     -2        3
  MONTH TO DATE   87                        60     27      100
  SINCE SEP 1    841                       723    118     1115
  SINCE JAN 1   3194                      2969    225     3817
..................................................................


WIND (MPH)
  HIGHEST WIND SPEED    14   HIGHEST WIND DIRECTION     N (360)
  HIGHEST GUST SPEED    22   HIGHEST GUST DIRECTION     N (340)
  AVERAGE WIND SPEED    10.2


SKY COVER
  POSSIBLE SUNSHINE  MM
  AVERAGE SKY COVER 0.2


WEATHER CONDITIONS
 THE FOLLOWING WEATHER WAS RECORDED TODAY.
  NO SIGNIFICANT WEATHER WAS OBSERVED.


RELATIVE HUMIDITY (PERCENT)
 HIGHEST    71           800 AM
 LOWEST     30           400 PM
 AVERAGE    51

..........................................................


THE NEW ORLEANS CLIMATE NORMALS FOR TOMORROW
                         NORMAL    RECORD    YEAR
 MAXIMUM TEMPERATURE (F)   69        83      1973
 MINIMUM TEMPERATURE (F)   51        25      1970


SUNRISE AND SUNSET
NOVEMBER 23 2017......SUNRISE   633 AM CST   SUNSET   502 PM CST
NOVEMBER 24 2017......SUNRISE   634 AM CST   SUNSET   502 PM CST


-  INDICATES NEGATIVE NUMBERS.
R  INDICATES RECORD WAS SET OR TIED.
MM INDICATES DATA IS MISSING.
T  INDICATES TRACE AMOUNT.




$$
