000
CDUS44 KLIX 310701
CLINEW


CLIMATE REPORT
NATIONAL WEATHER SERVICE NEW ORLEANS
201 AM CDT FRI OCT 31 2014


...................................

...THE NEW ORLEANS CLIMATE SUMMARY FOR OCTOBER 30 2014...

CLIMATE NORMAL PERIOD 1981 TO 2010
CLIMATE RECORD PERIOD 1946 TO 2014


WEATHER ITEM   OBSERVED TIME   RECORD YEAR NORMAL DEPARTURE LAST
                VALUE   (LST)  VALUE       VALUE  FROM      YEAR
                                                  NORMAL
..................................................................
TEMPERATURE (F)
 YESTERDAY
  MAXIMUM         74    345 PM  87    2004  76     -2       81
                                      1979
                                      1951
  MINIMUM         54   1130 PM  36    1952  58     -4       70
  AVERAGE         64                        67     -3       76

PRECIPITATION (IN)
  YESTERDAY        0.00          2.54 1967   0.12  -0.12     0.00
  MONTH TO DATE    1.84                      3.42  -1.58     1.97
  SINCE SEP 1      5.68                      8.39  -2.71    10.65
  SINCE JAN 1     48.64                     52.60  -3.96    60.96

SNOWFALL (IN)
  YESTERDAY        0.0
  MONTH TO DATE    0.0
  SINCE SEP 1      0.0
  SINCE JUL 1      0.0
  SNOW DEPTH       0

DEGREE DAYS
 HEATING
  YESTERDAY        1                         2     -1        0
  MONTH TO DATE    1                        21    -20        5
  SINCE SEP 1      1                        21    -20        5
  SINCE JUL 1      1                        21    -20        5

 COOLING
  YESTERDAY        0                         4     -4       11
  MONTH TO DATE  247                       216     31      250
  SINCE SEP 1    751                       659     92      761
  SINCE JAN 1   2935                      2905     30     2897
..................................................................


WIND (MPH)
  HIGHEST WIND SPEED    23   HIGHEST WIND DIRECTION    NE (40)
  HIGHEST GUST SPEED    27   HIGHEST GUST DIRECTION    NE (40)
  AVERAGE WIND SPEED    10.4


SKY COVER
  POSSIBLE SUNSHINE  MM
  AVERAGE SKY COVER 0.2


WEATHER CONDITIONS
 THE FOLLOWING WEATHER WAS RECORDED YESTERDAY.
  NO SIGNIFICANT WEATHER WAS OBSERVED.


RELATIVE HUMIDITY (PERCENT)
 HIGHEST    80          1000 PM
 LOWEST     29           300 PM
 AVERAGE    55

..........................................................


THE NEW ORLEANS CLIMATE NORMALS FOR TODAY
                         NORMAL    RECORD    YEAR
 MAXIMUM TEMPERATURE (F)   76        86      1951
 MINIMUM TEMPERATURE (F)   58        35      1993


SUNRISE AND SUNSET
OCTOBER 31 2014.......SUNRISE   714 AM CDT   SUNSET   615 PM CDT
NOVEMBER  1 2014......SUNRISE   715 AM CDT   SUNSET   614 PM CDT


-  INDICATES NEGATIVE NUMBERS.
R  INDICATES RECORD WAS SET OR TIED.
MM INDICATES DATA IS MISSING.
T  INDICATES TRACE AMOUNT.




$$
