000
CDUS46 KMTR 170835
CLINUQ


CLIMATE REPORT
NATIONAL WEATHER SERVICE SAN FRANCISCO BAY AREA
135 AM PDT THU APR 17 2014


...................................

...THE MOFFETT FIELD CLIMATE SUMMARY FOR APRIL 16 2014...

CLIMATE NORMAL PERIOD 1981 TO 2010
CLIMATE RECORD PERIOD 1945 TO 2014


WEATHER ITEM   OBSERVED TIME   RECORD YEAR NORMAL DEPARTURE LAST
                VALUE   (LST)  VALUE       VALUE  FROM      YEAR
                                                  NORMAL
..................................................................
TEMPERATURE (F)
 YESTERDAY
  MAXIMUM         77    223 PM  86    1987  69      8       68
  MINIMUM         51    355 AM  36    1955  49      2       43
  AVERAGE         64                        59      5       56

PRECIPITATION (IN)
  YESTERDAY        0.00          0.34 2006   0.03  -0.03     0.00
  MONTH TO DATE    0.58                      0.57   0.01     0.27
  SINCE JUL 1      6.16                     13.70  -7.54     9.55
  SINCE JAN 1      4.90                      8.65  -3.75     1.78

DEGREE DAYS
 HEATING
  YESTERDAY        1                                         9
  MONTH TO DATE   72                                        81
  SINCE MAR 1    226                                       316
  SINCE JUL 1   1684                                      1993

 COOLING
  YESTERDAY        0                                         0
  MONTH TO DATE    7                                         5
  SINCE MAR 1     11                                         6
  SINCE JAN 1     11                                         6
..................................................................


WIND (MPH)
  RESULTANT WIND SPEED   6   RESULTANT WIND DIRECTION   N (350)
  HIGHEST WIND SPEED    20   HIGHEST WIND DIRECTION     N (340)
  HIGHEST GUST SPEED    24   HIGHEST GUST DIRECTION     N (350)
  AVERAGE WIND SPEED     6.6


SKY COVER
  POSSIBLE SUNSHINE  MM
  AVERAGE SKY COVER 0.0


WEATHER CONDITIONS
 THE FOLLOWING WEATHER WAS RECORDED YESTERDAY.
  NO SIGNIFICANT WEATHER WAS OBSERVED.


RELATIVE HUMIDITY (PERCENT)
 HIGHEST    83           400 AM
 LOWEST     41           200 PM
 AVERAGE    62

..........................................................


THE MOFFETT FIELD CLIMATE NORMALS FOR TODAY
                         NORMAL    RECORD    YEAR
 MAXIMUM TEMPERATURE (F)   69        83      1954
 MINIMUM TEMPERATURE (F)   50        38      1975


SUNRISE AND SUNSET
APRIL 17 2014.........SUNRISE   631 AM PDT   SUNSET   745 PM PDT
APRIL 18 2014.........SUNRISE   629 AM PDT   SUNSET   746 PM PDT


-  INDICATES NEGATIVE NUMBERS.
R  INDICATES RECORD WAS SET OR TIED.
MM INDICATES DATA IS MISSING.
T  INDICATES TRACE AMOUNT.




$$
