000
CDUS46 KMTR 181245
CLINUQ


CLIMATE REPORT
NATIONAL WEATHER SERVICE SAN FRANCISCO BAY AREA
445 AM PST THU JAN 18 2018


...................................

...THE MOFFETT FIELD CLIMATE SUMMARY FOR JANUARY 17 2018...

CLIMATE NORMAL PERIOD 1981 TO 2010
CLIMATE RECORD PERIOD 1945 TO 2018


WEATHER ITEM   OBSERVED TIME   RECORD YEAR NORMAL DEPARTURE LAST
                VALUE   (LST)  VALUE       VALUE  FROM      YEAR
                                                  NORMAL
..................................................................
TEMPERATURE (F)
 YESTERDAY
  MAXIMUM         60    430 PM  72    1994  59      1       54
  MINIMUM         50   1159 PM  29    2012  43      7       35
                                      1947
  AVERAGE         55                        51      4       45

PRECIPITATION (IN)
  YESTERDAY        0.00          1.16 1988   0.08  -0.08     0.00
  MONTH TO DATE    2.37                      1.63   0.74     2.97
  SINCE OCT 1      4.32                      6.47  -2.15     7.54
  SINCE JAN 1      2.37                      1.63   0.74     2.97

DEGREE DAYS
 HEATING
  YESTERDAY       10                                        20
  MONTH TO DATE  193                                       259
  SINCE DEC 1    631                                       718
  SINCE JUL 1    913                                      1005

 COOLING
  YESTERDAY        0                                         0
  MONTH TO DATE    0                                         0
  SINCE DEC 1      0                                         0
  SINCE JAN 1      0                                         0
..................................................................


WIND (MPH)
  RESULTANT WIND SPEED   1   RESULTANT WIND DIRECTION  NW (310)
  HIGHEST WIND SPEED    12   HIGHEST WIND DIRECTION     N (350)
  HIGHEST GUST SPEED    14   HIGHEST GUST DIRECTION     N (350)
  AVERAGE WIND SPEED     2.6


SKY COVER
  POSSIBLE SUNSHINE  MM
  AVERAGE SKY COVER 0.3


WEATHER CONDITIONS
 THE FOLLOWING WEATHER WAS RECORDED YESTERDAY.
  FOG


RELATIVE HUMIDITY (PERCENT)
 HIGHEST   100          1200 AM
 LOWEST     78           400 PM
 AVERAGE    89

..........................................................


THE MOFFETT FIELD CLIMATE NORMALS FOR TODAY
                         NORMAL    RECORD    YEAR
 MAXIMUM TEMPERATURE (F)   59        71      2014
                                             1981
 MINIMUM TEMPERATURE (F)   43        27      1947


SUNRISE AND SUNSET
JANUARY 18 2018.......SUNRISE   720 AM PST   SUNSET   517 PM PST
JANUARY 19 2018.......SUNRISE   720 AM PST   SUNSET   518 PM PST


-  INDICATES NEGATIVE NUMBERS.
R  INDICATES RECORD WAS SET OR TIED.
MM INDICATES DATA IS MISSING.
T  INDICATES TRACE AMOUNT.




$$
