000
CDUS46 KMTR 040844
CLINUQ


CLIMATE REPORT
NATIONAL WEATHER SERVICE SAN FRANCISCO BAY AREA
143 AM PDT TUE AUG 4 2015


...................................

...THE MOFFETT FIELD CLIMATE SUMMARY FOR AUGUST 3 2015...

CLIMATE NORMAL PERIOD 1981 TO 2010
CLIMATE RECORD PERIOD 1945 TO 2015


WEATHER ITEM   OBSERVED TIME   RECORD YEAR NORMAL DEPARTURE LAST
                VALUE   (LST)  VALUE       VALUE  FROM      YEAR
                                                  NORMAL
..................................................................
TEMPERATURE (F)
 YESTERDAY
  MAXIMUM         77    320 PM  95    1998  77      0       72
  MINIMUM         62    451 AM  49    1956  60      2       62
  AVERAGE         70                        68      2       67

PRECIPITATION (IN)
  YESTERDAY        0.00          0.01 1953   0.00   0.00     0.00
  MONTH TO DATE    0.00                      0.00   0.00     0.00
  SINCE OCT 1     14.23                     14.49  -0.26     5.95
  SINCE JAN 1      4.24                      9.65  -5.41     5.19

DEGREE DAYS
 HEATING
  YESTERDAY        0                                         0
  MONTH TO DATE    0                                         0
  SINCE JUN 1     16                                         7
  SINCE JUL 1      0                                         0

 COOLING
  YESTERDAY        5                                         2
  MONTH TO DATE   15                                         9
  SINCE JUN 1    244                                       238
  SINCE JAN 1    262                                       325
..................................................................


WIND (MPH)
  RESULTANT WIND SPEED   5   RESULTANT WIND DIRECTION  NW (330)
  HIGHEST WIND SPEED    23   HIGHEST WIND DIRECTION     N (350)
  HIGHEST GUST SPEED    26   HIGHEST GUST DIRECTION     N (360)
  AVERAGE WIND SPEED     6.4


SKY COVER
  POSSIBLE SUNSHINE  MM
  AVERAGE SKY COVER 0.2


WEATHER CONDITIONS
 THE FOLLOWING WEATHER WAS RECORDED YESTERDAY.
  NO SIGNIFICANT WEATHER WAS OBSERVED.


RELATIVE HUMIDITY (PERCENT)
 HIGHEST    78           100 AM
 LOWEST     43           500 PM
 AVERAGE    61

..........................................................


THE MOFFETT FIELD CLIMATE NORMALS FOR TODAY
                         NORMAL    RECORD    YEAR
 MAXIMUM TEMPERATURE (F)   77        93      1998
 MINIMUM TEMPERATURE (F)   59        49      1949


SUNRISE AND SUNSET
AUGUST  4 2015........SUNRISE   615 AM PDT   SUNSET   813 PM PDT
AUGUST  5 2015........SUNRISE   616 AM PDT   SUNSET   812 PM PDT


-  INDICATES NEGATIVE NUMBERS.
R  INDICATES RECORD WAS SET OR TIED.
MM INDICATES DATA IS MISSING.
T  INDICATES TRACE AMOUNT.




$$
