000
CDUS46 KMTR 210026
CLINUQ


CLIMATE REPORT
NATIONAL WEATHER SERVICE SAN FRANCISCO BAY AREA
525 PM PDT WED AUG 20 2014


...................................

...THE MOFFETT FIELD CLIMATE SUMMARY FOR AUGUST 20 2014...
VALID TODAY AS OF 0500 PM LOCAL TIME.

CLIMATE NORMAL PERIOD 1981 TO 2010
CLIMATE RECORD PERIOD 1945 TO 2014


WEATHER ITEM   OBSERVED TIME   RECORD YEAR NORMAL DEPARTURE LAST
                VALUE   (LST)  VALUE       VALUE  FROM      YEAR
                                                  NORMAL
..................................................................
TEMPERATURE (F)
 TODAY
  MAXIMUM         79    216 PM  88    1974  78      1       78
  MINIMUM         60    447 AM  50    1948  59      1       61
  AVERAGE         70                        68      2       70

PRECIPITATION (IN)
  TODAY            0.00          0.00 2009   0.00   0.00     0.00
  MONTH TO DATE    T                         0.00   0.00     0.00
  SINCE JUL 1      T                         0.02  -0.02      T
  SINCE JAN 1      5.19                      9.65  -4.46     1.82

DEGREE DAYS
 HEATING
  TODAY            0                                         0
  MONTH TO DATE    0                                         3
  SINCE JUN 1      7                                        17
  SINCE JUL 1      0                                         4

 COOLING
  TODAY            5                                         5
  MONTH TO DATE   77                                        51
  SINCE JUN 1    306                                       242
  SINCE JAN 1    393                                       316
..................................................................


WIND (MPH)
  RESULTANT WIND SPEED   1   RESULTANT WIND DIRECTION   N (10)
  HIGHEST WIND SPEED    16   HIGHEST WIND DIRECTION     N (360)
  HIGHEST GUST SPEED    21   HIGHEST GUST DIRECTION     N (340)
  AVERAGE WIND SPEED     4.5


SKY COVER
  POSSIBLE SUNSHINE  MM
  AVERAGE SKY COVER 0.2


WEATHER CONDITIONS
 THE FOLLOWING WEATHER WAS RECORDED TODAY.
  NO SIGNIFICANT WEATHER WAS OBSERVED.


RELATIVE HUMIDITY (PERCENT)
 HIGHEST    84           400 AM
 LOWEST     45           100 PM
 AVERAGE    65

..........................................................


THE MOFFETT FIELD CLIMATE NORMALS FOR TOMORROW
                         NORMAL    RECORD    YEAR
 MAXIMUM TEMPERATURE (F)   78        87      1993
 MINIMUM TEMPERATURE (F)   59        51      1954


SUNRISE AND SUNSET
AUGUST 20 2014........SUNRISE   629 AM PDT   SUNSET   754 PM PDT
AUGUST 21 2014........SUNRISE   629 AM PDT   SUNSET   752 PM PDT


-  INDICATES NEGATIVE NUMBERS.
R  INDICATES RECORD WAS SET OR TIED.
MM INDICATES DATA IS MISSING.
T  INDICATES TRACE AMOUNT.




$$
