000
CDUS46 KMTR 200825
CLINUQ


CLIMATE REPORT
NATIONAL WEATHER SERVICE SAN FRANCISCO BAY AREA
125 AM PDT WED SEP 20 2017


...................................

...THE MOFFETT FIELD CLIMATE SUMMARY FOR SEPTEMBER 19 2017...

CLIMATE NORMAL PERIOD 1981 TO 2010
CLIMATE RECORD PERIOD 1945 TO 2017


WEATHER ITEM   OBSERVED TIME   RECORD YEAR NORMAL DEPARTURE LAST
                VALUE   (LST)  VALUE       VALUE  FROM      YEAR
                                                  NORMAL
..................................................................
TEMPERATURE (F)
 YESTERDAY
  MAXIMUM         77    327 PM  96    2000  77      0       91
  MINIMUM         59    627 AM  46    1947  58      1       62
  AVERAGE         68                        68      0       77

PRECIPITATION (IN)
  YESTERDAY        0.00          0.47 1977   0.00   0.00     0.00
  MONTH TO DATE    0.06                      0.08  -0.02     0.00
  SINCE OCT 1     18.21                     14.58   3.63    13.15
  SINCE JAN 1     13.64                      9.74   3.90     8.75

DEGREE DAYS
 HEATING
  YESTERDAY        0                                         0
  MONTH TO DATE    0                                         3
  SINCE SEP 1      0                                         3
  SINCE JUL 1      2                                        10

 COOLING
  YESTERDAY        3                                        12
  MONTH TO DATE  181                                        53
  SINCE SEP 1    181                                        53
  SINCE JAN 1    592                                       389
..................................................................


WIND (MPH)
  RESULTANT WIND SPEED   6   RESULTANT WIND DIRECTION  NW (330)
  HIGHEST WIND SPEED    16   HIGHEST WIND DIRECTION     N (350)
  HIGHEST GUST SPEED    20   HIGHEST GUST DIRECTION     N (360)
  AVERAGE WIND SPEED     7.0


SKY COVER
  POSSIBLE SUNSHINE  MM
  AVERAGE SKY COVER 0.0


WEATHER CONDITIONS
 THE FOLLOWING WEATHER WAS RECORDED YESTERDAY.
  NO SIGNIFICANT WEATHER WAS OBSERVED.


RELATIVE HUMIDITY (PERCENT)
 HIGHEST    75           400 AM
 LOWEST     36           200 PM
 AVERAGE    56

..........................................................


THE MOFFETT FIELD CLIMATE NORMALS FOR TODAY
                         NORMAL    RECORD    YEAR
 MAXIMUM TEMPERATURE (F)   77        96      1990
 MINIMUM TEMPERATURE (F)   57        45      1947


SUNRISE AND SUNSET
SEPTEMBER 20 2017.....SUNRISE   655 AM PDT   SUNSET   708 PM PDT
SEPTEMBER 21 2017.....SUNRISE   655 AM PDT   SUNSET   706 PM PDT


-  INDICATES NEGATIVE NUMBERS.
R  INDICATES RECORD WAS SET OR TIED.
MM INDICATES DATA IS MISSING.
T  INDICATES TRACE AMOUNT.




$$
