492
CDUS46 KMTR 200826
CLINUQ


CLIMATE REPORT
NATIONAL WEATHER SERVICE SAN FRANCISCO BAY AREA
1226 AM PST MON NOV 20 2017


...................................

...THE MOFFETT FIELD CLIMATE SUMMARY FOR NOVEMBER 19 2017...

CLIMATE NORMAL PERIOD 1981 TO 2010
CLIMATE RECORD PERIOD 1945 TO 2017


WEATHER ITEM   OBSERVED TIME   RECORD YEAR NORMAL DEPARTURE LAST
                VALUE   (LST)  VALUE       VALUE  FROM      YEAR
                                                  NORMAL
..................................................................
TEMPERATURE (F)
 YESTERDAY
  MAXIMUM         62    248 PM  77    1989  64     -2       62
  MINIMUM         40    608 AM  31    1947  46     -6       56
  AVERAGE         51                        55     -4       59

PRECIPITATION (IN)
  YESTERDAY        0.00          1.07 1946   0.06  -0.06     0.02
  MONTH TO DATE    1.51                      0.98   0.53     0.08
  SINCE OCT 1      1.66                      1.62   0.04     1.77
  SINCE JAN 1     15.30                     11.46   3.84    10.52

DEGREE DAYS
 HEATING
  YESTERDAY       14                                         6
  MONTH TO DATE  147                                        82
  SINCE SEP 1    212                                       147
  SINCE JUL 1    214                                       154

 COOLING
  YESTERDAY        0                                         0
  MONTH TO DATE    0                                         0
  SINCE SEP 1    278                                       124
  SINCE JAN 1    689                                       460
..................................................................


WIND (MPH)
  RESULTANT WIND SPEED   1   RESULTANT WIND DIRECTION   N (0)
  HIGHEST WIND SPEED     8   HIGHEST WIND DIRECTION     N (20)
  HIGHEST GUST SPEED    10   HIGHEST GUST DIRECTION     N (10)
  AVERAGE WIND SPEED     1.8


SKY COVER
  POSSIBLE SUNSHINE  MM
  AVERAGE SKY COVER 0.0


WEATHER CONDITIONS
 THE FOLLOWING WEATHER WAS RECORDED YESTERDAY.
  NO SIGNIFICANT WEATHER WAS OBSERVED.


RELATIVE HUMIDITY (PERCENT)
 HIGHEST    93           600 AM
 LOWEST     49           100 PM
 AVERAGE    71

..........................................................


THE MOFFETT FIELD CLIMATE NORMALS FOR TODAY
                         NORMAL    RECORD    YEAR
 MAXIMUM TEMPERATURE (F)   64        74      1989
 MINIMUM TEMPERATURE (F)   46        32      1947


SUNRISE AND SUNSET
NOVEMBER 20 2017......SUNRISE   653 AM PST   SUNSET   454 PM PST
NOVEMBER 21 2017......SUNRISE   654 AM PST   SUNSET   454 PM PST


-  INDICATES NEGATIVE NUMBERS.
R  INDICATES RECORD WAS SET OR TIED.
MM INDICATES DATA IS MISSING.
T  INDICATES TRACE AMOUNT.




$$
