000
CDUS46 KMTR 250829
CLINUQ


CLIMATE REPORT
NATIONAL WEATHER SERVICE SAN FRANCISCO BAY AREA
129 AM PDT SUN JUN 25 2017


...................................

...THE MOFFETT FIELD CLIMATE SUMMARY FOR JUNE 24 2017...

CLIMATE NORMAL PERIOD 1981 TO 2010
CLIMATE RECORD PERIOD 1945 TO 2017


WEATHER ITEM   OBSERVED TIME   RECORD YEAR NORMAL DEPARTURE LAST
                VALUE   (LST)  VALUE       VALUE  FROM      YEAR
                                                  NORMAL
..................................................................
TEMPERATURE (F)
 YESTERDAY
  MAXIMUM         75    129 PM 104    1976  77     -2       78
  MINIMUM         61   1159 PM  49    1975  58      3       57
  AVERAGE         68                        67      1       68

PRECIPITATION (IN)
  YESTERDAY        0.00          0.06 1975   0.00   0.00     0.00
  MONTH TO DATE    0.02                      0.09  -0.07      T
  SINCE OCT 1     18.15                     14.46   3.69    13.15
  SINCE JAN 1     13.58                      9.62   3.96     8.75

DEGREE DAYS
 HEATING
  YESTERDAY        0                                         0
  MONTH TO DATE   24                                         6
  SINCE JUN 1     24                                         6
  SINCE JUL 1   2033                                      1786

 COOLING
  YESTERDAY        3                                         3
  MONTH TO DATE   87                                        79
  SINCE JUN 1     87                                        79
  SINCE JAN 1    140                                       139
..................................................................


WIND (MPH)
  RESULTANT WIND SPEED   8   RESULTANT WIND DIRECTION   N (350)
  HIGHEST WIND SPEED    17   HIGHEST WIND DIRECTION     N (350)
  HIGHEST GUST SPEED    21   HIGHEST GUST DIRECTION     N (350)
  AVERAGE WIND SPEED     8.3


SKY COVER
  POSSIBLE SUNSHINE  MM
  AVERAGE SKY COVER 0.6


WEATHER CONDITIONS
 THE FOLLOWING WEATHER WAS RECORDED YESTERDAY.
  NO SIGNIFICANT WEATHER WAS OBSERVED.


RELATIVE HUMIDITY (PERCENT)
 HIGHEST    90          1200 AM
 LOWEST     64           100 PM
 AVERAGE    77

..........................................................


THE MOFFETT FIELD CLIMATE NORMALS FOR TODAY
                         NORMAL    RECORD    YEAR
 MAXIMUM TEMPERATURE (F)   77       104      1993
 MINIMUM TEMPERATURE (F)   58        45      1975


SUNRISE AND SUNSET
JUNE 25 2017..........SUNRISE   549 AM PDT   SUNSET   833 PM PDT
JUNE 26 2017..........SUNRISE   549 AM PDT   SUNSET   833 PM PDT


-  INDICATES NEGATIVE NUMBERS.
R  INDICATES RECORD WAS SET OR TIED.
MM INDICATES DATA IS MISSING.
T  INDICATES TRACE AMOUNT.




$$
