655
CDUS46 KMTR 270837
CLINUQ


CLIMATE REPORT
NATIONAL WEATHER SERVICE SAN FRANCISCO BAY AREA
1237 AM PST MON FEB 27 2017


...................................

...THE MOFFETT FIELD CLIMATE SUMMARY FOR FEBRUARY 26 2017...

CLIMATE NORMAL PERIOD 1981 TO 2010
CLIMATE RECORD PERIOD 1945 TO 2017


WEATHER ITEM   OBSERVED TIME   RECORD YEAR NORMAL DEPARTURE LAST
                VALUE   (LST)  VALUE       VALUE  FROM      YEAR
                                                  NORMAL
..................................................................
TEMPERATURE (F)
 YESTERDAY
  MAXIMUM         57    420 PM  82    1986  63     -6       69
  MINIMUM         38    623 AM  34    2011  46     -8       51
                                      1962
  AVERAGE         48                        55     -7       60

PRECIPITATION (IN)
  YESTERDAY        T             0.83 2014   0.11  -0.11     0.00
  MONTH TO DATE    5.19                      2.85   2.34     0.38
  SINCE OCT 1     15.16                     10.44   4.72     8.36
  SINCE JAN 1     10.59                      5.60   4.99     3.96

DEGREE DAYS
 HEATING
  YESTERDAY       17                                         5
  MONTH TO DATE  271                                       201
  SINCE DEC 1   1208                                      1029
  SINCE JUL 1   1495                                      1372

 COOLING
  YESTERDAY        0                                         0
  MONTH TO DATE    0                                         2
  SINCE DEC 1      0                                         2
  SINCE JAN 1      0                                         2
..................................................................


WIND (MPH)
  RESULTANT WIND SPEED   3   RESULTANT WIND DIRECTION  NW (320)
  HIGHEST WIND SPEED    16   HIGHEST WIND DIRECTION     W (260)
  HIGHEST GUST SPEED    21   HIGHEST GUST DIRECTION     W (260)
  AVERAGE WIND SPEED     4.6


SKY COVER
  POSSIBLE SUNSHINE  MM
  AVERAGE SKY COVER 0.2


WEATHER CONDITIONS
 THE FOLLOWING WEATHER WAS RECORDED YESTERDAY.
  LIGHT RAIN


RELATIVE HUMIDITY (PERCENT)
 HIGHEST    85           500 AM
 LOWEST     47          1200 PM
 AVERAGE    66

..........................................................


THE MOFFETT FIELD CLIMATE NORMALS FOR TODAY
                         NORMAL    RECORD    YEAR
 MAXIMUM TEMPERATURE (F)   63        77      1992
 MINIMUM TEMPERATURE (F)   47        30      1962


SUNRISE AND SUNSET
FEBRUARY 27 2017......SUNRISE   642 AM PST   SUNSET   600 PM PST
FEBRUARY 28 2017......SUNRISE   640 AM PST   SUNSET   601 PM PST


-  INDICATES NEGATIVE NUMBERS.
R  INDICATES RECORD WAS SET OR TIED.
MM INDICATES DATA IS MISSING.
T  INDICATES TRACE AMOUNT.




$$
