857
CDUS41 KOKX 280820
CLINYC


CLIMATE REPORT
NATIONAL WEATHER SERVICE NEW YORK NY
420 AM EDT WED JUN 28 2017


...................................

...THE CENTRAL PARK NY CLIMATE SUMMARY FOR JUNE 27 2017...

CLIMATE NORMAL PERIOD 1981 TO 2010
CLIMATE RECORD PERIOD 1869 TO 2017


WEATHER ITEM   OBSERVED TIME   RECORD YEAR NORMAL DEPARTURE LAST
                VALUE   (LST)  VALUE       VALUE  FROM      YEAR
                                                  NORMAL
..................................................................
TEMPERATURE (F)
 YESTERDAY
  MAXIMUM         77   1238 PM 101    1966  82     -5       83
  MINIMUM         60    510 AM  55    1940  67     -7       67
  AVERAGE         69                        74     -5       75

PRECIPITATION (IN)
  YESTERDAY        0.18          2.11 1932   0.12   0.06     0.45
  MONTH TO DATE    4.76                      4.03   0.73     2.47
  SINCE JUN 1      4.76                      4.03   0.73     2.47
  SINCE JAN 1     27.54                     23.82   3.72    17.81

SNOWFALL (IN)
  YESTERDAY        0.0           0.0  2002   0.0    0.0      0.0
                                      2001
  MONTH TO DATE    0.0                       0.0    0.0      0.0
  SINCE OCT 1     30.2                      25.8    4.4     32.8
  SINCE JUL 1     30.2                      25.8    4.4     32.8
  SNOW DEPTH       0

DEGREE DAYS
 HEATING
  YESTERDAY        0                         0      0        0
  MONTH TO DATE   24                        17      7        7
  SINCE JUN 1     24                        17      7        7
  SINCE JUL 1   4226                      4748   -522     3768

 COOLING
  YESTERDAY        4                        10     -6       10
  MONTH TO DATE  211                       182     29      204
  SINCE JUN 1    211                       182     29      204
  SINCE JAN 1    300                       251     49      323
..................................................................


WIND (MPH)
  HIGHEST WIND SPEED    12   HIGHEST WIND DIRECTION     W (290)
  HIGHEST GUST SPEED    20   HIGHEST GUST DIRECTION     W (290)
  AVERAGE WIND SPEED     3.6


SKY COVER
  AVERAGE SKY COVER 0.4


WEATHER CONDITIONS
 THE FOLLOWING WEATHER WAS RECORDED YESTERDAY.
  HEAVY RAIN
  LIGHT RAIN
  FOG


RELATIVE HUMIDITY (PERCENT)
 HIGHEST    97           500 AM
 LOWEST     41           700 PM
 AVERAGE    69

..........................................................


THE CENTRAL PARK NY CLIMATE NORMALS FOR TODAY
                         NORMAL    RECORD    YEAR
 MAXIMUM TEMPERATURE (F)   83        96      1991
                                             1969
 MINIMUM TEMPERATURE (F)   67        54      1995
                                             1915
                                             1893


SUNRISE AND SUNSET
JUNE 28 2017..........SUNRISE   527 AM EDT   SUNSET   831 PM EDT
JUNE 29 2017..........SUNRISE   527 AM EDT   SUNSET   831 PM EDT


-  INDICATES NEGATIVE NUMBERS.
R  INDICATES RECORD WAS SET OR TIED.
MM INDICATES DATA IS MISSING.
T  INDICATES TRACE AMOUNT.




$$
