000
CDUS41 KOKX 172132
CLINYC


CLIMATE REPORT
NATIONAL WEATHER SERVICE NEW YORK NY
432 PM EST WED DEC 17 2014


...................................

...THE CENTRAL PARK NY CLIMATE SUMMARY FOR DECEMBER 17 2014...
VALID TODAY AS OF 0400 PM LOCAL TIME.

CLIMATE NORMAL PERIOD 1981 TO 2010
CLIMATE RECORD PERIOD 1869 TO 2014


WEATHER ITEM   OBSERVED TIME   RECORD YEAR NORMAL DEPARTURE LAST
                VALUE   (LST)  VALUE       VALUE  FROM      YEAR
                                                  NORMAL
..................................................................
TEMPERATURE (F)
 TODAY
  MAXIMUM         54   1220 PM  62    2000  42     12       32
  MINIMUM         44    716 AM   1    1919  32     12       24
  AVERAGE         49                        37     12       28

PRECIPITATION (IN)
  TODAY            0.02          2.28 1888   0.13  -0.11     0.19
  MONTH TO DATE    4.85                      2.30   2.55     3.13
  SINCE DEC 1      4.85                      2.30   2.55     3.13
  SINCE JAN 1     52.60                     48.24   4.36    44.60

SNOWFALL (IN)
  TODAY            0.0           6.7  1932   0.2   -0.2      1.5
  MONTH TO DATE    1.0                       2.0   -1.0      8.6
  SINCE OCT 1      1.2                       2.3   -1.1      8.6
  SINCE JUL 1      1.2                       2.3   -1.1      8.6
  SNOW DEPTH       0

DEGREE DAYS
 HEATING
  TODAY           16                        28    -12       37
  MONTH TO DATE  414                       431    -17      477
  SINCE DEC 1    414                       431    -17      477
  SINCE JUL 1   1199                      1264    -65     1285

 COOLING
  TODAY            0                         0      0        0
  MONTH TO DATE    0                         0      0        0
  SINCE DEC 1      0                         0      0        0
  SINCE JAN 1   1128                      1105     23     1271
..................................................................


WIND (MPH)
  HIGHEST WIND SPEED    16   HIGHEST WIND DIRECTION     W (280)
  HIGHEST GUST SPEED    26   HIGHEST GUST DIRECTION     W (290)
  AVERAGE WIND SPEED     4.9


SKY COVER
  AVERAGE SKY COVER 0.8


WEATHER CONDITIONS
 THE FOLLOWING WEATHER WAS RECORDED TODAY.
  LIGHT RAIN
  FOG


RELATIVE HUMIDITY (PERCENT)
 HIGHEST    92           300 AM
 LOWEST     54           100 PM
 AVERAGE    73

..........................................................


THE CENTRAL PARK NY CLIMATE NORMALS FOR TOMORROW
                         NORMAL    RECORD    YEAR
 MAXIMUM TEMPERATURE (F)   42        63      1984
                                             1937
 MINIMUM TEMPERATURE (F)   31        -1      1919


SUNRISE AND SUNSET
DECEMBER 17 2014......SUNRISE   714 AM EST   SUNSET   430 PM EST
DECEMBER 18 2014......SUNRISE   715 AM EST   SUNSET   430 PM EST


-  INDICATES NEGATIVE NUMBERS.
R  INDICATES RECORD WAS SET OR TIED.
MM INDICATES DATA IS MISSING.
T  INDICATES TRACE AMOUNT.




$$
