000
CDUS41 KOKX 262039
CLINYC


CLIMATE REPORT
NATIONAL WEATHER SERVICE NEW YORK NY
439 PM EDT SUN MAR 26 2017


...................................

...THE CENTRAL PARK NY CLIMATE SUMMARY FOR MARCH 26 2017...
VALID TODAY AS OF 0400 PM LOCAL TIME.

CLIMATE NORMAL PERIOD 1981 TO 2010
CLIMATE RECORD PERIOD 1869 TO 2017


WEATHER ITEM   OBSERVED TIME   RECORD YEAR NORMAL DEPARTURE LAST
                VALUE   (LST)  VALUE       VALUE  FROM      YEAR
                                                  NORMAL
..................................................................
TEMPERATURE (F)
 TODAY
  MAXIMUM         42    259 PM  76    1922  53    -11       55
  MINIMUM         37    727 AM  20    1960  38     -1       38
                                      1873
  AVERAGE         40                        46     -6       47

PRECIPITATION (IN)
  TODAY            0.14          1.42 1913   0.15  -0.01     0.00
  MONTH TO DATE    2.75                      3.59  -0.84     0.79
  SINCE MAR 1      2.75                      3.59  -0.84     0.79
  SINCE JAN 1     10.06                     10.33  -0.27     9.60

SNOWFALL (IN)
  TODAY            0.0           1.2  1924   0.1   -0.1      0.0
  MONTH TO DATE    9.7                       3.6    6.1      0.9
  SINCE OCT 1     30.2                      24.9    5.3     32.8
  SINCE JUL 1     30.2                      24.9    5.3     32.8
  SNOW DEPTH       0

DEGREE DAYS
 HEATING
  TODAY           25                        19      6       18
  MONTH TO DATE  693                       607     86      429
  SINCE MAR 1    693                       607     86      429
  SINCE JUL 1   3676                      4129   -453     3176

 COOLING
  TODAY            0                         0      0        0
  MONTH TO DATE    0                         0      0        6
  SINCE MAR 1      0                         0      0        6
  SINCE JAN 1      0                         0      0        6
..................................................................


WIND (MPH)
  HIGHEST WIND SPEED    18   HIGHEST WIND DIRECTION     E (70)
  HIGHEST GUST SPEED    24   HIGHEST GUST DIRECTION     E (70)
  AVERAGE WIND SPEED     9.6


SKY COVER
  AVERAGE SKY COVER 1.0


WEATHER CONDITIONS
 THE FOLLOWING WEATHER WAS RECORDED TODAY.
  RAIN
  LIGHT RAIN
  FOG


RELATIVE HUMIDITY (PERCENT)
 HIGHEST    92           300 AM
 LOWEST     70          1200 AM
 AVERAGE    81

..........................................................


THE CENTRAL PARK NY CLIMATE NORMALS FOR TOMORROW
                         NORMAL    RECORD    YEAR
 MAXIMUM TEMPERATURE (F)   54        83      1998
 MINIMUM TEMPERATURE (F)   38        20      1894


SUNRISE AND SUNSET
MARCH 26 2017.........SUNRISE   649 AM EDT   SUNSET   715 PM EDT
MARCH 27 2017.........SUNRISE   647 AM EDT   SUNSET   716 PM EDT


-  INDICATES NEGATIVE NUMBERS.
R  INDICATES RECORD WAS SET OR TIED.
MM INDICATES DATA IS MISSING.
T  INDICATES TRACE AMOUNT.




$$
