000
CDUS45 KPSR 280817
CLINYL

CLIMATE REPORT
NATIONAL WEATHER SERVICE PHOENIX AZ
115 AM MST SAT FEB 28 2015


...................................

...THE YUMA AZ CLIMATE SUMMARY FOR FEBRUARY 27 2015...

CLIMATE NORMAL PERIOD 1981 TO 2010
CLIMATE RECORD PERIOD 1876 TO 2015


WEATHER ITEM   OBSERVED TIME   RECORD YEAR NORMAL DEPARTURE LAST
                VALUE   (LST)  VALUE       VALUE  FROM      YEAR
                                                  NORMAL
..................................................................
TEMPERATURE (F)
 YESTERDAY
  MAXIMUM         78    439 PM  95    1986  76      2       81
  MINIMUM         52    646 AM  33    1964  52      0       56
  AVERAGE         65                        64      1       69

PRECIPITATION (IN)
  YESTERDAY        0.00          0.64 1905   0.02  -0.02     0.00
  MONTH TO DATE    0.00                      0.38  -0.38     0.00
  SINCE OCT 1      0.63                      1.69  -1.06     1.11
  SINCE JAN 1      0.19                      0.75  -0.56      T

DEGREE DAYS
 HEATING
  YESTERDAY        0                         3     -3        0
  MONTH TO DATE    6                       111   -105       54
  SINCE DEC 1     45                       551   -506      322
  SINCE JUL 1     60                       619   -559      361

 COOLING
  YESTERDAY        0                         2     -2        4
  MONTH TO DATE  109                        32     77       90
  SINCE DEC 1    111                        40     71      107
  SINCE JAN 1    111                        38     73      106
..................................................................


WIND (MPH)
  HIGHEST WIND SPEED    14   HIGHEST WIND DIRECTION     W (290)
  HIGHEST GUST SPEED    18   HIGHEST GUST DIRECTION    NW (310)
  AVERAGE WIND SPEED     5.7


SKY COVER
  AVERAGE SKY COVER 0.4


WEATHER CONDITIONS
 THE FOLLOWING WEATHER WAS RECORDED YESTERDAY.
  HAZE


RELATIVE HUMIDITY (PERCENT)
 HIGHEST    58
 LOWEST     25
 AVERAGE    42

..........................................................


THE YUMA AZ CLIMATE NORMALS FOR TODAY
                         NORMAL    RECORD    YEAR
 MAXIMUM TEMPERATURE (F)   77        97      1986
 MINIMUM TEMPERATURE (F)   52        31      1962


SUNRISE AND SUNSET
FEBRUARY 28 2015......SUNRISE   708 AM MST   SUNSET   635 PM MST
MARCH  1 2015.........SUNRISE   706 AM MST   SUNSET   636 PM MST


-  INDICATES NEGATIVE NUMBERS.
R  INDICATES RECORD WAS SET OR TIED.
MM INDICATES DATA IS MISSING.
T  INDICATES TRACE AMOUNT.

$$
