000
CDUS45 KPSR 120827
CLINYL

CLIMATE REPORT
NATIONAL WEATHER SERVICE PHOENIX AZ
126 AM MST SAT JUL 12 2014


...................................

...THE YUMA AZ CLIMATE SUMMARY FOR JULY 11 2014...

CLIMATE NORMAL PERIOD 1981 TO 2010
CLIMATE RECORD PERIOD 1876 TO 2014


WEATHER ITEM   OBSERVED TIME   RECORD YEAR NORMAL DEPARTURE LAST
                VALUE   (LST)  VALUE       VALUE  FROM      YEAR
                                                  NORMAL
..................................................................
TEMPERATURE (F)
 YESTERDAY
  MAXIMUM        108    343 PM 118    1958 107      1      102
  MINIMUM         81    645 AM  64    1891  82     -1       82
  AVERAGE         95                        94      1       92

PRECIPITATION (IN)
  YESTERDAY        0.00          0.01 1939   0.00   0.00     0.00
  MONTH TO DATE    0.22                      0.04   0.18      T
  SINCE OCT 1      1.40                      2.31  -0.91     1.74
  SINCE JAN 1      0.29                      1.37  -1.08     1.11

DEGREE DAYS
 HEATING
  YESTERDAY        0                         0      0        0
  MONTH TO DATE    0                         0      0        0
  SINCE JUN 1      0                         0      0        0
  SINCE JUL 1      0                         0      0        0

 COOLING
  YESTERDAY       30                        29      1       27
  MONTH TO DATE  342                       315     27      344
  SINCE JUN 1   1151                      1036    115     1149
  SINCE JAN 1   2313                      1948    365     2210
..................................................................


WIND (MPH)
  HIGHEST WIND SPEED    20   HIGHEST WIND DIRECTION    NW (310)
  HIGHEST GUST SPEED    24   HIGHEST GUST DIRECTION    NW (310)
  AVERAGE WIND SPEED     6.3


SKY COVER
  AVERAGE SKY COVER 0.5


WEATHER CONDITIONS
 THE FOLLOWING WEATHER WAS RECORDED YESTERDAY.
  NO SIGNIFICANT WEATHER WAS OBSERVED.


RELATIVE HUMIDITY (PERCENT)
 HIGHEST    28
 LOWEST      8
 AVERAGE    18

..........................................................


THE YUMA AZ CLIMATE NORMALS FOR TODAY
                         NORMAL    RECORD    YEAR
 MAXIMUM TEMPERATURE (F)  107       119      1939
 MINIMUM TEMPERATURE (F)   82        67      1944


SUNRISE AND SUNSET
JULY 12 2014..........SUNRISE   540 AM MST   SUNSET   748 PM MST
JULY 13 2014..........SUNRISE   540 AM MST   SUNSET   748 PM MST


-  INDICATES NEGATIVE NUMBERS.
R  INDICATES RECORD WAS SET OR TIED.
MM INDICATES DATA IS MISSING.
T  INDICATES TRACE AMOUNT.

$$
