000
CDUS45 KPSR 210854
CLINYL

CLIMATE REPORT
NATIONAL WEATHER SERVICE PHOENIX AZ
150 AM MST THU AUG 21 2014


...................................

...THE YUMA AZ CLIMATE SUMMARY FOR AUGUST 20 2014...

CLIMATE NORMAL PERIOD 1981 TO 2010
CLIMATE RECORD PERIOD 1876 TO 2014


WEATHER ITEM   OBSERVED TIME   RECORD YEAR NORMAL DEPARTURE LAST
                VALUE   (LST)  VALUE       VALUE  FROM      YEAR
                                                  NORMAL
..................................................................
TEMPERATURE (F)
 YESTERDAY
  MAXIMUM        103    430 PM 114    1982 106     -3      111
                                      1915
                                      1878
  MINIMUM         82    556 AM  65    1917  82      0       84
                                      1916
  AVERAGE         93                        94     -1       98

PRECIPITATION (IN)
  YESTERDAY        0.00          0.59 1987   0.01  -0.01     0.00
  MONTH TO DATE    0.08                      0.30  -0.22     0.00
  SINCE OCT 1      1.54                      2.86  -1.32     2.21
  SINCE JAN 1      0.43                      1.92  -1.49     1.58

DEGREE DAYS
 HEATING
  YESTERDAY        0                         0      0        0
  MONTH TO DATE    0                         0      0        0
  SINCE JUN 1      0                         0      0        0
  SINCE JUL 1      0                         0      0        0

 COOLING
  YESTERDAY       28                        29     -1       33
  MONTH TO DATE  571                       592    -21      598
  SINCE JUN 1   2358                      2226    132     2349
  SINCE JAN 1   3520                      3138    382     3410
..................................................................


WIND (MPH)
  HIGHEST WIND SPEED    21   HIGHEST WIND DIRECTION     S (190)
  HIGHEST GUST SPEED    24   HIGHEST GUST DIRECTION    SE (140)
  AVERAGE WIND SPEED     9.5


SKY COVER
  AVERAGE SKY COVER 0.5


WEATHER CONDITIONS
 THE FOLLOWING WEATHER WAS RECORDED YESTERDAY.
  HAZE


RELATIVE HUMIDITY (PERCENT)
 HIGHEST    59
 LOWEST     17
 AVERAGE    38

..........................................................


THE YUMA AZ CLIMATE NORMALS FOR TODAY
                         NORMAL    RECORD    YEAR
 MAXIMUM TEMPERATURE (F)  106       115      1969
                                             1961
 MINIMUM TEMPERATURE (F)   82        63      1924
                                             1918


SUNRISE AND SUNSET
AUGUST 21 2014........SUNRISE   606 AM MST   SUNSET   716 PM MST
AUGUST 22 2014........SUNRISE   607 AM MST   SUNSET   715 PM MST


-  INDICATES NEGATIVE NUMBERS.
R  INDICATES RECORD WAS SET OR TIED.
MM INDICATES DATA IS MISSING.
T  INDICATES TRACE AMOUNT.

$$
