000
CDUS45 KPSR 240829
CLINYL

CLIMATE REPORT
NATIONAL WEATHER SERVICE PHOENIX AZ
127 AM MST FRI OCT 24 2014


...................................

...THE YUMA AZ CLIMATE SUMMARY FOR OCTOBER 23 2014...

CLIMATE NORMAL PERIOD 1981 TO 2010
CLIMATE RECORD PERIOD 1876 TO 2014


WEATHER ITEM   OBSERVED TIME   RECORD YEAR NORMAL DEPARTURE LAST
                VALUE   (LST)  VALUE       VALUE  FROM      YEAR
                                                  NORMAL
..................................................................
TEMPERATURE (F)
 YESTERDAY
  MAXIMUM         97    251 PM 102    1959  87     10       92
  MINIMUM         70    708 AM  43    1920  62      8       58
  AVERAGE         84                        75      9       75

PRECIPITATION (IN)
  YESTERDAY        0.00          1.06 1907   0.01  -0.01     0.00
  MONTH TO DATE    0.05                      0.17  -0.12      T
  SINCE OCT 1      0.05                      0.17  -0.12      T
  SINCE JAN 1      2.33                      2.79  -0.46     2.31

DEGREE DAYS
 HEATING
  YESTERDAY        0                         0      0        0
  MONTH TO DATE    0                         0      0        0
  SINCE SEP 1      0                         0      0        0
  SINCE JUL 1      0                         0      0        0

 COOLING
  YESTERDAY       19                        10      9       10
  MONTH TO DATE  409                       322     87      256
  SINCE SEP 1   1226                      1043    183      941
  SINCE JAN 1   5062                      4496    566     4639
..................................................................


WIND (MPH)
  HIGHEST WIND SPEED    12   HIGHEST WIND DIRECTION    NE (30)
  HIGHEST GUST SPEED    14   HIGHEST GUST DIRECTION    NE (30)
  AVERAGE WIND SPEED     3.5


SKY COVER
  AVERAGE SKY COVER 0.2


WEATHER CONDITIONS
 THE FOLLOWING WEATHER WAS RECORDED YESTERDAY.
  NO SIGNIFICANT WEATHER WAS OBSERVED.


RELATIVE HUMIDITY (PERCENT)
 HIGHEST    49
 LOWEST     16
 AVERAGE    33

..........................................................


THE YUMA AZ CLIMATE NORMALS FOR TODAY
                         NORMAL    RECORD    YEAR
 MAXIMUM TEMPERATURE (F)   87       105      1959
 MINIMUM TEMPERATURE (F)   62        45      1923


SUNRISE AND SUNSET
OCTOBER 24 2014.......SUNRISE   649 AM MST   SUNSET   555 PM MST
OCTOBER 25 2014.......SUNRISE   650 AM MST   SUNSET   554 PM MST


-  INDICATES NEGATIVE NUMBERS.
R  INDICATES RECORD WAS SET OR TIED.
MM INDICATES DATA IS MISSING.
T  INDICATES TRACE AMOUNT.

$$
