000
CDUS45 KPSR 040835 RRA
CLINYL

CDUS45 KPSR DDHHMM
CLINYL

CLIMATE REPORT
NATIONAL WEATHER SERVICE PHOENIX AZ
134 AM MST WED MAY 4 2016


...................................

...THE YUMA AZ CLIMATE SUMMARY FOR MAY 3 2016...

CLIMATE NORMAL PERIOD 1981 TO 2010
CLIMATE RECORD PERIOD 1876 TO 2016


WEATHER ITEM   OBSERVED TIME   RECORD YEAR NORMAL DEPARTURE LAST
                VALUE   (LST)  VALUE       VALUE  FROM      YEAR
                                                  NORMAL
..................................................................
TEMPERATURE (F)
 YESTERDAY
  MAXIMUM         95    453 PM 115    1947  91      4       94
  MINIMUM         68    237 AM  44    1915  64      4       72
  AVERAGE         82                        78      4       83

PRECIPITATION (IN)
  YESTERDAY        0.00          0.03 1890   0.00   0.00     0.00
  MONTH TO DATE    0.00                      0.01  -0.01     0.00
  SINCE OCT 1      0.94                      2.19  -1.25     0.95
  SINCE JAN 1      0.80                      1.25  -0.45     0.51

DEGREE DAYS
 HEATING
  YESTERDAY        0                         0      0        0
  MONTH TO DATE    0                         0      0        0
  SINCE MAR 1     22                        63    -41       23
  SINCE JUL 1    598                       686    -88       83

 COOLING
  YESTERDAY       17                        13      4       18
  MONTH TO DATE   37                        38     -1       58
  SINCE MAR 1    489                       408     81      637
  SINCE JAN 1    625                       444    181      748
..................................................................


WIND (MPH)
  HIGHEST WIND SPEED    13   HIGHEST WIND DIRECTION    NE (40)
  HIGHEST GUST SPEED    17   HIGHEST GUST DIRECTION    NE (30)
  AVERAGE WIND SPEED     5.5


SKY COVER
  AVERAGE SKY COVER 0.1


WEATHER CONDITIONS
 THE FOLLOWING WEATHER WAS RECORDED YESTERDAY.
  NO SIGNIFICANT WEATHER WAS OBSERVED.


RELATIVE HUMIDITY (PERCENT)
 HIGHEST    44
 LOWEST     11
 AVERAGE    28

..........................................................


THE YUMA AZ CLIMATE NORMALS FOR TODAY
                         NORMAL    RECORD    YEAR
 MAXIMUM TEMPERATURE (F)   92       108      1947
 MINIMUM TEMPERATURE (F)   65        45      1899


SUNRISE AND SUNSET
MAY  4 2016...........SUNRISE   548 AM MST   SUNSET   723 PM MST
MAY  5 2016...........SUNRISE   547 AM MST   SUNSET   723 PM MST


-  INDICATES NEGATIVE NUMBERS.
R  INDICATES RECORD WAS SET OR TIED.
MM INDICATES DATA IS MISSING.
T  INDICATES TRACE AMOUNT.

$$
