152
CDUS45 KPSR 200805
CLINYL

CLIMATE REPORT
NATIONAL WEATHER SERVICE PHOENIX AZ
104 AM MST MON NOV 20 2017

...................................

...THE YUMA AZ CLIMATE SUMMARY FOR NOVEMBER 19 2017...

CLIMATE NORMAL PERIOD 1981 TO 2010
CLIMATE RECORD PERIOD 1876 TO 2017


WEATHER ITEM   OBSERVED TIME   RECORD YEAR NORMAL DEPARTURE LAST
                VALUE   (LST)  VALUE       VALUE  FROM      YEAR
                                                  NORMAL
..................................................................
TEMPERATURE (F)
 YESTERDAY
  MAXIMUM         76    413 PM  88    2008  76      0       76
                                      2007
                                      1995
  MINIMUM         57    721 AM  32    1893  53      4       51
  AVERAGE         67                        64      3       64

PRECIPITATION (IN)
  YESTERDAY        0.00          0.90 1883   0.01  -0.01     0.00
  MONTH TO DATE    0.07                      0.11  -0.04     0.00
  SINCE OCT 1      0.07                      0.32  -0.25      T
  SINCE JAN 1      2.31                      2.94  -0.63     1.87

DEGREE DAYS
 HEATING
  YESTERDAY        0                         3     -3        1
  MONTH TO DATE    0                        22    -22        2
  SINCE SEP 1      0                        24    -24        2
  SINCE JUL 1      0                        24    -24        2

 COOLING
  YESTERDAY        2                         2      0        0
  MONTH TO DATE  130                        77     53      169
  SINCE SEP 1   1229                      1186     43     1324
  SINCE JAN 1   4997                      4639    358     5071
..................................................................


WIND (MPH)
  HIGHEST WIND SPEED    21   HIGHEST WIND DIRECTION     N (350)
  HIGHEST GUST SPEED    24   HIGHEST GUST DIRECTION     N (360)
  AVERAGE WIND SPEED     9.4


SKY COVER
  AVERAGE SKY COVER 0.0


WEATHER CONDITIONS
 THE FOLLOWING WEATHER WAS RECORDED YESTERDAY.
  NO SIGNIFICANT WEATHER WAS OBSERVED.


RELATIVE HUMIDITY (PERCENT)
 HIGHEST    17
 LOWEST      9
 AVERAGE    13

..........................................................


THE YUMA AZ CLIMATE NORMALS FOR TODAY
                         NORMAL    RECORD    YEAR
 MAXIMUM TEMPERATURE (F)   76        88      2006
 MINIMUM TEMPERATURE (F)   52        32      1886


SUNRISE AND SUNSET
NOVEMBER 20 2017......SUNRISE   713 AM MST   SUNSET   535 PM MST
NOVEMBER 21 2017......SUNRISE   714 AM MST   SUNSET   535 PM MST


-  INDICATES NEGATIVE NUMBERS.
R  INDICATES RECORD WAS SET OR TIED.
MM INDICATES DATA IS MISSING.
T  INDICATES TRACE AMOUNT.

$$
