050
CDUS45 KPSR 250138
CLINYL

CLIMATE REPORT
NATIONAL WEATHER SERVICE PHOENIX AZ
515 PM MST SUN SEP 24 2017


...................................

...THE YUMA AZ CLIMATE SUMMARY FOR SEPTEMBER 24 2017...
VALID TODAY AS OF 0500 PM LOCAL TIME.

CLIMATE NORMAL PERIOD 1981 TO 2010
CLIMATE RECORD PERIOD 1876 TO 2017


WEATHER ITEM   OBSERVED TIME   RECORD YEAR NORMAL DEPARTURE LAST
                VALUE   (LST)  VALUE       VALUE  FROM      YEAR
                                                  NORMAL
..................................................................
TEMPERATURE (F)
 TODAY
  MAXIMUM         87    422 PM 110    1956  99    -12       96
                                      1947
  MINIMUM         67    205 AM  53    1901  74     -7       64
  AVERAGE         77                        86     -9       80

PRECIPITATION (IN)
  TODAY            0.00          0.19 1931   0.01  -0.01     0.00
  MONTH TO DATE    0.45                      0.44   0.01     0.12
  SINCE OCT 1      3.19                      3.47  -0.28     2.01
  SINCE JAN 1      2.24                      2.53  -0.29     1.87

DEGREE DAYS
 HEATING
  TODAY            0                         0      0        0
  MONTH TO DATE    0                         0      0        0
  SINCE SEP 1      0                         0      0        0
  SINCE JUL 1      0                         0      0        0

 COOLING
  TODAY           12                        21     -9       15
  MONTH TO DATE  539                       603    -64      537
  SINCE SEP 1    539                       603    -64      537
  SINCE JAN 1   4307                      4056    251     4284
..................................................................


WIND (MPH)
  HIGHEST WIND SPEED    23   HIGHEST WIND DIRECTION     N (10)
  HIGHEST GUST SPEED    29   HIGHEST GUST DIRECTION     N (10)
  AVERAGE WIND SPEED    11.9


SKY COVER
  AVERAGE SKY COVER 0.0


WEATHER CONDITIONS
 THE FOLLOWING WEATHER WAS RECORDED TODAY.
  NO SIGNIFICANT WEATHER WAS OBSERVED.


RELATIVE HUMIDITY (PERCENT)
 HIGHEST    32
 LOWEST     11
 AVERAGE    22

..........................................................


THE YUMA AZ CLIMATE NORMALS FOR TOMORROW
                         NORMAL    RECORD    YEAR
 MAXIMUM TEMPERATURE (F)   98       112      1963
 MINIMUM TEMPERATURE (F)   74        53      1901


SUNRISE AND SUNSET
SEPTEMBER 24 2017.....SUNRISE   628 AM MST   SUNSET   632 PM MST
SEPTEMBER 25 2017.....SUNRISE   629 AM MST   SUNSET   631 PM MST


-  INDICATES NEGATIVE NUMBERS.
R  INDICATES RECORD WAS SET OR TIED.
MM INDICATES DATA IS MISSING.
T  INDICATES TRACE AMOUNT.

$$
