000
CDUS45 KPSR 060813
CLINYL

CLIMATE REPORT
NATIONAL WEATHER SERVICE PHOENIX AZ
111 AM MST MON JUL 6 2015


...................................

...THE YUMA AZ CLIMATE SUMMARY FOR JULY 5 2015...

CLIMATE NORMAL PERIOD 1981 TO 2010
CLIMATE RECORD PERIOD 1876 TO 2015


WEATHER ITEM   OBSERVED TIME   RECORD YEAR NORMAL DEPARTURE LAST
                VALUE   (LST)  VALUE       VALUE  FROM      YEAR
                                                  NORMAL
..................................................................
TEMPERATURE (F)
 YESTERDAY
  MAXIMUM        105    313 PM 116    1905 107     -2      106
  MINIMUM         84    610 AM  64    1921  81      3       84
                                      1912
  AVERAGE         95                        94      1       95

PRECIPITATION (IN)
  YESTERDAY        0.00          0.32 1968   0.00   0.00     0.02
  MONTH TO DATE    0.06                      0.01   0.05     0.22
  SINCE OCT 1      1.65                      2.28  -0.63     1.40
  SINCE JAN 1      1.21                      1.34  -0.13     0.29

DEGREE DAYS
 HEATING
  YESTERDAY        0                         0      0        0
  MONTH TO DATE    0                         0      0        0
  SINCE JUN 1      0                         0      0        0
  SINCE JUL 1      0                         0      0        0

 COOLING
  YESTERDAY       30                        29      1       30
  MONTH TO DATE  147                       141      6      154
  SINCE JUN 1    937                       862     75      963
  SINCE JAN 1   2016                      1774    242     2125
..................................................................


WIND (MPH)
  HIGHEST WIND SPEED    22   HIGHEST WIND DIRECTION     S (180)
  HIGHEST GUST SPEED    29   HIGHEST GUST DIRECTION     S (180)
  AVERAGE WIND SPEED    14.9


SKY COVER
  AVERAGE SKY COVER 0.0


WEATHER CONDITIONS
 THE FOLLOWING WEATHER WAS RECORDED YESTERDAY.
  NO SIGNIFICANT WEATHER WAS OBSERVED.


RELATIVE HUMIDITY (PERCENT)
 HIGHEST    65
 LOWEST     20
 AVERAGE    43

..........................................................


THE YUMA AZ CLIMATE NORMALS FOR TODAY
                         NORMAL    RECORD    YEAR
 MAXIMUM TEMPERATURE (F)  107       116      1942
                                             1905
 MINIMUM TEMPERATURE (F)   81        63      1938


SUNRISE AND SUNSET
JULY  6 2015..........SUNRISE   537 AM MST   SUNSET   750 PM MST
JULY  7 2015..........SUNRISE   537 AM MST   SUNSET   750 PM MST


-  INDICATES NEGATIVE NUMBERS.
R  INDICATES RECORD WAS SET OR TIED.
MM INDICATES DATA IS MISSING.
T  INDICATES TRACE AMOUNT.

$$
