558
CDUS46 KMTR 230840
CLIOAK


CLIMATE REPORT
NATIONAL WEATHER SERVICE SAN FRANCISCO BAY AREA
140 AM PDT SUN APR 23 2017


...................................

...THE OAKLAND AIRPORT CLIMATE SUMMARY FOR APRIL 22 2017...

CLIMATE NORMAL PERIOD 1981 TO 2010
CLIMATE RECORD PERIOD 1948 TO 2017


WEATHER ITEM   OBSERVED TIME   RECORD YEAR NORMAL DEPARTURE LAST
                VALUE   (LST)  VALUE       VALUE  FROM      YEAR
                                                  NORMAL
..................................................................
TEMPERATURE (F)
 YESTERDAY
  MAXIMUM         67   1241 PM  85    2013  67      0       65
  MINIMUM         49    427 AM  41    1960  49      0       57
  AVERAGE         58                        58      0       61

PRECIPITATION (IN)
  YESTERDAY        0.00          0.38 2007   0.04  -0.04     0.05
  MONTH TO DATE    2.46                      1.05   1.41     0.97
  SINCE OCT 1     28.45                     19.38   9.07    16.51
  SINCE JAN 1     20.02                     12.07   7.95    11.29

SNOWFALL (IN)
  YESTERDAY        0.0                                       0.0
  MONTH TO DATE    0.0                                       0.0
  SINCE MAR 1      0.0                                       0.0
  SINCE JUL 1      0.0                                       0.0

DEGREE DAYS
 HEATING
  YESTERDAY        7                         7      0        4
  MONTH TO DATE  128                       178    -50       76
  SINCE MAR 1    338                       509   -171      293
  SINCE JUL 1   1867                      2531   -664     1768

 COOLING
  YESTERDAY        0                         0      0        0
  MONTH TO DATE    0                         0      0       14
  SINCE MAR 1      1                         1      0       14
  SINCE JAN 1      1                         1      0       15
..................................................................


WIND (MPH)
  RESULTANT WIND SPEED   7   RESULTANT WIND DIRECTION   W (280)
  HIGHEST WIND SPEED    24   HIGHEST WIND DIRECTION     W (280)
  HIGHEST GUST SPEED    27   HIGHEST GUST DIRECTION     W (270)
  AVERAGE WIND SPEED     8.7


SKY COVER
  POSSIBLE SUNSHINE  MM
  AVERAGE SKY COVER 0.5


WEATHER CONDITIONS
 THE FOLLOWING WEATHER WAS RECORDED YESTERDAY.
  NO SIGNIFICANT WEATHER WAS OBSERVED.


RELATIVE HUMIDITY (PERCENT)
 HIGHEST    89           300 AM
 LOWEST     48          1100 AM
 AVERAGE    69

..........................................................


THE OAKLAND AIRPORT CLIMATE NORMALS FOR TODAY
                         NORMAL    RECORD    YEAR
 MAXIMUM TEMPERATURE (F)   67        88      1966
 MINIMUM TEMPERATURE (F)   49        42      1955


SUNRISE AND SUNSET
APRIL 23 2017.........SUNRISE   623 AM PDT   SUNSET   752 PM PDT
APRIL 24 2017.........SUNRISE   621 AM PDT   SUNSET   753 PM PDT


-  INDICATES NEGATIVE NUMBERS.
R  INDICATES RECORD WAS SET OR TIED.
MM INDICATES DATA IS MISSING.
T  INDICATES TRACE AMOUNT.




$$
