000
CDUS46 KMTR 110836
CLIOAK


CLIMATE REPORT
NATIONAL WEATHER SERVICE SAN FRANCISCO BAY AREA
1236 AM PST THU FEB 11 2016


...................................

...THE OAKLAND AIRPORT CLIMATE SUMMARY FOR FEBRUARY 10 2016...

CLIMATE NORMAL PERIOD 1981 TO 2010
CLIMATE RECORD PERIOD 1948 TO 2016


WEATHER ITEM   OBSERVED TIME   RECORD YEAR NORMAL DEPARTURE LAST
                VALUE   (LST)  VALUE       VALUE  FROM      YEAR
                                                  NORMAL
..................................................................
TEMPERATURE (F)
 YESTERDAY
  MAXIMUM         68R   315 PM  68    2006  60      8       63
  MINIMUM         48    728 AM  33    2009  44      4       44
  AVERAGE         58                        52      6       54

PRECIPITATION (IN)
  YESTERDAY        0.00          1.18 2007   0.13  -0.13     0.00
  MONTH TO DATE    T                         1.22  -1.22     1.93
  SINCE OCT 1     10.44                     12.52  -2.08    10.54
  SINCE JAN 1      5.22                      5.21   0.01     1.93

SNOWFALL (IN)
  YESTERDAY        0.0                                       0.0
  MONTH TO DATE    0.0                                       0.0
  SINCE DEC 1      0.0                                       0.0
  SINCE JUL 1      0.0                                       0.0

DEGREE DAYS
 HEATING
  YESTERDAY        7                        13     -6       11
  MONTH TO DATE  102                       138    -36       86
  SINCE DEC 1    952                      1122   -170      811
  SINCE JUL 1   1349                      1797   -448     1148

 COOLING
  YESTERDAY        0                         0      0        0
  MONTH TO DATE    1                         0      1        0
  SINCE DEC 1      1                         0      1        0
  SINCE JAN 1      1                         0      1        0
..................................................................


WIND (MPH)
  RESULTANT WIND SPEED   3   RESULTANT WIND DIRECTION   W (290)
  HIGHEST WIND SPEED    14   HIGHEST WIND DIRECTION    NW (300)
  HIGHEST GUST SPEED    21   HIGHEST GUST DIRECTION     W (250)
  AVERAGE WIND SPEED     4.5


SKY COVER
  POSSIBLE SUNSHINE  MM
  AVERAGE SKY COVER 0.5


WEATHER CONDITIONS
 THE FOLLOWING WEATHER WAS RECORDED YESTERDAY.
  FOG
  HAZE


RELATIVE HUMIDITY (PERCENT)
 HIGHEST    93           600 AM
 LOWEST     52           100 PM
 AVERAGE    73

..........................................................


THE OAKLAND AIRPORT CLIMATE NORMALS FOR TODAY
                         NORMAL    RECORD    YEAR
 MAXIMUM TEMPERATURE (F)   60        74      1971
 MINIMUM TEMPERATURE (F)   44        33      1949


SUNRISE AND SUNSET
FEBRUARY 11 2016......SUNRISE   703 AM PST   SUNSET   543 PM PST
FEBRUARY 12 2016......SUNRISE   702 AM PST   SUNSET   544 PM PST


-  INDICATES NEGATIVE NUMBERS.
R  INDICATES RECORD WAS SET OR TIED.
MM INDICATES DATA IS MISSING.
T  INDICATES TRACE AMOUNT.




$$
