000
CDUS46 KMTR 280832
CLIOAK


CLIMATE REPORT
NATIONAL WEATHER SERVICE SAN FRANCISCO BAY AREA
132 AM PDT THU AUG 28 2014


...................................

...THE OAKLAND AIRPORT CLIMATE SUMMARY FOR AUGUST 27 2014...

CLIMATE NORMAL PERIOD 1981 TO 2010
CLIMATE RECORD PERIOD 1948 TO 2014


WEATHER ITEM   OBSERVED TIME   RECORD YEAR NORMAL DEPARTURE LAST
                VALUE   (LST)  VALUE       VALUE  FROM      YEAR
                                                  NORMAL
..................................................................
TEMPERATURE (F)
 YESTERDAY
  MAXIMUM         77    204 PM  95    1962  75      2       72
  MINIMUM         59    545 AM  51    2005  56      3       59
  AVERAGE         68                        65      3       66

PRECIPITATION (IN)
  YESTERDAY        0.00          0.09 1949   0.00   0.00     0.00
  MONTH TO DATE    T                         0.03  -0.03      T
  SINCE JUL 1      0.01                      0.04  -0.03      T
  SINCE JAN 1      7.99                     13.26  -5.27     2.82

SNOWFALL (IN)
  YESTERDAY        0.0                                       0.0
  MONTH TO DATE    0.0                                       0.0
  SINCE JUN 1      0.0                                       0.0
  SINCE JUL 1      0.0                                       0.0

DEGREE DAYS
 HEATING
  YESTERDAY        0                         2     -2        0
  MONTH TO DATE    4                        54    -50       43
  SINCE JUN 1     96                       240   -144      147
  SINCE JUL 1     25                       137   -112       87

 COOLING
  YESTERDAY        3                         2      1        1
  MONTH TO DATE   51                        20     31       25
  SINCE JUN 1    140                        56     84       89
  SINCE JAN 1    184                        72    112      130
..................................................................


WIND (MPH)
  RESULTANT WIND SPEED   8   RESULTANT WIND DIRECTION  NW (300)
  HIGHEST WIND SPEED    21   HIGHEST WIND DIRECTION     W (280)
  HIGHEST GUST SPEED    22   HIGHEST GUST DIRECTION     W (290)
  AVERAGE WIND SPEED     8.6


SKY COVER
  POSSIBLE SUNSHINE  MM
  AVERAGE SKY COVER 0.2


WEATHER CONDITIONS
 THE FOLLOWING WEATHER WAS RECORDED YESTERDAY.
  NO SIGNIFICANT WEATHER WAS OBSERVED.


RELATIVE HUMIDITY (PERCENT)
 HIGHEST    84          1200 AM
 LOWEST     54          1200 PM
 AVERAGE    69

..........................................................


THE OAKLAND AIRPORT CLIMATE NORMALS FOR TODAY
                         NORMAL    RECORD    YEAR
 MAXIMUM TEMPERATURE (F)   75        94      2009
 MINIMUM TEMPERATURE (F)   56        52      2005


SUNRISE AND SUNSET
AUGUST 28 2014........SUNRISE   636 AM PDT   SUNSET   744 PM PDT
AUGUST 29 2014........SUNRISE   637 AM PDT   SUNSET   742 PM PDT


-  INDICATES NEGATIVE NUMBERS.
R  INDICATES RECORD WAS SET OR TIED.
MM INDICATES DATA IS MISSING.
T  INDICATES TRACE AMOUNT.




$$
