000
CDUS46 KMTR 200832
CLIOAK


CLIMATE REPORT
NATIONAL WEATHER SERVICE SAN FRANCISCO BAY AREA
131 AM PDT SUN APR 20 2014


...................................

...THE OAKLAND AIRPORT CLIMATE SUMMARY FOR APRIL 19 2014...

CLIMATE NORMAL PERIOD 1981 TO 2010
CLIMATE RECORD PERIOD 1948 TO 2014


WEATHER ITEM   OBSERVED TIME   RECORD YEAR NORMAL DEPARTURE LAST
                VALUE   (LST)  VALUE       VALUE  FROM      YEAR
                                                  NORMAL
..................................................................
TEMPERATURE (F)
 YESTERDAY
  MAXIMUM         65    235 PM  85    2009  67     -2       75
                                      1950
  MINIMUM         52   1222 AM  42    1961  49      3       50
  AVERAGE         59                        58      1       63

PRECIPITATION (IN)
  YESTERDAY        0.00          0.19 1953   0.04  -0.04     0.00
  MONTH TO DATE    1.01                      0.92   0.09     1.33
  SINCE JUL 1      9.43                     19.53 -10.10    13.62
  SINCE JAN 1      7.36                     11.94  -4.58     2.63

SNOWFALL (IN)
  YESTERDAY        0.0                                       0.0
  MONTH TO DATE    0.0                                       0.0
  SINCE MAR 1      0.0                                       0.0
  SINCE JUL 1      0.0                                       0.0

DEGREE DAYS
 HEATING
  YESTERDAY        6                         7     -1        2
  MONTH TO DATE  118                       157    -39       82
  SINCE MAR 1    303                       488   -185      333
  SINCE JUL 1   2124                      2510   -386     2239

 COOLING
  YESTERDAY        0                         0      0        0
  MONTH TO DATE    2                         0      2        4
  SINCE MAR 1      3                         1      2        4
  SINCE JAN 1      3                         1      2        4
..................................................................


WIND (MPH)
  RESULTANT WIND SPEED  11   RESULTANT WIND DIRECTION   W (260)
  HIGHEST WIND SPEED    25   HIGHEST WIND DIRECTION     W (270)
  HIGHEST GUST SPEED    38   HIGHEST GUST DIRECTION    NW (300)
  AVERAGE WIND SPEED    11.5


SKY COVER
  POSSIBLE SUNSHINE  MM
  AVERAGE SKY COVER 0.6


WEATHER CONDITIONS
 THE FOLLOWING WEATHER WAS RECORDED YESTERDAY.
  NO SIGNIFICANT WEATHER WAS OBSERVED.


RELATIVE HUMIDITY (PERCENT)
 HIGHEST    86           800 PM
 LOWEST     52          1100 AM
 AVERAGE    69

..........................................................


THE OAKLAND AIRPORT CLIMATE NORMALS FOR TODAY
                         NORMAL    RECORD    YEAR
 MAXIMUM TEMPERATURE (F)   67        91      2009
 MINIMUM TEMPERATURE (F)   49        41      1961


SUNRISE AND SUNSET
APRIL 20 2014.........SUNRISE   627 AM PDT   SUNSET   749 PM PDT
APRIL 21 2014.........SUNRISE   626 AM PDT   SUNSET   750 PM PDT


-  INDICATES NEGATIVE NUMBERS.
R  INDICATES RECORD WAS SET OR TIED.
MM INDICATES DATA IS MISSING.
T  INDICATES TRACE AMOUNT.




$$
