000
CDUS46 KMTR 200832
CLIOAK


CLIMATE REPORT
NATIONAL WEATHER SERVICE SAN FRANCISCO BAY AREA
1232 AM PST THU NOV 20 2014


...................................

...THE OAKLAND AIRPORT CLIMATE SUMMARY FOR NOVEMBER 19 2014...

CLIMATE NORMAL PERIOD 1981 TO 2010
CLIMATE RECORD PERIOD 1948 TO 2014


WEATHER ITEM   OBSERVED TIME   RECORD YEAR NORMAL DEPARTURE LAST
                VALUE   (LST)  VALUE       VALUE  FROM      YEAR
                                                  NORMAL
..................................................................
TEMPERATURE (F)
 YESTERDAY
  MAXIMUM         61    335 PM  74    2005  62     -1       64
  MINIMUM         52    255 AM  35    2000  45      7       53
  AVERAGE         57                        53      4       59

PRECIPITATION (IN)
  YESTERDAY        0.15          1.10 1951   0.09   0.06     0.44
  MONTH TO DATE    0.47                      1.51  -1.04     0.44
  SINCE JUL 1      1.49                      2.99  -1.50     1.06
  SINCE JAN 1      9.47                     16.21  -6.74     3.88

SNOWFALL (IN)
  YESTERDAY        0.0                                       0.0
  MONTH TO DATE    0.0                                       0.0
  SINCE SEP 1      0.0                                       0.0
  SINCE JUL 1      0.0                                       0.0

DEGREE DAYS
 HEATING
  YESTERDAY        8                        12     -4        6
  MONTH TO DATE  135                       179    -44      169
  SINCE SEP 1    203                       391   -188      354
  SINCE JUL 1    228                       531   -303      441

 COOLING
  YESTERDAY        0                         0      0        0
  MONTH TO DATE    0                         0      0        0
  SINCE SEP 1    109                        57     52       68
  SINCE JAN 1    305                       137    168      212
..................................................................


WIND (MPH)
  RESULTANT WIND SPEED   3   RESULTANT WIND DIRECTION  SE (140)
  HIGHEST WIND SPEED    22   HIGHEST WIND DIRECTION     S (170)
  HIGHEST GUST SPEED    25   HIGHEST GUST DIRECTION     S (160)
  AVERAGE WIND SPEED     6.1


SKY COVER
  POSSIBLE SUNSHINE  MM
  AVERAGE SKY COVER 1.0


WEATHER CONDITIONS
 THE FOLLOWING WEATHER WAS RECORDED YESTERDAY.
  LIGHT RAIN
  FOG


RELATIVE HUMIDITY (PERCENT)
 HIGHEST    93           900 PM
 LOWEST     57           900 AM
 AVERAGE    75

..........................................................


THE OAKLAND AIRPORT CLIMATE NORMALS FOR TODAY
                         NORMAL    RECORD    YEAR
 MAXIMUM TEMPERATURE (F)   62        70      2001
 MINIMUM TEMPERATURE (F)   44        34      2000


SUNRISE AND SUNSET
NOVEMBER 20 2014......SUNRISE   654 AM PST   SUNSET   454 PM PST
NOVEMBER 21 2014......SUNRISE   655 AM PST   SUNSET   454 PM PST


-  INDICATES NEGATIVE NUMBERS.
R  INDICATES RECORD WAS SET OR TIED.
MM INDICATES DATA IS MISSING.
T  INDICATES TRACE AMOUNT.




$$
