000
CDUS46 KMTR 240832
CLIOAK


CLIMATE REPORT
NATIONAL WEATHER SERVICE SAN FRANCISCO BAY AREA
132 AM PDT SUN MAY 24 2015


...................................

...THE OAKLAND AIRPORT CLIMATE SUMMARY FOR MAY 23 2015...

CLIMATE NORMAL PERIOD 1981 TO 2010
CLIMATE RECORD PERIOD 1948 TO 2015


WEATHER ITEM   OBSERVED TIME   RECORD YEAR NORMAL DEPARTURE LAST
                VALUE   (LST)  VALUE       VALUE  FROM      YEAR
                                                  NORMAL
..................................................................
TEMPERATURE (F)
 YESTERDAY
  MAXIMUM         62    310 PM  87    1952  68     -6       68
  MINIMUM         53    746 AM  46    2010  52      1       54
                                      2002
  AVERAGE         58                        60     -2       61

PRECIPITATION (IN)
  YESTERDAY        T             0.09 1960   0.01  -0.01     0.00
  MONTH TO DATE    T                         0.57  -0.57      T
  SINCE OCT 1     14.39                     20.24  -5.85     9.44
  SINCE JAN 1      3.17                     12.93  -9.76     7.98

SNOWFALL (IN)
  YESTERDAY        0.0                                       0.0
  MONTH TO DATE    0.0                                       0.0
  SINCE MAR 1      0.0                                       0.0
  SINCE JUL 1      0.0                                       0.0

DEGREE DAYS
 HEATING
  YESTERDAY        7                         6      1        4
  MONTH TO DATE  156                       141     15       57
  SINCE MAR 1    568                       705   -137      423
  SINCE JUL 1   1877                      2727   -850     2244

 COOLING
  YESTERDAY        0                         0      0        0
  MONTH TO DATE    0                         0      0       31
  SINCE MAR 1      4                         6     -2       44
  SINCE JAN 1      4                         6     -2       44
..................................................................


WIND (MPH)
  RESULTANT WIND SPEED  10   RESULTANT WIND DIRECTION  SW (240)
  HIGHEST WIND SPEED    20   HIGHEST WIND DIRECTION     W (250)
  HIGHEST GUST SPEED    23   HIGHEST GUST DIRECTION     W (250)
  AVERAGE WIND SPEED    10.7


SKY COVER
  POSSIBLE SUNSHINE  MM
  AVERAGE SKY COVER 0.8


WEATHER CONDITIONS
 THE FOLLOWING WEATHER WAS RECORDED YESTERDAY.
  LIGHT RAIN


RELATIVE HUMIDITY (PERCENT)
 HIGHEST    83          1200 AM
 LOWEST     60           300 PM
 AVERAGE    72

..........................................................


THE OAKLAND AIRPORT CLIMATE NORMALS FOR TODAY
                         NORMAL    RECORD    YEAR
 MAXIMUM TEMPERATURE (F)   68        80      1949
 MINIMUM TEMPERATURE (F)   52        47      2011
                                             1961


SUNRISE AND SUNSET
MAY 24 2015...........SUNRISE   553 AM PDT   SUNSET   819 PM PDT
MAY 25 2015...........SUNRISE   552 AM PDT   SUNSET   820 PM PDT


-  INDICATES NEGATIVE NUMBERS.
R  INDICATES RECORD WAS SET OR TIED.
MM INDICATES DATA IS MISSING.
T  INDICATES TRACE AMOUNT.




$$
