000
CDUS43 KOAX 262138
CLIOAX


CLIMATE REPORT
NATIONAL WEATHER SERVICE OMAHA NEBRASKA
431 PM CDT THU MAY 26 2016


...................................

...THE VALLEY  NWS, NEBRASKA CLIMATE SUMMARY FOR MAY 26 2016...
VALID TODAY AS OF 400 PM LOCAL TIME.

CLIMATE NORMAL PERIOD 1981 TO 2010
CLIMATE RECORD PERIOD 1997 TO 2016


WEATHER ITEM   OBSERVED TIME   NORMAL DEPARTURE LAST
                VALUE   (LST)  VALUE  FROM      YEAR
                                      NORMAL
......................................................
TEMPERATURE (F)
 TODAY
  MAXIMUM         82    118 PM  76      6       69
  MINIMUM         59    456 AM  56      3       57
  AVERAGE         71            66      5       63

PRECIPITATION (IN)
  TODAY            0.02          0.14  -0.12     0.10
  MONTH TO DATE    6.56          3.80   2.76     5.81
  SINCE MAR 1     14.35          8.83   5.52     9.99
  SINCE JAN 1     16.09         10.54   5.55    11.56

SNOWFALL (IN)
  TODAY            0.0                           0.0
  MONTH TO DATE    0.0                           0.0
  SINCE JUL 1     28.7                          19.3
  SNOW DEPTH       0

DEGREE DAYS
 HEATING
  TODAY            0             2     -2        2
  MONTH TO DATE  129           141    -12      138
  SINCE MAR 1   1011          1408   -397     1126
  SINCE JUL 1   4999          6239  -1240     5855

 COOLING
  TODAY            6             3      3        0
  MONTH TO DATE   30            46    -16       20
  SINCE MAR 1     30            53    -23       24
  SINCE JAN 1     30            53    -23       24
......................................................


WIND (MPH)
  HIGHEST WIND SPEED    MM   HIGHEST WIND DIRECTION    MM
  HIGHEST GUST SPEED    41   HIGHEST GUST DIRECTION    MM



WEATHER CONDITIONS
 THE FOLLOWING WEATHER WAS RECORDED TODAY.
  THUNDERSTORM
  LIGHT RAIN


..........................................................


THE VALLEY  NWS, NEBRASKA CLIMATE NORMALS FOR TOMORROW
                         NORMAL
 MAXIMUM TEMPERATURE (F)   77
 MINIMUM TEMPERATURE (F)   56


SUNRISE AND SUNSET
MAY 26 2016...........SUNRISE   558 AM CDT   SUNSET   848 PM CDT
MAY 27 2016...........SUNRISE   557 AM CDT   SUNSET   849 PM CDT


-  INDICATES NEGATIVE NUMBERS.
R  INDICATES RECORD WAS SET OR TIED.
MM INDICATES DATA IS MISSING.
T  INDICATES TRACE AMOUNT.




$$

KLISH
