739
CDUS43 KOAX 270637
CLIOAX


CLIMATE REPORT
NATIONAL WEATHER SERVICE OMAHA NEBRASKA
136 AM CDT TUE JUN 27 2017


...................................

...THE VALLEY  NWS, NEBRASKA CLIMATE SUMMARY FOR JUNE 26 2017...

CLIMATE NORMAL PERIOD 1981 TO 2010
CLIMATE RECORD PERIOD 1997 TO 2017


WEATHER ITEM   OBSERVED TIME   NORMAL DEPARTURE LAST
                VALUE   (LST)  VALUE  FROM      YEAR
                                      NORMAL
......................................................
TEMPERATURE (F)
 YESTERDAY
  MAXIMUM         76    304 PM  85     -9       88
  MINIMUM         56    603 AM  65     -9       68
  AVERAGE         66            75     -9       78

PRECIPITATION (IN)
  YESTERDAY        0.47          0.16   0.31     0.00
  MONTH TO DATE    2.15          4.53  -2.38     6.78
  SINCE JUN 1      2.15          4.53  -2.38     6.78
  SINCE JAN 1     17.50         15.85   1.65    23.28

SNOWFALL (IN)
  YESTERDAY        0.0                           0.0
  MONTH TO DATE    T                             0.0
  SINCE JUL 1     11.8                          28.7
  SNOW DEPTH      MM

DEGREE DAYS
 HEATING
  YESTERDAY        0             0      0        0
  MONTH TO DATE    0            13    -13        0
  SINCE JUN 1      0            13    -13        0
  SINCE JUL 1   5048          6263  -1215     4999

 COOLING
  YESTERDAY        1            10     -9       13
  MONTH TO DATE  276           192     84      342
  SINCE JUN 1    276           192     84      342
  SINCE JAN 1    340           264     76      395
......................................................


WIND (MPH)
  HIGHEST WIND SPEED    MM   HIGHEST WIND DIRECTION    MM
  HIGHEST GUST SPEED    18   HIGHEST GUST DIRECTION    MM


SKY COVER
  POSSIBLE SUNSHINE  MM


WEATHER CONDITIONS
 THE FOLLOWING WEATHER WAS RECORDED YESTERDAY.
  THUNDERSTORM
  HEAVY RAIN
  RAIN
  LIGHT RAIN


..........................................................


THE VALLEY  NWS, NEBRASKA CLIMATE NORMALS FOR TODAY
                         NORMAL
 MAXIMUM TEMPERATURE (F)   85
 MINIMUM TEMPERATURE (F)   65


SUNRISE AND SUNSET
JUNE 27 2017..........SUNRISE   554 AM CDT   SUNSET   903 PM CDT
JUNE 28 2017..........SUNRISE   555 AM CDT   SUNSET   903 PM CDT


-  INDICATES NEGATIVE NUMBERS.
R  INDICATES RECORD WAS SET OR TIED.
MM INDICATES DATA IS MISSING.
T  INDICATES TRACE AMOUNT.




$$
