000
CDUS43 KOAX 231521 CCA
CLIOAX

CLIMATE REPORT...CORRECTION
NATIONAL WEATHER SERVICE OMAHA NEBRASKA
1249 AM CST MON JAN 23 2017

...CORRECTED SNOWFALL FOR YESTERDAY FROM MM TO 0.0 ...


...................................

...THE VALLEY  NWS, NEBRASKA CLIMATE SUMMARY FOR JANUARY 22 2017...

CLIMATE NORMAL PERIOD 1981 TO 2010
CLIMATE RECORD PERIOD 1997 TO 2017


WEATHER ITEM   OBSERVED TIME   NORMAL DEPARTURE LAST
                VALUE   (LST)  VALUE  FROM      YEAR
                                      NORMAL
......................................................
TEMPERATURE (F)
 YESTERDAY
  MAXIMUM         40    230 PM  33      7       26
  MINIMUM         29   1009 PM  14     15       18
  AVERAGE         35            23     12       22

PRECIPITATION (IN)
  YESTERDAY        0.00          0.02  -0.02      T
  MONTH TO DATE    0.84          0.51   0.33     0.70
  SINCE DEC 1      2.15          1.62   0.53     5.81
  SINCE JAN 1      0.84          0.51   0.33     0.70

SNOWFALL (IN)
  YESTERDAY        0.0                            T
  MONTH TO DATE    0.5                           5.7
  SINCE JUL 1      3.1                          18.1
  SNOW DEPTH       0

DEGREE DAYS
 HEATING
  YESTERDAY       30            42    -12       43
  MONTH TO DATE  865           924    -59      943
  SINCE DEC 1   2043          2134    -91     1907
  SINCE JUL 1   2832          3404   -572     2792

 COOLING
  YESTERDAY        0             0      0        0
  MONTH TO DATE    0             0      0        0
  SINCE DEC 1      0             0      0        0
  SINCE JAN 1      0             0      0        0
......................................................


WIND (MPH)
  HIGHEST WIND SPEED    MM   HIGHEST WIND DIRECTION    MM
  HIGHEST GUST SPEED    24   HIGHEST GUST DIRECTION    MM


SKY COVER
  POSSIBLE SUNSHINE  MM


WEATHER CONDITIONS
 THE FOLLOWING WEATHER WAS RECORDED YESTERDAY.
  FOG


..........................................................


THE VALLEY  NWS, NEBRASKA CLIMATE NORMALS FOR TODAY
                         NORMAL
 MAXIMUM TEMPERATURE (F)   33
 MINIMUM TEMPERATURE (F)   14


SUNRISE AND SUNSET
JANUARY 23 2017.......SUNRISE   744 AM CST   SUNSET   531 PM CST
JANUARY 24 2017.......SUNRISE   743 AM CST   SUNSET   532 PM CST


-  INDICATES NEGATIVE NUMBERS.
R  INDICATES RECORD WAS SET OR TIED.
MM INDICATES DATA IS MISSING.
T  INDICATES TRACE AMOUNT.




$$

COR BY KLISH
