000
CDUS43 KOAX 210651
CLIOAX


CLIMATE REPORT
NATIONAL WEATHER SERVICE OMAHA NEBRASKA
1250 AM CST SUN DEC 21 2014


...................................

...THE VALLEY  NWS, NEBRASKA CLIMATE SUMMARY FOR DECEMBER 20 2014...

CLIMATE NORMAL PERIOD 1981 TO 2010
CLIMATE RECORD PERIOD 1997 TO 2014


WEATHER ITEM   OBSERVED TIME   NORMAL DEPARTURE LAST
                VALUE   (LST)  VALUE  FROM      YEAR
                                      NORMAL
......................................................
TEMPERATURE (F)
 YESTERDAY
  MAXIMUM         35   1159 PM  33      2       18
  MINIMUM         31    305 AM  16     15       12
  AVERAGE         33            24      9       15

PRECIPITATION (IN)
  YESTERDAY        T             0.03  -0.03      T
  MONTH TO DATE    1.10          0.78   0.32     0.18
  SINCE DEC 1      1.10          0.78   0.32     0.18
  SINCE JAN 1     37.58         32.31   5.27    29.09

SNOWFALL (IN)
  YESTERDAY        0.0                           0.1
  MONTH TO DATE    0.1                           3.4
  SINCE JUL 1      3.1                           4.1
  SNOW DEPTH       0

DEGREE DAYS
 HEATING
  YESTERDAY       32            41     -9       50
  MONTH TO DATE  620           754   -134      850
  SINCE DEC 1    620           754   -134      850
  SINCE JUL 1   1937          2024    -87     2069

 COOLING
  YESTERDAY        0             0      0        0
  MONTH TO DATE    0             0      0        0
  SINCE DEC 1      0             0      0        0
  SINCE JAN 1   1039          1075    -36     1237
......................................................


WIND (MPH)
  HIGHEST WIND SPEED    MM   HIGHEST WIND DIRECTION    MM
  HIGHEST GUST SPEED    15   HIGHEST GUST DIRECTION    MM


SKY COVER
  POSSIBLE SUNSHINE  MM


WEATHER CONDITIONS
 THE FOLLOWING WEATHER WAS RECORDED YESTERDAY.
  LT FREEZING RAIN
  FOG


..........................................................


THE VALLEY  NWS, NEBRASKA CLIMATE NORMALS FOR TODAY
                         NORMAL
 MAXIMUM TEMPERATURE (F)   33
 MINIMUM TEMPERATURE (F)   16


SUNRISE AND SUNSET
DECEMBER 21 2014......SUNRISE   748 AM CST   SUNSET   459 PM CST
DECEMBER 22 2014......SUNRISE   748 AM CST   SUNSET   500 PM CST


-  INDICATES NEGATIVE NUMBERS.
R  INDICATES RECORD WAS SET OR TIED.
MM INDICATES DATA IS MISSING.
T  INDICATES TRACE AMOUNT.




$$
