000
CDUS43 KOAX 230645
CLIOAX


CLIMATE REPORT
NATIONAL WEATHER SERVICE OMAHA NEBRASKA
143 AM CDT SAT MAY 23 2015


...................................

...THE VALLEY  NWS, NEBRASKA CLIMATE SUMMARY FOR MAY 22 2015...

CLIMATE NORMAL PERIOD 1981 TO 2010
CLIMATE RECORD PERIOD 1997 TO 2015


WEATHER ITEM   OBSERVED TIME   NORMAL DEPARTURE LAST
                VALUE   (LST)  VALUE  FROM      YEAR
                                      NORMAL
......................................................
TEMPERATURE (F)
 YESTERDAY
  MAXIMUM         67    456 PM  75     -8       73
  MINIMUM         47    538 AM  54     -7       55
  AVERAGE         57            64     -7       64

PRECIPITATION (IN)
  YESTERDAY        0.01          0.15  -0.14     0.36
  MONTH TO DATE    5.41          3.22   2.19     4.19
  SINCE MAR 1      9.59          8.25   1.34     7.21
  SINCE JAN 1     11.16          9.96   1.20     8.25

SNOWFALL (IN)
  YESTERDAY        0.0                           0.0
  MONTH TO DATE    0.0                           0.0
  SINCE JUL 1     19.3                          18.2
  SNOW DEPTH       0

DEGREE DAYS
 HEATING
  YESTERDAY        8             3      5        1
  MONTH TO DATE  130           130      0      148
  SINCE MAR 1   1118          1397   -279     1441
  SINCE JUL 1   5847          6228   -381     6501

 COOLING
  YESTERDAY        0             3     -3        0
  MONTH TO DATE   15            34    -19       41
  SINCE MAR 1     19            41    -22       50
  SINCE JAN 1     19            41    -22       50
......................................................


WIND (MPH)
  HIGHEST WIND SPEED    MM   HIGHEST WIND DIRECTION    MM
  HIGHEST GUST SPEED    21   HIGHEST GUST DIRECTION    MM


SKY COVER
  POSSIBLE SUNSHINE  MM


WEATHER CONDITIONS
 THE FOLLOWING WEATHER WAS RECORDED YESTERDAY.
  LIGHT RAIN


..........................................................


THE VALLEY  NWS, NEBRASKA CLIMATE NORMALS FOR TODAY
                         NORMAL
 MAXIMUM TEMPERATURE (F)   75
 MINIMUM TEMPERATURE (F)   55


SUNRISE AND SUNSET
MAY 23 2015...........SUNRISE   600 AM CDT   SUNSET   845 PM CDT
MAY 24 2015...........SUNRISE   559 AM CDT   SUNSET   846 PM CDT


-  INDICATES NEGATIVE NUMBERS.
R  INDICATES RECORD WAS SET OR TIED.
MM INDICATES DATA IS MISSING.
T  INDICATES TRACE AMOUNT.




$$
