000
CDUS43 KGID 200653
CLIODX


CLIMATE REPORT
NATIONAL WEATHER SERVICE HASTINGS NE
152 AM CDT WED AUG 20 2014


...................................

...THE ORD NE CLIMATE SUMMARY FOR AUGUST 19 2014...

CLIMATE NORMAL PERIOD 1981 TO 2010
CLIMATE RECORD PERIOD 1895 TO 2014


WEATHER ITEM   OBSERVED TIME   NORMAL DEPARTURE LAST
                VALUE   (LST)  VALUE  FROM      YEAR
                                      NORMAL
......................................................
TEMPERATURE (F)
 YESTERDAY
  MAXIMUM         86    319 PM  85      1       86
  MINIMUM         60    555 AM  60      0       61
  AVERAGE         73            73      0       74

PRECIPITATION (IN)
  YESTERDAY        0.00          0.10  -0.10     0.00
  MONTH TO DATE    3.00          2.00   1.00     2.78
  SINCE JUN 1     13.15          9.09   4.06     8.30
  SINCE JAN 1     15.37         17.75  -2.38    18.44

DEGREE DAYS
 HEATING
  YESTERDAY        0             0      0        0
  MONTH TO DATE    0             0      0        0
  SINCE JUN 1     51            42      9       54
  SINCE JUL 1     19             5     14        7

 COOLING
  YESTERDAY        8             8      0        9
  MONTH TO DATE  145           175    -30      104
  SINCE JUN 1    476           634   -158      545
  SINCE JAN 1    545           675   -130      592
......................................................


WIND (MPH)
  HIGHEST WIND SPEED    15   HIGHEST WIND DIRECTION    SE (140)
  HIGHEST GUST SPEED    21   HIGHEST GUST DIRECTION    SE (140)
  AVERAGE WIND SPEED     5.7


SKY COVER
  AVERAGE SKY COVER 0.0


WEATHER CONDITIONS
 THE FOLLOWING WEATHER WAS RECORDED YESTERDAY.
  NO SIGNIFICANT WEATHER WAS OBSERVED.


RELATIVE HUMIDITY (PERCENT)
 HIGHEST    97           600 AM
 LOWEST     51          1100 AM
 AVERAGE    74

..........................................................


THE ORD NE CLIMATE NORMALS FOR TODAY
                         NORMAL
 MAXIMUM TEMPERATURE (F)   85
 MINIMUM TEMPERATURE (F)   60


SUNRISE AND SUNSET
AUGUST 20 2014........SUNRISE   650 AM CDT   SUNSET   828 PM CDT
AUGUST 21 2014........SUNRISE   651 AM CDT   SUNSET   826 PM CDT


-  INDICATES NEGATIVE NUMBERS.
R  INDICATES RECORD WAS SET OR TIED.
MM INDICATES DATA IS MISSING.
T  INDICATES TRACE AMOUNT.




$$
