939
CDUS43 KGID 030632
CLIODX


CLIMATE REPORT
NATIONAL WEATHER SERVICE HASTINGS NE
131 AM CDT TUE MAY 3 2016


...................................

...THE ORD NE CLIMATE SUMMARY FOR MAY 2 2016...

CLIMATE NORMAL PERIOD 1981 TO 2010
CLIMATE RECORD PERIOD 1895 TO 2016


WEATHER ITEM   OBSERVED TIME   NORMAL DEPARTURE LAST
                VALUE   (LST)  VALUE  FROM      YEAR
                                      NORMAL
......................................................
TEMPERATURE (F)
 YESTERDAY
  MAXIMUM         60    540 PM  67     -7       85
  MINIMUM         30    604 AM  42    -12       46
  AVERAGE         45            54     -9       66

PRECIPITATION (IN)
  YESTERDAY        0.00          0.12  -0.12     0.00
  MONTH TO DATE    0.22          0.24  -0.02     0.00
  SINCE MAR 1     10.56          4.28   6.28     2.74
  SINCE JAN 1     11.71          5.09   6.62     3.48

DEGREE DAYS
 HEATING
  YESTERDAY       20            11      9        0
  MONTH TO DATE   39            22     17        2
  SINCE MAR 1   1157          1358   -201     1151
  SINCE JUL 1   5506          6375   -869     6283

 COOLING
  YESTERDAY        0             0      0        1
  MONTH TO DATE    0             0      0        1
  SINCE MAR 1      0             2     -2        5
  SINCE JAN 1      0             2     -2        5
......................................................


WIND (MPH)
  HIGHEST WIND SPEED     9   HIGHEST WIND DIRECTION    SW (210)
  HIGHEST GUST SPEED    13   HIGHEST GUST DIRECTION     N (350)
  AVERAGE WIND SPEED     3.6


SKY COVER
  AVERAGE SKY COVER 0.1


WEATHER CONDITIONS
 THE FOLLOWING WEATHER WAS RECORDED YESTERDAY.
  NO SIGNIFICANT WEATHER WAS OBSERVED.


RELATIVE HUMIDITY (PERCENT)
 HIGHEST    96           100 AM
 LOWEST     39          1200 PM
 AVERAGE    68

..........................................................


THE ORD NE CLIMATE NORMALS FOR TODAY
                         NORMAL
 MAXIMUM TEMPERATURE (F)   67
 MINIMUM TEMPERATURE (F)   42


SUNRISE AND SUNSET
MAY  3 2016...........SUNRISE   629 AM CDT   SUNSET   837 PM CDT
MAY  4 2016...........SUNRISE   628 AM CDT   SUNSET   838 PM CDT


-  INDICATES NEGATIVE NUMBERS.
R  INDICATES RECORD WAS SET OR TIED.
MM INDICATES DATA IS MISSING.
T  INDICATES TRACE AMOUNT.




$$
