000
CDUS43 KGID 050633
CLIODX


CLIMATE REPORT
NATIONAL WEATHER SERVICE HASTINGS NE
1232 AM CST MON DEC 5 2016


...................................

...THE ORD NE CLIMATE SUMMARY FOR DECEMBER 4 2016...

CLIMATE NORMAL PERIOD 1981 TO 2010
CLIMATE RECORD PERIOD 1895 TO 2016


WEATHER ITEM   OBSERVED TIME   NORMAL DEPARTURE LAST
                VALUE   (LST)  VALUE  FROM      YEAR
                                      NORMAL
......................................................
TEMPERATURE (F)
 YESTERDAY
  MAXIMUM         52    332 PM  39     13       52
  MINIMUM         20    753 AM  16      4       20
  AVERAGE         36            28      8       36

PRECIPITATION (IN)
  YESTERDAY        0.00          0.04  -0.04     0.00
  MONTH TO DATE    0.00          0.19  -0.19      T
  SINCE DEC 1      0.00          0.19  -0.19      T
  SINCE JAN 1     30.21         24.54   5.67    22.65

DEGREE DAYS
 HEATING
  YESTERDAY       29            37     -8       29
  MONTH TO DATE  133           147    -14      147
  SINCE DEC 1    133           147    -14      147
  SINCE JUL 1   1249          1628   -379     1286

 COOLING
  YESTERDAY        0             0      0        0
  MONTH TO DATE    0             0      0        0
  SINCE DEC 1      0             0      0        0
  SINCE JAN 1    887           845     42      818
......................................................


WIND (MPH)
  HIGHEST WIND SPEED    16   HIGHEST WIND DIRECTION     W (290)
  HIGHEST GUST SPEED    22   HIGHEST GUST DIRECTION     W (270)
  AVERAGE WIND SPEED     5.8


SKY COVER
  AVERAGE SKY COVER 0.1


WEATHER CONDITIONS
 THE FOLLOWING WEATHER WAS RECORDED YESTERDAY.
  FOG
  FOG W/VISIBILITY <= 1/4 MILE


RELATIVE HUMIDITY (PERCENT)
 HIGHEST    92           100 AM
 LOWEST     24           300 PM
 AVERAGE    58

..........................................................


THE ORD NE CLIMATE NORMALS FOR TODAY
                         NORMAL
 MAXIMUM TEMPERATURE (F)   39
 MINIMUM TEMPERATURE (F)   15


SUNRISE AND SUNSET
DECEMBER  5 2016......SUNRISE   748 AM CST   SUNSET   506 PM CST
DECEMBER  6 2016......SUNRISE   749 AM CST   SUNSET   505 PM CST


-  INDICATES NEGATIVE NUMBERS.
R  INDICATES RECORD WAS SET OR TIED.
MM INDICATES DATA IS MISSING.
T  INDICATES TRACE AMOUNT.




$$
