000
CDUS43 KGID 150626
CLIODX


CLIMATE REPORT
NATIONAL WEATHER SERVICE HASTINGS NE
1225 AM CST FRI DEC 15 2017


...................................

...THE ORD NE CLIMATE SUMMARY FOR DECEMBER 14 2017...

CLIMATE NORMAL PERIOD 1981 TO 2010
CLIMATE RECORD PERIOD 1895 TO 2017


WEATHER ITEM   OBSERVED TIME   NORMAL DEPARTURE LAST
                VALUE   (LST)  VALUE  FROM      YEAR
                                      NORMAL
......................................................
TEMPERATURE (F)
 YESTERDAY
  MAXIMUM         38   1205 PM  36      2       24
  MINIMUM         27   1044 PM  13     14        1
  AVERAGE         33            25      8       13

PRECIPITATION (IN)
  YESTERDAY        0.05          0.00   0.05     0.00
  MONTH TO DATE    0.06          0.43  -0.37     0.01
  SINCE DEC 1      0.06          0.43  -0.37     0.01
  SINCE JAN 1     28.70         24.78   3.92    30.22

DEGREE DAYS
 HEATING
  YESTERDAY       32            40     -8       52
  MONTH TO DATE  412           539   -127      597
  SINCE DEC 1    412           539   -127      597
  SINCE JUL 1   1757          2020   -263     1713

 COOLING
  YESTERDAY        0             0      0        0
  MONTH TO DATE    0             0      0        0
  SINCE DEC 1      0             0      0        0
  SINCE JAN 1    840           845     -5      887
......................................................


WIND (MPH)
  HIGHEST WIND SPEED    25   HIGHEST WIND DIRECTION    NW (330)
  HIGHEST GUST SPEED    33   HIGHEST GUST DIRECTION    NW (320)
  AVERAGE WIND SPEED    11.4


SKY COVER
  AVERAGE SKY COVER 0.8


WEATHER CONDITIONS
 THE FOLLOWING WEATHER WAS RECORDED YESTERDAY.
  LIGHT RAIN
  LIGHT SNOW
  FOG


RELATIVE HUMIDITY (PERCENT)
 HIGHEST    92           900 AM
 LOWEST     69           100 AM
 AVERAGE    81

..........................................................


THE ORD NE CLIMATE NORMALS FOR TODAY
                         NORMAL
 MAXIMUM TEMPERATURE (F)   36
 MINIMUM TEMPERATURE (F)   13


SUNRISE AND SUNSET
DECEMBER 15 2017......SUNRISE   756 AM CST   SUNSET   506 PM CST
DECEMBER 16 2017......SUNRISE   756 AM CST   SUNSET   507 PM CST


-  INDICATES NEGATIVE NUMBERS.
R  INDICATES RECORD WAS SET OR TIED.
MM INDICATES DATA IS MISSING.
T  INDICATES TRACE AMOUNT.




$$
