000
CDUS43 KGID 220700
CLIODX


CLIMATE REPORT
NATIONAL WEATHER SERVICE HASTINGS NE
155 AM CDT TUE AUG 22 2017


...................................

...THE ORD NE CLIMATE SUMMARY FOR AUGUST 21 2017...

CLIMATE NORMAL PERIOD 1981 TO 2010
CLIMATE RECORD PERIOD 1895 TO 2017


WEATHER ITEM   OBSERVED TIME   NORMAL DEPARTURE LAST
                VALUE   (LST)  VALUE  FROM      YEAR
                                      NORMAL
......................................................
TEMPERATURE (F)
 YESTERDAY
  MAXIMUM         84    112 PM  85     -1       84
  MINIMUM         62   1159 PM  60      2       43
  AVERAGE         73            72      1       64

PRECIPITATION (IN)
  YESTERDAY        0.00          0.11  -0.11     0.00
  MONTH TO DATE    5.33          2.22   3.11     0.38
  SINCE JUN 1      8.45          9.31  -0.86    10.56
  SINCE JAN 1     19.57         17.97   1.60    27.10

DEGREE DAYS
 HEATING
  YESTERDAY        0             0      0        1
  MONTH TO DATE    8             0      8        3
  SINCE JUN 1     18            42    -24       13
  SINCE JUL 1      8             5      3       11

 COOLING
  YESTERDAY        8             8      0        0
  MONTH TO DATE   87           191   -104      172
  SINCE JUN 1    684           650     34      726
  SINCE JAN 1    698           691      7      748
......................................................


WIND (MPH)
  HIGHEST WIND SPEED    17   HIGHEST WIND DIRECTION     N (350)
  HIGHEST GUST SPEED    22   HIGHEST GUST DIRECTION     N (10)
  AVERAGE WIND SPEED     6.7


SKY COVER
  AVERAGE SKY COVER 0.4


WEATHER CONDITIONS
 THE FOLLOWING WEATHER WAS RECORDED YESTERDAY.
  FOG
  FOG W/VISIBILITY <= 1/4 MILE


RELATIVE HUMIDITY (PERCENT)
 HIGHEST    97           500 AM
 LOWEST     62           400 PM
 AVERAGE    80

..........................................................


THE ORD NE CLIMATE NORMALS FOR TODAY
                         NORMAL
 MAXIMUM TEMPERATURE (F)   85
 MINIMUM TEMPERATURE (F)   60


SUNRISE AND SUNSET
AUGUST 22 2017........SUNRISE   652 AM CDT   SUNSET   825 PM CDT
AUGUST 23 2017........SUNRISE   653 AM CDT   SUNSET   823 PM CDT


-  INDICATES NEGATIVE NUMBERS.
R  INDICATES RECORD WAS SET OR TIED.
MM INDICATES DATA IS MISSING.
T  INDICATES TRACE AMOUNT.




$$
