000
CDUS43 KGID 012224
CLIODX


CLIMATE REPORT
NATIONAL WEATHER SERVICE HASTINGS NE
523 PM CDT SAT AUG 1 2015


...................................

...THE ORD NE CLIMATE SUMMARY FOR AUGUST 1 2015...
VALID TODAY AS OF 0500 PM LOCAL TIME.

CLIMATE NORMAL PERIOD 1981 TO 2010
CLIMATE RECORD PERIOD 1895 TO 2015


WEATHER ITEM   OBSERVED TIME   NORMAL DEPARTURE LAST
                VALUE   (LST)  VALUE  FROM      YEAR
                                      NORMAL
......................................................
TEMPERATURE (F)
 TODAY
  MAXIMUM         82    359 PM  87     -5       86
  MINIMUM         62    657 AM  62      0       53
  AVERAGE         72            75     -3       70

PRECIPITATION (IN)
  TODAY            0.25          0.09   0.16     0.00
  MONTH TO DATE    0.25          0.09   0.16     0.00
  SINCE JUN 1      6.20          7.18  -0.98    10.15
  SINCE JAN 1     12.66         15.84  -3.18    12.37

DEGREE DAYS
 HEATING
  TODAY            0             0      0        0
  MONTH TO DATE    0             0      0        0
  SINCE JUN 1     11            42    -31       51
  SINCE JUL 1      5             5      0       19

 COOLING
  TODAY            7            10     -3        5
  MONTH TO DATE    7            10     -3        5
  SINCE JUN 1    467           469     -2      336
  SINCE JAN 1    476           510    -34      405
......................................................


WIND (MPH)
  HIGHEST WIND SPEED    24   HIGHEST WIND DIRECTION     N (350)
  HIGHEST GUST SPEED    31   HIGHEST GUST DIRECTION     N (340)
  AVERAGE WIND SPEED     7.9


SKY COVER
  AVERAGE SKY COVER 0.4


WEATHER CONDITIONS
 THE FOLLOWING WEATHER WAS RECORDED TODAY.
  THUNDERSTORM
  HEAVY RAIN
  RAIN
  LIGHT RAIN
  FOG


RELATIVE HUMIDITY (PERCENT)
 HIGHEST    93          1200 AM
 LOWEST     49           400 PM
 AVERAGE    71

..........................................................


THE ORD NE CLIMATE NORMALS FOR TOMORROW
                         NORMAL
 MAXIMUM TEMPERATURE (F)   87
 MINIMUM TEMPERATURE (F)   62


SUNRISE AND SUNSET
AUGUST  1 2015........SUNRISE   630 AM CDT   SUNSET   854 PM CDT
AUGUST  2 2015........SUNRISE   631 AM CDT   SUNSET   852 PM CDT


-  INDICATES NEGATIVE NUMBERS.
R  INDICATES RECORD WAS SET OR TIED.
MM INDICATES DATA IS MISSING.
T  INDICATES TRACE AMOUNT.




$$
