000
CDUS43 KOAX 060628
CLIOFK


CLIMATE REPORT
NATIONAL WEATHER SERVICE OMAHA NEBRASKA
1225 AM CST FRI MAR 6 2015


...................................

...THE NORFOLK, NEBRASKA CLIMATE SUMMARY FOR MARCH 5 2015...

CLIMATE NORMAL PERIOD 1981 TO 2010
CLIMATE RECORD PERIOD 1888 TO 2015


WEATHER ITEM   OBSERVED TIME   RECORD YEAR NORMAL DEPARTURE LAST
                VALUE   (LST)  VALUE       VALUE  FROM      YEAR
                                                  NORMAL
..................................................................
TEMPERATURE (F)
 YESTERDAY
  MAXIMUM         36    516 PM  75    1937  44     -8       31
  MINIMUM         -6    620 AM -13    1960  23    -29       16
  AVERAGE         15                        33    -18       24

PRECIPITATION (IN)
  YESTERDAY        0.00          1.00 1933   0.04  -0.04     0.00
  MONTH TO DATE    T                         0.19  -0.19     0.15
  SINCE MAR 1      T                         0.19  -0.19     0.15
  SINCE JAN 1      0.88                      1.54  -0.66     0.71

SNOWFALL (IN)
  YESTERDAY        0.0                       0.2   -0.2      0.0
  MONTH TO DATE    T                         0.9   -0.9      3.2
  SINCE JUL 1     20.3                      23.7   -3.4     14.6
  SNOW DEPTH       0

DEGREE DAYS
 HEATING
  YESTERDAY       50                        32     18       41
  MONTH TO DATE  218                       164     54      277
  SINCE MAR 1    218                       164     54      277
  SINCE JUL 1   5264                      5257      7     5627

 COOLING
  YESTERDAY        0                         0      0        0
  MONTH TO DATE    0                         0      0        0
  SINCE MAR 1      0                         0      0        0
  SINCE JAN 1      0                         0      0        0
..................................................................


WIND (MPH)
  HIGHEST WIND SPEED    22   HIGHEST WIND DIRECTION     S (190)
  HIGHEST GUST SPEED    29   HIGHEST GUST DIRECTION     S (200)
  AVERAGE WIND SPEED    10.0


SKY COVER
  POSSIBLE SUNSHINE  MM
  AVERAGE SKY COVER 0.2


WEATHER CONDITIONS
 THE FOLLOWING WEATHER WAS RECORDED YESTERDAY.
  NO SIGNIFICANT WEATHER WAS OBSERVED.


RELATIVE HUMIDITY (PERCENT)
 HIGHEST    79           500 AM
 LOWEST     27           400 PM
 AVERAGE    53

..........................................................


THE NORFOLK, NEBRASKA CLIMATE NORMALS FOR TODAY
                         NORMAL    RECORD    YEAR
 MAXIMUM TEMPERATURE (F)   44        79      1987
 MINIMUM TEMPERATURE (F)   23       -12      1962


SUNRISE AND SUNSET
MARCH  6 2015.........SUNRISE   657 AM CST   SUNSET   626 PM CST
MARCH  7 2015.........SUNRISE   655 AM CST   SUNSET   627 PM CST


-  INDICATES NEGATIVE NUMBERS.
R  INDICATES RECORD WAS SET OR TIED.
MM INDICATES DATA IS MISSING.
T  INDICATES TRACE AMOUNT.




$$
