000
CDUS43 KOAX 230621
CLIOFK


CLIMATE REPORT
NATIONAL WEATHER SERVICE OMAHA NEBRASKA
120 AM CDT WED JUL 23 2014


...................................

...THE NORFOLK, NEBRASKA CLIMATE SUMMARY FOR JULY 22 2014...

CLIMATE NORMAL PERIOD 1981 TO 2010
CLIMATE RECORD PERIOD 1888 TO 2014


WEATHER ITEM   OBSERVED TIME   RECORD YEAR NORMAL DEPARTURE LAST
                VALUE   (LST)  VALUE       VALUE  FROM      YEAR
                                                  NORMAL
..................................................................
TEMPERATURE (F)
 YESTERDAY
  MAXIMUM         89    248 PM 107    1901  87      2       96
  MINIMUM         70   1159 PM  46    1942  64      6       68
  AVERAGE         80                        75      5       82

PRECIPITATION (IN)
  YESTERDAY        0.00          1.15 1910   0.11  -0.11     0.00
  MONTH TO DATE    0.92                      2.40  -1.48     0.59
  SINCE JUN 1     12.31                      6.66   5.65     2.77
  SINCE JAN 1     17.80                     16.36   1.44    14.19

SNOWFALL (IN)
  YESTERDAY        0.0                       0.0    0.0      0.0
  MONTH TO DATE    0.0                       0.0    0.0      0.0
  SINCE JUL 1      0.0                       0.0    0.0      0.0
  SNOW DEPTH       0

DEGREE DAYS
 HEATING
  YESTERDAY        0                         0      0        0
  MONTH TO DATE   12                         0     12        0
  SINCE JUN 1     37                        30      7       42
  SINCE JUL 1     12                         0     12        0

 COOLING
  YESTERDAY       15                        10      5       17
  MONTH TO DATE  135                       218    -83      255
  SINCE JUN 1    329                       404    -75      438
  SINCE JAN 1    426                       465    -39      502
..................................................................


WIND (MPH)
  HIGHEST WIND SPEED    24   HIGHEST WIND DIRECTION     N (340)
  HIGHEST GUST SPEED    35   HIGHEST GUST DIRECTION    NW (330)
  AVERAGE WIND SPEED    10.2


SKY COVER
  POSSIBLE SUNSHINE  MM
  AVERAGE SKY COVER 0.0


WEATHER CONDITIONS
 THE FOLLOWING WEATHER WAS RECORDED YESTERDAY.
  NO SIGNIFICANT WEATHER WAS OBSERVED.


RELATIVE HUMIDITY (PERCENT)
 HIGHEST    82           300 AM
 LOWEST     50           100 PM
 AVERAGE    66

..........................................................


THE NORFOLK, NEBRASKA CLIMATE NORMALS FOR TODAY
                         NORMAL    RECORD    YEAR
 MAXIMUM TEMPERATURE (F)   87       104      2012
                                             1936
                                             1901
 MINIMUM TEMPERATURE (F)   64        48      1909
                                             1906
                                             1904


SUNRISE AND SUNSET
JULY 23 2014..........SUNRISE   615 AM CDT   SUNSET   857 PM CDT
JULY 24 2014..........SUNRISE   615 AM CDT   SUNSET   856 PM CDT


-  INDICATES NEGATIVE NUMBERS.
R  INDICATES RECORD WAS SET OR TIED.
MM INDICATES DATA IS MISSING.
T  INDICATES TRACE AMOUNT.




$$
