000
CDUS43 KOAX 290629
CLIOFK


CLIMATE REPORT
NATIONAL WEATHER SERVICE OMAHA NEBRASKA
1227 AM CST MON DEC 29 2014


...................................

...THE NORFOLK, NEBRASKA CLIMATE SUMMARY FOR DECEMBER 28 2014...

CLIMATE NORMAL PERIOD 1981 TO 2010
CLIMATE RECORD PERIOD 1888 TO 2014


WEATHER ITEM   OBSERVED TIME   RECORD YEAR NORMAL DEPARTURE LAST
                VALUE   (LST)  VALUE       VALUE  FROM      YEAR
                                                  NORMAL
..................................................................
TEMPERATURE (F)
 YESTERDAY
  MAXIMUM         26    253 PM  62    2013  32     -6       62
                                      2002
  MINIMUM          6    803 AM -23    1924  13     -7       10
  AVERAGE         16                        22     -6       36

PRECIPITATION (IN)
  YESTERDAY        0.00          0.29 1948   0.02  -0.02      T
  MONTH TO DATE    1.15                      0.69   0.46     0.13
  SINCE DEC 1      1.15                      0.69   0.46     0.13
  SINCE JAN 1     29.66                     27.35   2.31    24.92

SNOWFALL (IN)
  YESTERDAY        0.0                       0.2   -0.2       T
  MONTH TO DATE    5.1                       5.5   -0.4      2.1
  SINCE JUL 1      8.8                      10.4   -1.6      3.0
  SNOW DEPTH       2

DEGREE DAYS
 HEATING
  YESTERDAY       49                        43      6       29
  MONTH TO DATE  950                      1133   -183     1227
  SINCE DEC 1    950                      1133   -183     1227
  SINCE JUL 1   2443                      2578   -135     2613

 COOLING
  YESTERDAY        0                         0      0        0
  MONTH TO DATE    0                         0      0        0
  SINCE DEC 1      0                         0      0        0
  SINCE JAN 1    812                       915   -103     1005
..................................................................


WIND (MPH)
  HIGHEST WIND SPEED    12   HIGHEST WIND DIRECTION    NE (30)
  HIGHEST GUST SPEED    14   HIGHEST GUST DIRECTION    NE (40)
  AVERAGE WIND SPEED     3.6


SKY COVER
  POSSIBLE SUNSHINE  MM
  AVERAGE SKY COVER 0.3


WEATHER CONDITIONS
 THE FOLLOWING WEATHER WAS RECORDED YESTERDAY.
  NO SIGNIFICANT WEATHER WAS OBSERVED.


RELATIVE HUMIDITY (PERCENT)
 HIGHEST    91           300 AM
 LOWEST     68           100 PM
 AVERAGE    80

..........................................................


THE NORFOLK, NEBRASKA CLIMATE NORMALS FOR TODAY
                         NORMAL    RECORD    YEAR
 MAXIMUM TEMPERATURE (F)   32        62      1999
 MINIMUM TEMPERATURE (F)   13       -27      1917


SUNRISE AND SUNSET
DECEMBER 29 2014......SUNRISE   757 AM CST   SUNSET   507 PM CST
DECEMBER 30 2014......SUNRISE   757 AM CST   SUNSET   507 PM CST


-  INDICATES NEGATIVE NUMBERS.
R  INDICATES RECORD WAS SET OR TIED.
MM INDICATES DATA IS MISSING.
T  INDICATES TRACE AMOUNT.




$$
