000
CDUS42 KCAE 160532
CLIOGB


CLIMATE REPORT
NATIONAL WEATHER SERVICE COLUMBIA SC
132 AM EDT WED APR 16 2014


...................................

...THE ORANGEBURG AIRPORT SC CLIMATE SUMMARY FOR APRIL 15 2014...

CLIMATE NORMAL PERIOD 1981 TO 2010
CLIMATE RECORD PERIOD 9999 TO 9999


WEATHER ITEM   OBSERVED TIME   RECORD YEAR NORMAL DEPARTURE LAST
                VALUE   (LST)  VALUE       VALUE  FROM      YEAR
                                                  NORMAL
..................................................................
TEMPERATURE (F)
 YESTERDAY
  MAXIMUM         74    257 PM  MM      MM  76     -2       72
  MINIMUM         49   1159 PM  MM      MM  50     -1       61
  AVERAGE         62                        63     -1       67

PRECIPITATION (IN)
  YESTERDAY        0.37         MM      MM   0.09   0.28     0.02
  MONTH TO DATE    1.28                      1.58  -0.30     1.25
  SINCE MAR 1      4.15                      5.56  -1.41     4.31
  SINCE JAN 1     10.07                     13.13  -3.06    12.47

DEGREE DAYS
 HEATING
  YESTERDAY        3                         4     -1        0
  MONTH TO DATE   25                        72    -47       56
  SINCE MAR 1    411                       349     62      490
  SINCE JUL 1   2275                      2281     -6     2123

 COOLING
  YESTERDAY        0                         2     -2        2
  MONTH TO DATE   31                        25      6       33
  SINCE MAR 1     33                        42     -9       39
  SINCE JAN 1     39                        45     -6       59
..................................................................


WIND (MPH)
  HIGHEST WIND SPEED    22   HIGHEST WIND DIRECTION    SW (210)
  HIGHEST GUST SPEED    28   HIGHEST GUST DIRECTION    NW (300)
  AVERAGE WIND SPEED    10.9


SKY COVER
  AVERAGE SKY COVER 1.0


WEATHER CONDITIONS
 THE FOLLOWING WEATHER WAS RECORDED YESTERDAY.
  HEAVY RAIN
  LIGHT RAIN
  FOG


RELATIVE HUMIDITY (PERCENT)
 HIGHEST    93           800 AM
 LOWEST     50          1100 PM

..........................................................


THE ORANGEBURG AIRPORT SC CLIMATE NORMALS FOR TODAY
                         NORMAL    RECORD    YEAR
 MAXIMUM TEMPERATURE (F)   77        MM        MM
 MINIMUM TEMPERATURE (F)   50        MM        MM


SUNRISE AND SUNSET
APRIL 16 2014.........SUNRISE   652 AM EDT   SUNSET   755 PM EDT
APRIL 17 2014.........SUNRISE   651 AM EDT   SUNSET   756 PM EDT


-  INDICATES NEGATIVE NUMBERS.
R  INDICATES RECORD WAS SET OR TIED.
MM INDICATES DATA IS MISSING.
T  INDICATES TRACE AMOUNT.




$$
