000
CDUS42 KCAE 210551
CLIOGB


CLIMATE REPORT
NATIONAL WEATHER SERVICE COLUMBIA SC
1250 AM EST SAT JAN 21 2017


...................................

...THE ORANGEBURG AIRPORT SC CLIMATE SUMMARY FOR JANUARY 20 2017...

CLIMATE NORMAL PERIOD 1981 TO 2010
CLIMATE RECORD PERIOD 9999 TO 9999


WEATHER ITEM   OBSERVED TIME   NORMAL DEPARTURE LAST
                VALUE   (LST)  VALUE  FROM      YEAR
                                      NORMAL
......................................................
TEMPERATURE (F)
 YESTERDAY
  MAXIMUM         76    415 PM  57     19       50
  MINIMUM         55    225 AM  35     20       24
  AVERAGE         66            46     20       37

PRECIPITATION (IN)
  YESTERDAY        T             0.12  -0.12      T
  MONTH TO DATE    2.38          2.39  -0.01     1.04
  SINCE DEC 1      6.78          5.71   1.07     5.83
  SINCE JAN 1      2.38          2.39  -0.01     1.04

DEGREE DAYS
 HEATING
  YESTERDAY        0            19    -19       28
  MONTH TO DATE  213           392   -179      396
  SINCE DEC 1    660           927   -267      547
  SINCE JUL 1    965          1296   -331      768

 COOLING
  YESTERDAY        1             0      1        0
  MONTH TO DATE    7             0      7        0
  SINCE DEC 1     11             4      7       69
  SINCE JAN 1      7             0      7        0
......................................................


WIND (MPH)
  HIGHEST WIND SPEED    16   HIGHEST WIND DIRECTION     W (260)
  HIGHEST GUST SPEED    22   HIGHEST GUST DIRECTION    SW (240)
  AVERAGE WIND SPEED     6.7


SKY COVER
  AVERAGE SKY COVER 0.4


WEATHER CONDITIONS
 THE FOLLOWING WEATHER WAS RECORDED YESTERDAY.
  LIGHT RAIN


RELATIVE HUMIDITY (PERCENT)
 HIGHEST    93           300 AM
 LOWEST     57           300 PM

..........................................................


THE ORANGEBURG AIRPORT SC CLIMATE NORMALS FOR TODAY
                         NORMAL    RECORD    YEAR
 MAXIMUM TEMPERATURE (F)   57        MM        MM
 MINIMUM TEMPERATURE (F)   36        MM        MM


SUNRISE AND SUNSET
JANUARY 21 2017.......SUNRISE   725 AM EST   SUNSET   545 PM EST
JANUARY 22 2017.......SUNRISE   725 AM EST   SUNSET   545 PM EST


-  INDICATES NEGATIVE NUMBERS.
R  INDICATES RECORD WAS SET OR TIED.
MM INDICATES DATA IS MISSING.
T  INDICATES TRACE AMOUNT.




$$
