000
CDHW42 PHFO 171245
CLIOGG


CLIMATE REPORT
NATIONAL WEATHER SERVICE HONOLULU HI
245 AM HST THU APR 17 2014


...................................

...THE KAHULUI HI CLIMATE SUMMARY FOR APRIL 16 2014...

CLIMATE NORMAL PERIOD 1981 TO 2010
CLIMATE RECORD PERIOD 1946 TO 2014


WEATHER ITEM   OBSERVED TIME   RECORD YEAR NORMAL DEPARTURE LAST
                VALUE   (LST)  VALUE       VALUE  FROM      YEAR
                                                  NORMAL
..................................................................
TEMPERATURE (F)
 YESTERDAY
  MAXIMUM         81    326 PM  90    1952  82     -1       89
  MINIMUM         69    530 AM  58    1952  66      3       64
  AVERAGE         75                        74      1       77

PRECIPITATION (IN)
  YESTERDAY        0.13          0.48 1979   0.05   0.08     0.00
  MONTH TO DATE    1.64                      0.98   0.66      T
  SINCE MAR 1      5.39                      3.43   1.96     1.18
  SINCE JAN 1     12.04                      8.19   3.85     6.13

SNOWFALL (IN)
  YESTERDAY        0.0
  MONTH TO DATE    0.0
  SINCE MAR 1      0.0
  SINCE JUL 1      0.0
  SNOW DEPTH       0

DEGREE DAYS
 HEATING
  YESTERDAY        0                         0      0        0
  MONTH TO DATE    0                         0      0        0
  SINCE MAR 1      0                         0      0        0
  SINCE JUL 1      0                         0      0        0

 COOLING
  YESTERDAY       10                         9      1       12
  MONTH TO DATE  153                       144      9      152
  SINCE MAR 1    446                       389     57      385
  SINCE JAN 1    957                       798    159      818
..................................................................


WIND (MPH)
  HIGHEST WIND SPEED    28   HIGHEST WIND DIRECTION    NE (50)
  HIGHEST GUST SPEED    36   HIGHEST GUST DIRECTION    NE (40)
  AVERAGE WIND SPEED    15.2


SKY COVER
  POSSIBLE SUNSHINE  MM
  AVERAGE SKY COVER 0.5


WEATHER CONDITIONS
 THE FOLLOWING WEATHER WAS RECORDED YESTERDAY.
  HEAVY RAIN
  LIGHT RAIN
  FOG


RELATIVE HUMIDITY (PERCENT)
 HIGHEST    90           300 AM
 LOWEST     58           300 PM
 AVERAGE    74

..........................................................


THE KAHULUI HI CLIMATE NORMALS FOR TODAY
                         NORMAL    RECORD    YEAR
 MAXIMUM TEMPERATURE (F)   82        91      1981
 MINIMUM TEMPERATURE (F)   66        58      1952


SUNRISE AND SUNSET
APRIL 17 2014.........SUNRISE   605 AM HST   SUNSET   645 PM HST
APRIL 18 2014.........SUNRISE   604 AM HST   SUNSET   646 PM HST


-  INDICATES NEGATIVE NUMBERS.
R  INDICATES RECORD WAS SET OR TIED.
MM INDICATES DATA IS MISSING.
T  INDICATES TRACE AMOUNT.




$$
