000
CDHW42 PHFO 030237
CLIOGG


CLIMATE REPORT
NATIONAL WEATHER SERVICE HONOLULU HI
437 PM HST MON MAR 2 2015


...................................

...THE KAHULUI HI CLIMATE SUMMARY FOR MARCH 2 2015...
VALID TODAY AS OF 0400 PM LOCAL TIME.

CLIMATE NORMAL PERIOD 1981 TO 2010
CLIMATE RECORD PERIOD 1946 TO 2015


WEATHER ITEM   OBSERVED TIME   RECORD YEAR NORMAL DEPARTURE LAST
                VALUE   (LST)  VALUE       VALUE  FROM      YEAR
                                                  NORMAL
..................................................................
TEMPERATURE (F)
 TODAY
  MAXIMUM         83    232 PM  88    2006  81      2       75
  MINIMUM         71    711 AM  55    1983  63      8       68
                                      1950
  AVERAGE         77                        72      5       72

PRECIPITATION (IN)
  TODAY            0.45          0.77 2014   0.06   0.39     0.77
  MONTH TO DATE    2.71                      0.13   2.58     0.82
  SINCE MAR 1      2.71                      0.13   2.58     0.82
  SINCE JAN 1      7.02                      4.89   2.13     7.47

SNOWFALL (IN)
  TODAY            0.0
  MONTH TO DATE    0.0
  SINCE MAR 1      0.0
  SINCE JUL 1      0.0
  SNOW DEPTH       0

DEGREE DAYS
 HEATING
  TODAY            0                         0      0        0
  MONTH TO DATE    0                         0      0        0
  SINCE MAR 1      0                         0      0        0
  SINCE JUL 1      0                         0      0        0

 COOLING
  TODAY           12                         7      5        7
  MONTH TO DATE   23                        14      9       19
  SINCE MAR 1     23                        14      9       19
  SINCE JAN 1    427                       423      4      530
..................................................................


WIND (MPH)
  HIGHEST WIND SPEED    26   HIGHEST WIND DIRECTION     N (20)
  HIGHEST GUST SPEED    31   HIGHEST GUST DIRECTION     N (20)
  AVERAGE WIND SPEED    13.4


SKY COVER
  POSSIBLE SUNSHINE  MM
  AVERAGE SKY COVER 0.5


WEATHER CONDITIONS
 THE FOLLOWING WEATHER WAS RECORDED TODAY.
  HEAVY RAIN
  LIGHT RAIN
  FOG


RELATIVE HUMIDITY (PERCENT)
 HIGHEST    90           100 AM
 LOWEST     63           300 PM
 AVERAGE    77

..........................................................


THE KAHULUI HI CLIMATE NORMALS FOR TOMORROW
                         NORMAL    RECORD    YEAR
 MAXIMUM TEMPERATURE (F)   81        88      2006
                                             1951
 MINIMUM TEMPERATURE (F)   63        57      2003
                                             1967
                                             1952


SUNRISE AND SUNSET
MARCH  2 2015.........SUNRISE   645 AM HST   SUNSET   631 PM HST
MARCH  3 2015.........SUNRISE   644 AM HST   SUNSET   631 PM HST


-  INDICATES NEGATIVE NUMBERS.
R  INDICATES RECORD WAS SET OR TIED.
MM INDICATES DATA IS MISSING.
T  INDICATES TRACE AMOUNT.




$$
