000
CDHW42 PHFO 281245
CLIOGG


CLIMATE REPORT
NATIONAL WEATHER SERVICE HONOLULU HI
245 AM HST SAT MAR 28 2015


...................................

...THE KAHULUI HI CLIMATE SUMMARY FOR MARCH 27 2015...

CLIMATE NORMAL PERIOD 1981 TO 2010
CLIMATE RECORD PERIOD 1946 TO 2015


WEATHER ITEM   OBSERVED TIME   RECORD YEAR NORMAL DEPARTURE LAST
                VALUE   (LST)  VALUE       VALUE  FROM      YEAR
                                                  NORMAL
..................................................................
TEMPERATURE (F)
 YESTERDAY
  MAXIMUM         83    123 PM  88    1981  82      1       86
                                      1953
  MINIMUM         70    635 AM  56    1965  65      5       65
  AVERAGE         77                        73      4       76

PRECIPITATION (IN)
  YESTERDAY        0.00          2.18 1979   0.09  -0.09     0.00
  MONTH TO DATE    9.00                      2.12   6.88     3.14
  SINCE MAR 1      9.00                      2.12   6.88     3.14
  SINCE JAN 1     13.31                      6.88   6.43     9.79

SNOWFALL (IN)
  YESTERDAY        0.0
  MONTH TO DATE    0.0
  SINCE MAR 1      0.0
  SINCE JUL 1      0.0
  SNOW DEPTH       0

DEGREE DAYS
 HEATING
  YESTERDAY        0                         0      0        0
  MONTH TO DATE    0                         0      0        0
  SINCE MAR 1      0                         0      0        0
  SINCE JUL 1      0                         0      0        0

 COOLING
  YESTERDAY       12                         8      4       11
  MONTH TO DATE  193                       208    -15      253
  SINCE MAR 1    193                       208    -15      253
  SINCE JAN 1    597                       617    -20      764
..................................................................


WIND (MPH)
  HIGHEST WIND SPEED    25   HIGHEST WIND DIRECTION    NE (60)
  HIGHEST GUST SPEED    31   HIGHEST GUST DIRECTION    NE (60)
  AVERAGE WIND SPEED    15.3


SKY COVER
  POSSIBLE SUNSHINE  MM
  AVERAGE SKY COVER 0.2


WEATHER CONDITIONS
 THE FOLLOWING WEATHER WAS RECORDED YESTERDAY.
  NO SIGNIFICANT WEATHER WAS OBSERVED.


RELATIVE HUMIDITY (PERCENT)
 HIGHEST    78           600 AM
 LOWEST     54          1100 AM
 AVERAGE    66

..........................................................


THE KAHULUI HI CLIMATE NORMALS FOR TODAY
                         NORMAL    RECORD    YEAR
 MAXIMUM TEMPERATURE (F)   82        88      1978
                                             1954
 MINIMUM TEMPERATURE (F)   65        58      1965


SUNRISE AND SUNSET
MARCH 28 2015.........SUNRISE   623 AM HST   SUNSET   639 PM HST
MARCH 29 2015.........SUNRISE   622 AM HST   SUNSET   640 PM HST


-  INDICATES NEGATIVE NUMBERS.
R  INDICATES RECORD WAS SET OR TIED.
MM INDICATES DATA IS MISSING.
T  INDICATES TRACE AMOUNT.




$$
