000
CDHW42 PHFO 190250
CLIOGG


CLIMATE REPORT
NATIONAL WEATHER SERVICE HONOLULU HI
448 PM HST WED OCT 18 2017


...................................

...THE KAHULUI HI CLIMATE SUMMARY FOR OCTOBER 18 2017...
VALID TODAY AS OF 0400 PM LOCAL TIME.

CLIMATE NORMAL PERIOD 1981 TO 2010
CLIMATE RECORD PERIOD 1946 TO 2017


WEATHER ITEM   OBSERVED TIME   RECORD YEAR NORMAL DEPARTURE LAST
                VALUE   (LST)  VALUE       VALUE  FROM      YEAR
                                                  NORMAL
..................................................................
TEMPERATURE (F)
 TODAY
  MAXIMUM         88    109 PM  93    1951  87      1       89
  MINIMUM         73    504 AM  60    1953  70      3       74
  AVERAGE         81                        78      3       82

PRECIPITATION (IN)
  TODAY            T             2.48 1985   0.04  -0.04     0.06
  MONTH TO DATE    0.34                      0.57  -0.23     0.17
  SINCE SEP 1      0.40                      0.95  -0.55     1.41
  SINCE JAN 1     15.50                     11.65   3.85    11.22

SNOWFALL (IN)
  TODAY            0.0
  MONTH TO DATE    0.0
  SINCE SEP 1      0.0
  SINCE JUL 1      0.0
  SNOW DEPTH      MM

DEGREE DAYS
 HEATING
  TODAY            0                         0      0        0
  MONTH TO DATE    0                         0      0        0
  SINCE SEP 1      0                         0      0        0
  SINCE JUL 1      0                         0      0        0

 COOLING
  TODAY           16                        13      3       17
  MONTH TO DATE  234                       243     -9      278
  SINCE SEP 1    698                       669     29      766
  SINCE JAN 1   3462                      3211    251     3667
..................................................................


WIND (MPH)
  HIGHEST WIND SPEED    26   HIGHEST WIND DIRECTION    NE (40)
  HIGHEST GUST SPEED    35   HIGHEST GUST DIRECTION     E (80)
  AVERAGE WIND SPEED    MM


SKY COVER
  POSSIBLE SUNSHINE  MM
  AVERAGE SKY COVER  MM


WEATHER CONDITIONS
 THE FOLLOWING WEATHER WAS RECORDED TODAY.
  NO SIGNIFICANT WEATHER WAS OBSERVED.


RELATIVE HUMIDITY (PERCENT)
 HIGHEST    MM
 LOWEST     MM
 AVERAGE    MM

..........................................................


THE KAHULUI HI CLIMATE NORMALS FOR TOMORROW
                         NORMAL    RECORD    YEAR
 MAXIMUM TEMPERATURE (F)   87        94      1984
 MINIMUM TEMPERATURE (F)   69        60      1957


SUNRISE AND SUNSET
OCTOBER 18 2017.......SUNRISE   622 AM HST   SUNSET   559 PM HST
OCTOBER 19 2017.......SUNRISE   623 AM HST   SUNSET   558 PM HST


-  INDICATES NEGATIVE NUMBERS.
R  INDICATES RECORD WAS SET OR TIED.
MM INDICATES DATA IS MISSING.
T  INDICATES TRACE AMOUNT.




$$
