000
CDHW42 PHFO 151245
CLIOGG


CLIMATE REPORT
NATIONAL WEATHER SERVICE HONOLULU HI
245 AM HST FRI DEC 15 2017


...................................

...THE KAHULUI HI CLIMATE SUMMARY FOR DECEMBER 14 2017...

CLIMATE NORMAL PERIOD 1981 TO 2010
CLIMATE RECORD PERIOD 1946 TO 2017


WEATHER ITEM   OBSERVED TIME   RECORD YEAR NORMAL DEPARTURE LAST
                VALUE   (LST)  VALUE       VALUE  FROM      YEAR
                                                  NORMAL
..................................................................
TEMPERATURE (F)
 YESTERDAY
  MAXIMUM         78   1231 PM  87    2010  82     -4       81
                                      1991
                                      1949
  MINIMUM         66   1026 PM  57    2002  65      1       64
  AVERAGE         72                        73     -1       73

PRECIPITATION (IN)
  YESTERDAY        0.11          1.00 1996   0.12  -0.01      T
  MONTH TO DATE    0.41                      1.47  -1.06     3.62
  SINCE DEC 1      0.41                      1.47  -1.06     3.62
  SINCE JAN 1     18.44                     15.95   2.49    15.88

SNOWFALL (IN)
  YESTERDAY        0.0
  MONTH TO DATE    0.0
  SINCE DEC 1      0.0
  SINCE JUL 1      0.0
  SNOW DEPTH      MM

DEGREE DAYS
 HEATING
  YESTERDAY        0                         0      0        0
  MONTH TO DATE    0                         0      0        0
  SINCE DEC 1      0                         0      0        0
  SINCE JUL 1      0                         0      0        0

 COOLING
  YESTERDAY        7                         8     -1        8
  MONTH TO DATE  108                       127    -19      140
  SINCE DEC 1    108                       127    -19      140
  SINCE JAN 1   4054                      3834    220     4348
..................................................................


WIND (MPH)
  HIGHEST WIND SPEED    31   HIGHEST WIND DIRECTION    NE (30)
  HIGHEST GUST SPEED    36   HIGHEST GUST DIRECTION     N (20)
  AVERAGE WIND SPEED    23.6


SKY COVER
  POSSIBLE SUNSHINE  MM
  AVERAGE SKY COVER  MM


WEATHER CONDITIONS
 THE FOLLOWING WEATHER WAS RECORDED YESTERDAY.
  FOG
  HAZE


RELATIVE HUMIDITY (PERCENT)
 HIGHEST    MM
 LOWEST     MM
 AVERAGE    MM

..........................................................


THE KAHULUI HI CLIMATE NORMALS FOR TODAY
                         NORMAL    RECORD    YEAR
 MAXIMUM TEMPERATURE (F)   82        88      1949
 MINIMUM TEMPERATURE (F)   65        55      1953


SUNRISE AND SUNSET
DECEMBER 15 2017......SUNRISE   655 AM HST   SUNSET   547 PM HST
DECEMBER 16 2017......SUNRISE   655 AM HST   SUNSET   548 PM HST


-  INDICATES NEGATIVE NUMBERS.
R  INDICATES RECORD WAS SET OR TIED.
MM INDICATES DATA IS MISSING.
T  INDICATES TRACE AMOUNT.




$$
