000
CDHW42 PHFO 311247
CLIOGG


CLIMATE REPORT
NATIONAL WEATHER SERVICE
1245 PM UTC FRI JUL 31 2015


...................................

...THE KAHULUI HI CLIMATE SUMMARY FOR JULY 30 2015...

CLIMATE NORMAL PERIOD 1981 TO 2010
CLIMATE RECORD PERIOD 1946 TO 2015


WEATHER ITEM   OBSERVED TIME   RECORD YEAR NORMAL DEPARTURE LAST
                VALUE   (LST)  VALUE       VALUE  FROM      YEAR
                                                  NORMAL
..................................................................
TEMPERATURE (F)
 YESTERDAY
  MAXIMUM         92    131 PM  96    1951  88      4       90
  MINIMUM         72    605 AM  58    1965  72      0       64
  AVERAGE         82                        80      2       77

PRECIPITATION (IN)
  YESTERDAY        0.00          0.24 1968   0.02  -0.02     0.02
  MONTH TO DATE    0.84                      0.48   0.36     0.93
  SINCE JUN 1      0.84                      0.68   0.16     1.22
  SINCE JAN 1     17.80                     10.18   7.62    15.18

SNOWFALL (IN)
  YESTERDAY        0.0
  MONTH TO DATE    0.0
  SINCE JUN 1      0.0
  SINCE JUL 1      0.0
  SNOW DEPTH      MM

DEGREE DAYS
 HEATING
  YESTERDAY        0                         0      0        0
  MONTH TO DATE    0                         0      0        0
  SINCE JUN 1      0                         0      0        0
  SINCE JUL 1      0                         0      0        0

 COOLING
  YESTERDAY       17                        15      2       12
  MONTH TO DATE  374                       424    -50      464
  SINCE JUN 1    374                       812   -438      883
  SINCE JAN 1   1520                      2071   -551     2379
..................................................................


WIND (MPH)
  HIGHEST WIND SPEED    28   HIGHEST WIND DIRECTION    NE (60)
  HIGHEST GUST SPEED    37   HIGHEST GUST DIRECTION    NE (60)
  AVERAGE WIND SPEED    15.5


SKY COVER
  POSSIBLE SUNSHINE  MM
  AVERAGE SKY COVER  MM


WEATHER CONDITIONS
 THE FOLLOWING WEATHER WAS RECORDED YESTERDAY.
  NO SIGNIFICANT WEATHER WAS OBSERVED.


RELATIVE HUMIDITY (PERCENT)
 HIGHEST    MM
 LOWEST     MM
 AVERAGE    MM

..........................................................


THE KAHULUI HI CLIMATE NORMALS FOR TODAY
                         NORMAL    RECORD    YEAR
 MAXIMUM TEMPERATURE (F)   88        92      1997
                                             1981
                                             1951
 MINIMUM TEMPERATURE (F)   72        61      1972
                                             1965


SUNRISE AND SUNSET
JULY 31 2015..........SUNRISE   559 AM HST   SUNSET   705 PM HST
AUGUST  1 2015........SUNRISE   600 AM HST   SUNSET   704 PM HST


-  INDICATES NEGATIVE NUMBERS.
R  INDICATES RECORD WAS SET OR TIED.
MM INDICATES DATA IS MISSING.
T  INDICATES TRACE AMOUNT.




$$
