000
CDUS43 KEAX 040644
CLIOJC


CLIMATE REPORT
NATIONAL WEATHER SERVICE KANSAS CITY/PLEASANT HILL MO
142 AM CDT WED MAY 4 2016


...................................

...THE JOHNSON COUNTY EXECUTIVE KS CLIMATE SUMMARY FOR MAY 3 2016...

CLIMATE NORMAL PERIOD 1981 TO 2010
CLIMATE RECORD PERIOD 9999 TO 9999


WEATHER ITEM   OBSERVED TIME   NORMAL DEPARTURE LAST
                VALUE   (LST)  VALUE  FROM      YEAR
                                      NORMAL
......................................................
TEMPERATURE (F)
 YESTERDAY
  MAXIMUM         68    433 PM  70     -2       81
  MINIMUM         44    136 AM  51     -7       61
  AVERAGE         56            61     -5       71

PRECIPITATION (IN)
  YESTERDAY        0.00          0.20  -0.20      T
  MONTH TO DATE    T             0.57  -0.57      T
  SINCE MAR 1      6.59          7.19  -0.60     4.03
  SINCE JAN 1      7.84          9.88  -2.04     5.62

DEGREE DAYS
 HEATING
  YESTERDAY        9             5      4        0
  MONTH TO DATE   35            17     18        3
  SINCE MAR 1    698           955   -257      760
  SINCE JUL 1   4043          4848   -805     4795

 COOLING
  YESTERDAY        0             1     -1        6
  MONTH TO DATE    0             3     -3        7
  SINCE MAR 1      6            21    -15       16
  SINCE JAN 1      6            21    -15       16
......................................................


WIND (MPH)
  HIGHEST WIND SPEED    14   HIGHEST WIND DIRECTION     W (270)
  HIGHEST GUST SPEED    18   HIGHEST GUST DIRECTION    NW (310)
  AVERAGE WIND SPEED     4.7


SKY COVER
  AVERAGE SKY COVER 0.1


WEATHER CONDITIONS
 THE FOLLOWING WEATHER WAS RECORDED YESTERDAY.
  NO SIGNIFICANT WEATHER WAS OBSERVED.


RELATIVE HUMIDITY (PERCENT)
 HIGHEST    92           100 AM
 LOWEST     37           200 PM
 AVERAGE    65

..........................................................


THE JOHNSON COUNTY EXECUTIVE KS CLIMATE NORMALS FOR TODAY
                         NORMAL
 MAXIMUM TEMPERATURE (F)   71
 MINIMUM TEMPERATURE (F)   51


SUNRISE AND SUNSET
MAY  4 2016...........SUNRISE   617 AM CDT   SUNSET   815 PM CDT
MAY  5 2016...........SUNRISE   616 AM CDT   SUNSET   816 PM CDT


-  INDICATES NEGATIVE NUMBERS.
R  INDICATES RECORD WAS SET OR TIED.
MM INDICATES DATA IS MISSING.
T  INDICATES TRACE AMOUNT.




$$
