000
CDUS43 KEAX 030638
CLIOJC


CLIMATE REPORT
NATIONAL WEATHER SERVICE KANSAS CITY/PLEASANT HILL MO
137 AM CDT FRI JUL 3 2015


...................................

...THE JOHNSON COUNTY EXECUTIVE KS CLIMATE SUMMARY FOR JULY 2 2015...

CLIMATE NORMAL PERIOD 1981 TO 2010
CLIMATE RECORD PERIOD 9999 TO 9999


WEATHER ITEM   OBSERVED TIME   NORMAL DEPARTURE LAST
                VALUE   (LST)  VALUE  FROM      YEAR
                                      NORMAL
......................................................
TEMPERATURE (F)
 YESTERDAY
  MAXIMUM         73    506 PM  86    -13       73
  MINIMUM         67    931 PM  67      0       58
  AVERAGE         70            77     -7       66

PRECIPITATION (IN)
  YESTERDAY        0.17          0.13   0.04     0.00
  MONTH TO DATE    0.25          0.26  -0.01     0.02
  SINCE JUN 1      6.44          6.04   0.40     8.21
  SINCE JAN 1     22.66         20.78   1.88    15.79

DEGREE DAYS
 HEATING
  YESTERDAY        0             0      0        0
  MONTH TO DATE    0             0      0        0
  SINCE JUN 1      4             8     -4        1
  SINCE JUL 1      0             0      0        0

 COOLING
  YESTERDAY        5            12     -7        1
  MONTH TO DATE   16            24     -8       11
  SINCE JUN 1    363           281     82      265
  SINCE JAN 1    440           385     55      418
......................................................


WIND (MPH)
  HIGHEST WIND SPEED    16   HIGHEST WIND DIRECTION    NE (60)
  HIGHEST GUST SPEED    22   HIGHEST GUST DIRECTION    NE (50)
  AVERAGE WIND SPEED     7.4


SKY COVER
  AVERAGE SKY COVER 0.9


WEATHER CONDITIONS
 THE FOLLOWING WEATHER WAS RECORDED YESTERDAY.
  HEAVY RAIN
  LIGHT RAIN
  FOG
  HAZE


RELATIVE HUMIDITY (PERCENT)
 HIGHEST    97           500 AM
 LOWEST     79          1200 AM
 AVERAGE    88

..........................................................


THE JOHNSON COUNTY EXECUTIVE KS CLIMATE NORMALS FOR TODAY
                         NORMAL
 MAXIMUM TEMPERATURE (F)   86
 MINIMUM TEMPERATURE (F)   68


SUNRISE AND SUNSET
JULY  3 2015..........SUNRISE   558 AM CDT   SUNSET   848 PM CDT
JULY  4 2015..........SUNRISE   559 AM CDT   SUNSET   848 PM CDT


-  INDICATES NEGATIVE NUMBERS.
R  INDICATES RECORD WAS SET OR TIED.
MM INDICATES DATA IS MISSING.
T  INDICATES TRACE AMOUNT.




$$
