000
CDUS43 KEAX 230033
CLIOJC


CLIMATE REPORT
NATIONAL WEATHER SERVICE KANSAS CITY/PLEASANT HILL MO
733 PM CDT THU JUN 22 2017


...................................

...THE JOHNSON COUNTY EXECUTIVE KS CLIMATE SUMMARY FOR JUNE 22 2017...
VALID TODAY AS OF 0700 PM LOCAL TIME.

CLIMATE NORMAL PERIOD 1981 TO 2010
CLIMATE RECORD PERIOD 9999 TO 9999


WEATHER ITEM   OBSERVED TIME   NORMAL DEPARTURE LAST
                VALUE   (LST)  VALUE  FROM      YEAR
                                      NORMAL
......................................................
TEMPERATURE (F)
 TODAY
  MAXIMUM         84    539 PM  84      0       98
  MINIMUM         66    527 AM  66      0       76
  AVERAGE         75            75      0       87

PRECIPITATION (IN)
  TODAY            0.00          0.20  -0.20     0.00
  MONTH TO DATE    2.15          4.57  -2.42     0.55
  SINCE JUN 1      2.15          4.57  -2.42     0.55
  SINCE JAN 1     15.51         19.31  -3.80    15.95

DEGREE DAYS
 HEATING
  TODAY            0             0      0        0
  MONTH TO DATE    0             6     -6        0
  SINCE JUN 1      0             6     -6        0
  SINCE JUL 1   4018          4932   -914     4139

 COOLING
  TODAY           10            10      0       22
  MONTH TO DATE  219           171     48      278
  SINCE JUN 1    219           171     48      278
  SINCE JAN 1    315           275     40      332
......................................................


WIND (MPH)
  HIGHEST WIND SPEED    20   HIGHEST WIND DIRECTION     S (180)
  HIGHEST GUST SPEED    27   HIGHEST GUST DIRECTION     S (170)
  AVERAGE WIND SPEED    10.5


SKY COVER
  AVERAGE SKY COVER 0.3


WEATHER CONDITIONS
 THE FOLLOWING WEATHER WAS RECORDED TODAY.
  NO SIGNIFICANT WEATHER WAS OBSERVED.


RELATIVE HUMIDITY (PERCENT)
 HIGHEST    93           300 AM
 LOWEST     69          1000 AM
 AVERAGE    81

..........................................................


THE JOHNSON COUNTY EXECUTIVE KS CLIMATE NORMALS FOR TOMORROW
                         NORMAL
 MAXIMUM TEMPERATURE (F)   85
 MINIMUM TEMPERATURE (F)   66


SUNRISE AND SUNSET
JUNE 22 2017..........SUNRISE   554 AM CDT   SUNSET   848 PM CDT
JUNE 23 2017..........SUNRISE   555 AM CDT   SUNSET   848 PM CDT


-  INDICATES NEGATIVE NUMBERS.
R  INDICATES RECORD WAS SET OR TIED.
MM INDICATES DATA IS MISSING.
T  INDICATES TRACE AMOUNT.




$$
