000
CDUS43 KEAX 250032
CLIOJC


CLIMATE REPORT
NATIONAL WEATHER SERVICE KANSAS CITY/PLEASANT HILL MO
631 PM CST SAT JAN 24 2015


...................................

...THE JOHNSON COUNTY EXECUTIVE KS CLIMATE SUMMARY FOR JANUARY 24 2015...
VALID TODAY AS OF 0600 PM LOCAL TIME.

CLIMATE NORMAL PERIOD 1981 TO 2010
CLIMATE RECORD PERIOD 9999 TO 9999


WEATHER ITEM   OBSERVED TIME   NORMAL DEPARTURE LAST
                VALUE   (LST)  VALUE  FROM      YEAR
                                      NORMAL
......................................................
TEMPERATURE (F)
 TODAY
  MAXIMUM         60    307 PM  40     20       42
  MINIMUM         30    726 AM  21      9        3
  AVERAGE         45            30     15       23

PRECIPITATION (IN)
  TODAY            0.00          0.04  -0.04     0.00
  MONTH TO DATE    0.06          0.77  -0.71     0.03
  SINCE DEC 1      2.17          2.41  -0.24     0.38
  SINCE JAN 1      0.06          0.77  -0.71     0.03

DEGREE DAYS
 HEATING
  TODAY           20            35    -15       42
  MONTH TO DATE  841           840      1      954
  SINCE DEC 1   1752          1850    -98     2059
  SINCE JUL 1   2810          2805      5     3119

 COOLING
  TODAY            0             0      0        0
  MONTH TO DATE    0             0      0        0
  SINCE DEC 1      0             0      0        0
  SINCE JAN 1      0             0      0        0
......................................................


WIND (MPH)
  HIGHEST WIND SPEED    21   HIGHEST WIND DIRECTION     W (260)
  HIGHEST GUST SPEED    27   HIGHEST GUST DIRECTION     W (260)
  AVERAGE WIND SPEED     8.4


SKY COVER
  AVERAGE SKY COVER 0.0


WEATHER CONDITIONS
 THE FOLLOWING WEATHER WAS RECORDED TODAY.
  NO SIGNIFICANT WEATHER WAS OBSERVED.


RELATIVE HUMIDITY (PERCENT)
 HIGHEST    85           700 AM
 LOWEST     31           300 PM
 AVERAGE    58

..........................................................


THE JOHNSON COUNTY EXECUTIVE KS CLIMATE NORMALS FOR TOMORROW
                         NORMAL
 MAXIMUM TEMPERATURE (F)   40
 MINIMUM TEMPERATURE (F)   21


SUNRISE AND SUNSET
JANUARY 24 2015.......SUNRISE   731 AM CST   SUNSET   531 PM CST
JANUARY 25 2015.......SUNRISE   731 AM CST   SUNSET   532 PM CST


-  INDICATES NEGATIVE NUMBERS.
R  INDICATES RECORD WAS SET OR TIED.
MM INDICATES DATA IS MISSING.
T  INDICATES TRACE AMOUNT.




$$
