000
CDUS43 KEAX 171236
CLIOJC


CLIMATE REPORT
NATIONAL WEATHER SERVICE KANSAS CITY/PLEASANT HILL MO
635 AM CST WED DEC 17 2014


...................................

...THE JOHNSON COUNTY EXECUTIVE KS CLIMATE SUMMARY FOR DECEMBER 17 2014...
VALID AS OF 0600 AM LOCAL TIME.

CLIMATE NORMAL PERIOD 1981 TO 2010
CLIMATE RECORD PERIOD 9999 TO 9999


WEATHER ITEM   OBSERVED TIME   NORMAL DEPARTURE LAST
                VALUE   (LST)  VALUE  FROM      YEAR
                                      NORMAL
......................................................
TEMPERATURE (F)
 TODAY
  MAXIMUM         26    559 AM  40    -14       47
  MINIMUM         25    540 AM  23      2       25
  AVERAGE         26            32     -6       36

PRECIPITATION (IN)
  TODAY            0.00          0.04  -0.04     0.00
  MONTH TO DATE    1.85          0.85   1.00     0.03
  SINCE DEC 1      1.85          0.85   1.00     0.03
  SINCE JAN 1     32.05         39.25  -7.20    36.22

DEGREE DAYS
 HEATING
  TODAY           39            33      6       29
  MONTH TO DATE  466           528    -62      618
  SINCE DEC 1    466           528    -62      618
  SINCE JUL 1   1524          1483     41     1678

 COOLING
  TODAY            0             0      0        0
  MONTH TO DATE    0             0      0        0
  SINCE DEC 1      0             0      0        0
  SINCE JAN 1   1237          1349   -112     1360
......................................................


WIND (MPH)
  HIGHEST WIND SPEED     9   HIGHEST WIND DIRECTION    NE (30)
  HIGHEST GUST SPEED    12   HIGHEST GUST DIRECTION    NE (30)
  AVERAGE WIND SPEED     6.1


SKY COVER
  AVERAGE SKY COVER 1.0


WEATHER CONDITIONS
 THE FOLLOWING WEATHER WAS RECORDED TODAY.
  NO SIGNIFICANT WEATHER WAS OBSERVED.


RELATIVE HUMIDITY (PERCENT)
 HIGHEST    81           100 AM
 LOWEST     75          1200 AM
 AVERAGE    78

..........................................................


THE JOHNSON COUNTY EXECUTIVE KS CLIMATE NORMALS FOR TOMORROW
                         NORMAL
 MAXIMUM TEMPERATURE (F)   40
 MINIMUM TEMPERATURE (F)   23


SUNRISE AND SUNSET
DECEMBER 17 2014......SUNRISE   731 AM CST   SUNSET   459 PM CST
DECEMBER 18 2014......SUNRISE   732 AM CST   SUNSET   459 PM CST


-  INDICATES NEGATIVE NUMBERS.
R  INDICATES RECORD WAS SET OR TIED.
MM INDICATES DATA IS MISSING.
T  INDICATES TRACE AMOUNT.




$$
