000
CDUS43 KEAX 310633
CLIOJC


CLIMATE REPORT
NATIONAL WEATHER SERVICE KANSAS CITY/PLEASANT HILL MO
133 AM CDT TUE MAY 31 2016


...................................

...THE JOHNSON COUNTY EXECUTIVE KS CLIMATE SUMMARY FOR MAY 30 2016...

CLIMATE NORMAL PERIOD 1981 TO 2010
CLIMATE RECORD PERIOD 9999 TO 9999


WEATHER ITEM   OBSERVED TIME   NORMAL DEPARTURE LAST
                VALUE   (LST)  VALUE  FROM      YEAR
                                      NORMAL
......................................................
TEMPERATURE (F)
 YESTERDAY
  MAXIMUM         80   1159 AM  79      1       65
  MINIMUM         60   1159 PM  59      1       56
  AVERAGE         70            69      1       61

PRECIPITATION (IN)
  YESTERDAY        0.03          0.18  -0.15     0.01
  MONTH TO DATE    7.56          5.26   2.30    10.60
  SINCE MAR 1     14.15         11.88   2.27    14.63
  SINCE JAN 1     15.40         14.57   0.83    16.22

DEGREE DAYS
 HEATING
  YESTERDAY        0             1     -1        4
  MONTH TO DATE  131            92     39       82
  SINCE MAR 1    794          1030   -236      839
  SINCE JUL 1   4139          4923   -784     4874

 COOLING
  YESTERDAY        5             5      0        0
  MONTH TO DATE   44            80    -36       68
  SINCE MAR 1     50            98    -48       77
  SINCE JAN 1     50            98    -48       77
......................................................


WIND (MPH)
  HIGHEST WIND SPEED    38   HIGHEST WIND DIRECTION     S (180)
  HIGHEST GUST SPEED    51   HIGHEST GUST DIRECTION     S (170)
  AVERAGE WIND SPEED     6.6


SKY COVER
  AVERAGE SKY COVER 0.1


WEATHER CONDITIONS
 THE FOLLOWING WEATHER WAS RECORDED YESTERDAY.
  THUNDERSTORM
  LIGHT RAIN


RELATIVE HUMIDITY (PERCENT)
 HIGHEST   100           500 AM
 LOWEST     64           600 PM
 AVERAGE    82

..........................................................


THE JOHNSON COUNTY EXECUTIVE KS CLIMATE NORMALS FOR TODAY
                         NORMAL
 MAXIMUM TEMPERATURE (F)   79
 MINIMUM TEMPERATURE (F)   60


SUNRISE AND SUNSET
MAY 31 2016...........SUNRISE   556 AM CDT   SUNSET   838 PM CDT
JUNE  1 2016..........SUNRISE   555 AM CDT   SUNSET   839 PM CDT


-  INDICATES NEGATIVE NUMBERS.
R  INDICATES RECORD WAS SET OR TIED.
MM INDICATES DATA IS MISSING.
T  INDICATES TRACE AMOUNT.




$$
