000
CDUS46 KSGX 230122
CLIOKB


CLIMATE REPORT
NATIONAL WEATHER SERVICE SAN DIEGO, CA
522 PM PST SUN JAN 22 2017


...................................

...THE OCEANSIDE AIRPORT CA CLIMATE SUMMARY FOR JANUARY 22 2017...
VALID TODAY AS OF 0500 PM LOCAL TIME.

CLIMATE NORMAL PERIOD 1981 TO 2010
CLIMATE RECORD PERIOD 1999 TO 2017


WEATHER ITEM   OBSERVED TIME   RECORD YEAR NORMAL DEPARTURE LAST
                VALUE   (LST)  VALUE       VALUE  FROM      YEAR
                                                  NORMAL
..................................................................
TEMPERATURE (F)
 TODAY
  MAXIMUM         61    243 PM  80    2013  66     -5       67
  MINIMUM         48   1217 AM  29    2007  41      7       41
  AVERAGE         55                        53      2       54

PRECIPITATION (IN)
  TODAY            0.16          0.37 2010   0.07   0.09     0.00
  MONTH TO DATE    3.23                      2.15   1.08     2.35
  SINCE OCT 1      8.38                      6.03   2.35     4.52
  SINCE JAN 1      3.23                      2.15   1.08     2.35

DEGREE DAYS
 HEATING
  TODAY           10                        12     -2       11
  MONTH TO DATE  210                       269    -59      238
  SINCE DEC 1    490                       653   -163      647
  SINCE JUL 1    676                      1003   -327      878

 COOLING
  TODAY            0                         0      0        0
  MONTH TO DATE    0                         0      0        0
  SINCE DEC 1      0                         0      0        0
  SINCE JAN 1      0                         0      0        0
..................................................................


WIND (MPH)
  RESULTANT WIND SPEED   3   RESULTANT WIND DIRECTION   E (90)
  HIGHEST WIND SPEED    23   HIGHEST WIND DIRECTION     S (160)
  HIGHEST GUST SPEED    30   HIGHEST GUST DIRECTION     S (170)
  AVERAGE WIND SPEED     4.5


SKY COVER
  POSSIBLE SUNSHINE  MM
  AVERAGE SKY COVER 1.0


WEATHER CONDITIONS
 THE FOLLOWING WEATHER WAS RECORDED TODAY.
  RAIN
  LIGHT RAIN
  FOG
  HAZE


RELATIVE HUMIDITY (PERCENT)
 HIGHEST    93           100 AM
 LOWEST     69           200 PM
 AVERAGE    81

..........................................................


THE OCEANSIDE AIRPORT CA CLIMATE NORMALS FOR TOMORROW
                         NORMAL    RECORD    YEAR
 MAXIMUM TEMPERATURE (F)   66        79      2011
 MINIMUM TEMPERATURE (F)   41        31      2007


SUNRISE AND SUNSET
JANUARY 22 2017.......SUNRISE   650 AM PST   SUNSET   512 PM PST
JANUARY 23 2017.......SUNRISE   650 AM PST   SUNSET   513 PM PST


-  INDICATES NEGATIVE NUMBERS.
R  INDICATES RECORD WAS SET OR TIED.
MM INDICATES DATA IS MISSING.
T  INDICATES TRACE AMOUNT.




$$
