000
CDUS46 KSGX 211230
CLIOKB


CLIMATE REPORT
NATIONAL WEATHER SERVICE SAN DIEGO, CA
429 AM PST TUE NOV 21 2017


...................................

...THE OCEANSIDE AIRPORT CA CLIMATE SUMMARY FOR NOVEMBER 20 2017...

CLIMATE NORMAL PERIOD 1981 TO 2010
CLIMATE RECORD PERIOD 1999 TO 2017


WEATHER ITEM   OBSERVED TIME   RECORD YEAR NORMAL DEPARTURE LAST
                VALUE   (LST)  VALUE       VALUE  FROM      YEAR
                                                  NORMAL
..................................................................
TEMPERATURE (F)
 YESTERDAY
  MAXIMUM         73   1158 AM  91    2002  69      4       70
  MINIMUM         37    600 AM  35    2009  43     -6       51
  AVERAGE         55                        56     -1       61

PRECIPITATION (IN)
  YESTERDAY        0.00          0.60 2011   0.03  -0.03     0.15
  MONTH TO DATE    0.01                      0.75  -0.74     0.15
  SINCE OCT 1      0.01                      1.45  -1.44     0.48
  SINCE JAN 1      9.85                     11.23  -1.38     5.67

DEGREE DAYS
 HEATING
  YESTERDAY       10                         9      1        4
  MONTH TO DATE   90                       147    -57       59
  SINCE SEP 1    119                       244   -125      101
  SINCE JUL 1    119                       249   -130      101

 COOLING
  YESTERDAY        0                         0      0        0
  MONTH TO DATE    1                         0      1       28
  SINCE SEP 1    229                       116    113      199
  SINCE JAN 1    748                       416    332      656
..................................................................


WIND (MPH)
  RESULTANT WIND SPEED   1   RESULTANT WIND DIRECTION   W (260)
  HIGHEST WIND SPEED    12   HIGHEST WIND DIRECTION    SW (240)
  HIGHEST GUST SPEED    14   HIGHEST GUST DIRECTION    SW (240)
  AVERAGE WIND SPEED     2.8


SKY COVER
  POSSIBLE SUNSHINE  MM
  AVERAGE SKY COVER 0.0


WEATHER CONDITIONS
 THE FOLLOWING WEATHER WAS RECORDED YESTERDAY.
  NO SIGNIFICANT WEATHER WAS OBSERVED.


RELATIVE HUMIDITY (PERCENT)
 HIGHEST    96           900 PM
 LOWEST     27          1000 AM
 AVERAGE    62

..........................................................


THE OCEANSIDE AIRPORT CA CLIMATE NORMALS FOR TODAY
                         NORMAL    RECORD    YEAR
 MAXIMUM TEMPERATURE (F)   69        89      2015
 MINIMUM TEMPERATURE (F)   43        41      2012


SUNRISE AND SUNSET
NOVEMBER 21 2017......SUNRISE   626 AM PST   SUNSET   444 PM PST
NOVEMBER 22 2017......SUNRISE   627 AM PST   SUNSET   444 PM PST


-  INDICATES NEGATIVE NUMBERS.
R  INDICATES RECORD WAS SET OR TIED.
MM INDICATES DATA IS MISSING.
T  INDICATES TRACE AMOUNT.




$$
