819
CDUS46 KSGX 120017
CLIOKB


CLIMATE REPORT
NATIONAL WEATHER SERVICE SAN DIEGO, CA
417 PM PST THU FEB 11 2016


...................................

...THE OCEANSIDE AIRPORT CA CLIMATE SUMMARY FOR FEBRUARY 11 2016...
VALID TODAY AS OF 0400 PM LOCAL TIME.

CLIMATE NORMAL PERIOD 1981 TO 2010
CLIMATE RECORD PERIOD 1999 TO 2016


WEATHER ITEM   OBSERVED TIME   RECORD YEAR NORMAL DEPARTURE LAST
                VALUE   (LST)  VALUE       VALUE  FROM      YEAR
                                                  NORMAL
..................................................................
TEMPERATURE (F)
 TODAY
  MAXIMUM         80    311 PM  87    2015  65     15       87
  MINIMUM         44    109 AM  32    2002  43      1       42
  AVERAGE         62                        54      8       65

PRECIPITATION (IN)
  TODAY            0.00          1.63 2005   0.12  -0.12     0.00
  MONTH TO DATE    0.02                      0.85  -0.83     0.00
  SINCE OCT 1      4.80                      7.38  -2.58     4.89
  SINCE JAN 1      2.63                      3.50  -0.87     0.49

DEGREE DAYS
 HEATING
  TODAY            3                        11     -8        0
  MONTH TO DATE   84                       121    -37       79
  SINCE DEC 1    824                       876    -52      631
  SINCE JUL 1   1055                      1226   -171      765

 COOLING
  TODAY            0                         0      0        0
  MONTH TO DATE    0                         0      0        0
  SINCE DEC 1      0                         0      0        0
  SINCE JAN 1      0                         0      0        0
..................................................................


WIND (MPH)
  RESULTANT WIND SPEED   1   RESULTANT WIND DIRECTION  NW (300)
  HIGHEST WIND SPEED    14   HIGHEST WIND DIRECTION     W (290)
  HIGHEST GUST SPEED    16   HIGHEST GUST DIRECTION     W (280)
  AVERAGE WIND SPEED     3.7


SKY COVER
  POSSIBLE SUNSHINE  MM
  AVERAGE SKY COVER 0.0


WEATHER CONDITIONS
 THE FOLLOWING WEATHER WAS RECORDED TODAY.
  NO SIGNIFICANT WEATHER WAS OBSERVED.


RELATIVE HUMIDITY (PERCENT)
 HIGHEST    70           200 AM
 LOWEST     16           300 PM
 AVERAGE    43

..........................................................


THE OCEANSIDE AIRPORT CA CLIMATE NORMALS FOR TOMORROW
                         NORMAL    RECORD    YEAR
 MAXIMUM TEMPERATURE (F)   65        87      2015
 MINIMUM TEMPERATURE (F)   43        32      2013
                                             2002


SUNRISE AND SUNSET
FEBRUARY 11 2016......SUNRISE   637 AM PST   SUNSET   530 PM PST
FEBRUARY 12 2016......SUNRISE   636 AM PST   SUNSET   531 PM PST


-  INDICATES NEGATIVE NUMBERS.
R  INDICATES RECORD WAS SET OR TIED.
MM INDICATES DATA IS MISSING.
T  INDICATES TRACE AMOUNT.




$$
