000
CDUS44 KOUN 252207
CLIOKC

CLIMATE REPORT
NATIONAL WEATHER SERVICE NORMAN OK
506 PM CDT SUN JUN 25 2017


...................................

...THE OKLAHOMA CITY CLIMATE SUMMARY FOR JUNE 25 2017...
VALID TODAY AS OF 0500 PM LOCAL TIME.

CLIMATE NORMAL PERIOD 1981 TO 2010
CLIMATE RECORD PERIOD 1890 TO 2017


WEATHER ITEM   OBSERVED TIME   RECORD YEAR NORMAL DEPARTURE LAST
                VALUE   (LST)  VALUE       VALUE  FROM      YEAR
                                                  NORMAL
..................................................................
TEMPERATURE (F)
 TODAY
  MAXIMUM         87    143 PM 105    1980  91     -4       94
  MINIMUM         62    555 AM  51    1974  70     -8       72
  AVERAGE         75                        80     -5       83

PRECIPITATION (IN)
  TODAY            0.00          2.29 1960   0.14  -0.14     0.00
  MONTH TO DATE    0.09                      4.27  -4.18     1.00
  SINCE JUN 1      0.09                      4.27  -4.18     1.00
  SINCE JAN 1     14.75                     18.02  -3.27    13.41

SNOWFALL (IN)
  TODAY            0.0

DEGREE DAYS
 HEATING
  TODAY            0                         0      0        0
  MONTH TO DATE    0                         0      0        0
  SINCE JUN 1      0                         0      0        0
  SINCE JUL 1   2701                      3364   -663     2817

 COOLING
  TODAY           10                        15     -5       18
  MONTH TO DATE  313                       309      4      352
  SINCE JUN 1    313                       309      4      352
  SINCE JAN 1    538                       559    -21      538
..................................................................


WIND (MPH)
  HIGHEST WIND SPEED    16   HIGHEST WIND DIRECTION     S (160)
  HIGHEST GUST SPEED    23   HIGHEST GUST DIRECTION    SE (120)
  AVERAGE WIND SPEED     7.9


SKY COVER
  AVERAGE SKY COVER 0.6


WEATHER CONDITIONS
 THE FOLLOWING WEATHER WAS RECORDED TODAY.
  NO SIGNIFICANT WEATHER WAS OBSERVED.


RELATIVE HUMIDITY (PERCENT)
 HIGHEST    78           400 AM
 LOWEST     23           100 PM
 AVERAGE    51

..........................................................


THE OKLAHOMA CITY CLIMATE NORMALS FOR TOMORROW
                         NORMAL    RECORD    YEAR
 MAXIMUM TEMPERATURE (F)   91       104      2012
                                             1918
 MINIMUM TEMPERATURE (F)   70        50      1958


SUNRISE AND SUNSET
JUNE 25 2017..........SUNRISE   617 AM CDT   SUNSET   849 PM CDT
JUNE 26 2017..........SUNRISE   617 AM CDT   SUNSET   849 PM CDT


-  INDICATES NEGATIVE NUMBERS.
R  INDICATES RECORD WAS SET OR TIED.
MM INDICATES DATA IS MISSING.
T  INDICATES TRACE AMOUNT.




$$
