000
CDUS44 KOUN 010636
CLIOKC

CLIMATE REPORT
NATIONAL WEATHER SERVICE NORMAN OK
136 AM CDT SUN MAY 1 2016

...................................

...THE OKLAHOMA CITY CLIMATE SUMMARY FOR APRIL 30 2016...

CLIMATE NORMAL PERIOD 1981 TO 2010
CLIMATE RECORD PERIOD 1890 TO 2016


WEATHER ITEM   OBSERVED TIME   RECORD YEAR NORMAL DEPARTURE LAST
                VALUE   (LST)  VALUE       VALUE  FROM      YEAR
                                                  NORMAL
..................................................................
TEMPERATURE (F)
 YESTERDAY
  MAXIMUM         71    433 PM  93    1948  76     -5       80
  MINIMUM         48    623 AM  32    1907  55     -7       50
  AVERAGE         60                        65     -5       65

PRECIPITATION (IN)
  YESTERDAY        0.00          3.45 2000   0.14  -0.14     0.00
  MONTH TO DATE    7.31                      3.07   4.24     4.35
  SINCE JAN 1      9.79                      9.10   0.69     9.18

DEGREE DAYS
 HEATING
  YESTERDAY        5                         3      2        0
  MONTH TO DATE  108                       173    -65      118
  SINCE JUL 1   2757                      3332   -575     3249

 COOLING
  YESTERDAY        0                         3     -3        0
  MONTH TO DATE   30                        53    -23       52
  SINCE JAN 1     42                        66    -24       62
..................................................................


WIND (MPH)
  HIGHEST WIND SPEED    20   HIGHEST WIND DIRECTION    NW (320)
  HIGHEST GUST SPEED    27   HIGHEST GUST DIRECTION     W (290)
  AVERAGE WIND SPEED    11.9


SKY COVER
  AVERAGE SKY COVER 0.4


WEATHER CONDITIONS
 THE FOLLOWING WEATHER WAS RECORDED YESTERDAY.
  FOG


RELATIVE HUMIDITY (PERCENT)
 HIGHEST   100          1200 AM
 LOWEST     40           500 PM
 AVERAGE    70

..........................................................


THE OKLAHOMA CITY CLIMATE NORMALS FOR TODAY
                         NORMAL    RECORD    YEAR
 MAXIMUM TEMPERATURE (F)   77        93      1948
 MINIMUM TEMPERATURE (F)   55        33      1909


SUNRISE AND SUNSET
MAY  1 2016...........SUNRISE   638 AM CDT   SUNSET   817 PM CDT
MAY  2 2016...........SUNRISE   637 AM CDT   SUNSET   818 PM CDT


-  INDICATES NEGATIVE NUMBERS.
R  INDICATES RECORD WAS SET OR TIED.
MM INDICATES DATA IS MISSING.
T  INDICATES TRACE AMOUNT.




$$
