529
CDUS44 KOUN 180630
CLIOKC

CLIMATE REPORT
NATIONAL WEATHER SERVICE NORMAN OK
130 AM CDT WED OCT 18 2017


...................................

...THE OKLAHOMA CITY CLIMATE SUMMARY FOR OCTOBER 17 2017...

CLIMATE NORMAL PERIOD 1981 TO 2010
CLIMATE RECORD PERIOD 1890 TO 2017


WEATHER ITEM   OBSERVED TIME   RECORD YEAR NORMAL DEPARTURE LAST
                VALUE   (LST)  VALUE       VALUE  FROM      YEAR
                                                  NORMAL
..................................................................
TEMPERATURE (F)
 YESTERDAY
  MAXIMUM         73    343 PM  96    1972  73      0       89
  MINIMUM         42    705 AM  33    1976  51     -9       71
  AVERAGE         58                        62     -4       80

PRECIPITATION (IN)
  YESTERDAY        0.00          1.43 1942   0.13  -0.13     0.00
  MONTH TO DATE    4.20                      2.08   2.12     0.82
  SINCE SEP 1      7.91                      6.14   1.77     5.07
  SINCE JAN 1     31.12                     31.03   0.09    24.98

SNOWFALL (IN)
  YESTERDAY        0.0

DEGREE DAYS
 HEATING
  YESTERDAY        7                         5      2        0
  MONTH TO DATE   45                        54     -9       26
  SINCE SEP 1     49                        73    -24       29
  SINCE JUL 1     49                        73    -24       29

 COOLING
  YESTERDAY        0                         2     -2       15
  MONTH TO DATE   81                        52     29       81
  SINCE SEP 1    334                       340     -6      411
  SINCE JAN 1   1905                      2077   -172     2137
..................................................................


WIND (MPH)
  HIGHEST WIND SPEED    20   HIGHEST WIND DIRECTION     S (200)
  HIGHEST GUST SPEED    24   HIGHEST GUST DIRECTION    SW (210)
  AVERAGE WIND SPEED     9.8


SKY COVER
  AVERAGE SKY COVER 0.1


WEATHER CONDITIONS
 THE FOLLOWING WEATHER WAS RECORDED YESTERDAY.
  NO SIGNIFICANT WEATHER WAS OBSERVED.


RELATIVE HUMIDITY (PERCENT)
 HIGHEST    89           400 AM
 LOWEST     33           300 PM
 AVERAGE    61

..........................................................


THE OKLAHOMA CITY CLIMATE NORMALS FOR TODAY
                         NORMAL    RECORD    YEAR
 MAXIMUM TEMPERATURE (F)   73        92      2005
 MINIMUM TEMPERATURE (F)   51        33      1898


SUNRISE AND SUNSET
OCTOBER 18 2017.......SUNRISE   739 AM CDT   SUNSET   651 PM CDT
OCTOBER 19 2017.......SUNRISE   740 AM CDT   SUNSET   650 PM CDT


-  INDICATES NEGATIVE NUMBERS.
R  INDICATES RECORD WAS SET OR TIED.
MM INDICATES DATA IS MISSING.
T  INDICATES TRACE AMOUNT.




$$
