000
CDUS44 KOUN 122322
CLIOKC

CLIMATE REPORT
NATIONAL WEATHER SERVICE NORMAN OK
521 PM CST TUE DEC 12 2017


...................................

...THE OKLAHOMA CITY CLIMATE SUMMARY FOR DECEMBER 12 2017...
VALID TODAY AS OF 0500 PM LOCAL TIME.

CLIMATE NORMAL PERIOD 1981 TO 2010
CLIMATE RECORD PERIOD 1890 TO 2017


WEATHER ITEM   OBSERVED TIME   RECORD YEAR NORMAL DEPARTURE LAST
                VALUE   (LST)  VALUE       VALUE  FROM      YEAR
                                                  NORMAL
..................................................................
TEMPERATURE (F)
 TODAY
  MAXIMUM         49    435 PM  73    1973  51     -2       44
                                      1924
  MINIMUM         33    738 AM   6    1932  31      2       27
  AVERAGE         41                        41      0       36

PRECIPITATION (IN)
  TODAY            0.00          1.33 1892   0.07  -0.07     0.00
  MONTH TO DATE    0.00                      0.78  -0.78     0.62
  SINCE DEC 1      0.00                      0.78  -0.78     0.62
  SINCE JAN 1     33.04                     35.42  -2.38    26.12

SNOWFALL (IN)
  TODAY            0.0

DEGREE DAYS
 HEATING
  TODAY           24                        24      0       29
  MONTH TO DATE  241                       272    -31      305
  SINCE DEC 1    241                       272    -31      305
  SINCE JUL 1    791                       871    -80      628

 COOLING
  TODAY            0                         0      0        0
  MONTH TO DATE    0                         0      0        0
  SINCE DEC 1      0                         0      0        0
  SINCE JAN 1   1916                      2099   -183     2214
..................................................................


WIND (MPH)
  HIGHEST WIND SPEED    23   HIGHEST WIND DIRECTION     N (360)
  HIGHEST GUST SPEED    31   HIGHEST GUST DIRECTION     N (360)
  AVERAGE WIND SPEED    12.9


SKY COVER
  AVERAGE SKY COVER 0.1


WEATHER CONDITIONS
 THE FOLLOWING WEATHER WAS RECORDED TODAY.
  NO SIGNIFICANT WEATHER WAS OBSERVED.


RELATIVE HUMIDITY (PERCENT)
 HIGHEST    75           700 AM
 LOWEST     42           300 PM
 AVERAGE    59

..........................................................


THE OKLAHOMA CITY CLIMATE NORMALS FOR TOMORROW
                         NORMAL    RECORD    YEAR
 MAXIMUM TEMPERATURE (F)   51        79      1921
 MINIMUM TEMPERATURE (F)   31         4      1917


SUNRISE AND SUNSET
DECEMBER 12 2017......SUNRISE   730 AM CST   SUNSET   518 PM CST
DECEMBER 13 2017......SUNRISE   731 AM CST   SUNSET   519 PM CST


-  INDICATES NEGATIVE NUMBERS.
R  INDICATES RECORD WAS SET OR TIED.
MM INDICATES DATA IS MISSING.
T  INDICATES TRACE AMOUNT.




$$
