000
CDUS44 KOUN 312215
CLIOKC

CLIMATE REPORT
NATIONAL WEATHER SERVICE NORMAN OK
512 PM CDT WED AUG 31 2016


...................................

...THE OKLAHOMA CITY CLIMATE SUMMARY FOR AUGUST 31 2016...
VALID TODAY AS OF 0500 PM LOCAL TIME.

CLIMATE NORMAL PERIOD 1981 TO 2010
CLIMATE RECORD PERIOD 1890 TO 2016


WEATHER ITEM   OBSERVED TIME   RECORD YEAR NORMAL DEPARTURE LAST
                VALUE   (LST)  VALUE       VALUE  FROM      YEAR
                                                  NORMAL
..................................................................
TEMPERATURE (F)
 TODAY
  MAXIMUM         92   1154 AM 105    2011  91      1       93
  MINIMUM         73    623 AM  51    1915  69      4       66
  AVERAGE         83                        80      3       80

PRECIPITATION (IN)
  TODAY            0.10          2.35 1966   0.12  -0.02     0.00
  MONTH TO DATE    0.34                      3.28  -2.94     1.17
  SINCE JAN 1     19.70                     24.89  -5.19    42.91

DEGREE DAYS
 COOLING
  TODAY           18                        15      3       15
  MONTH TO DATE  532                       538     -6      457
  SINCE JAN 1   1727                      1737    -10     1580
..................................................................


WIND (MPH)
  HIGHEST WIND SPEED    24   HIGHEST WIND DIRECTION    SE (130)
  HIGHEST GUST SPEED    36   HIGHEST GUST DIRECTION    SE (130)
  AVERAGE WIND SPEED     5.4


SKY COVER
  AVERAGE SKY COVER 0.6


WEATHER CONDITIONS
 THE FOLLOWING WEATHER WAS RECORDED TODAY.
  THUNDERSTORM
  LIGHT RAIN


RELATIVE HUMIDITY (PERCENT)
 HIGHEST    84           400 AM
 LOWEST     47          1200 PM
 AVERAGE    66

..........................................................


THE OKLAHOMA CITY CLIMATE NORMALS FOR TOMORROW
                         NORMAL    RECORD    YEAR
 MAXIMUM TEMPERATURE (F)   90       106      2000
 MINIMUM TEMPERATURE (F)   69        53      1956


SUNRISE AND SUNSET
AUGUST 31 2016........SUNRISE   702 AM CDT   SUNSET   758 PM CDT
SEPTEMBER  1 2016.....SUNRISE   703 AM CDT   SUNSET   757 PM CDT


-  INDICATES NEGATIVE NUMBERS.
R  INDICATES RECORD WAS SET OR TIED.
MM INDICATES DATA IS MISSING.
T  INDICATES TRACE AMOUNT.




$$
