000
CDUS44 KOUN 170636
CLIOKC

CLIMATE REPORT
NATIONAL WEATHER SERVICE NORMAN OK
1234 AM CST WED DEC 17 2014


...................................

...THE OKLAHOMA CITY CLIMATE SUMMARY FOR DECEMBER 16 2014...

CLIMATE NORMAL PERIOD 1981 TO 2010
CLIMATE RECORD PERIOD 1890 TO 2014


WEATHER ITEM   OBSERVED TIME   RECORD YEAR NORMAL DEPARTURE LAST
                VALUE   (LST)  VALUE       VALUE  FROM      YEAR
                                                  NORMAL
..................................................................
TEMPERATURE (F)
 YESTERDAY
  MAXIMUM         47    416 PM  76    2006  50     -3       68
  MINIMUM         33    753 AM   7    1989  30      3       31
  AVERAGE         40                        40      0       50

PRECIPITATION (IN)
  YESTERDAY        0.00          0.56 1931   0.06  -0.06     0.00
  MONTH TO DATE    0.24                      1.03  -0.79     0.23
  SINCE JAN 1     27.92                     35.67  -7.75    51.75

SNOWFALL (IN)
  YESTERDAY        0.0           2.0  1906   0.1   -0.1      0.0
  MONTH TO DATE    0.0                       0.9   -0.9      3.5
  SINCE JUL 1      2.5                       1.3    1.2      4.1
  SNOW DEPTH       0

DEGREE DAYS
 HEATING
  YESTERDAY       25                        25      0       15
  MONTH TO DATE  288                       371    -83      479
  SINCE JUL 1    915                       970    -55     1139
..................................................................


WIND (MPH)
  HIGHEST WIND SPEED    32   HIGHEST WIND DIRECTION    NW (330)
  HIGHEST GUST SPEED    41   HIGHEST GUST DIRECTION    NW (330)
  AVERAGE WIND SPEED    11.0


SKY COVER
  AVERAGE SKY COVER 0.5


WEATHER CONDITIONS
 THE FOLLOWING WEATHER WAS RECORDED YESTERDAY.
  NO SIGNIFICANT WEATHER WAS OBSERVED.


RELATIVE HUMIDITY (PERCENT)
 HIGHEST    70           900 AM
 LOWEST     45           300 PM
 AVERAGE    58

..........................................................


THE OKLAHOMA CITY CLIMATE NORMALS FOR TODAY
                         NORMAL    RECORD    YEAR
 MAXIMUM TEMPERATURE (F)   50        75      1939
 MINIMUM TEMPERATURE (F)   30         2      1979


SUNRISE AND SUNSET
DECEMBER 17 2014......SUNRISE   733 AM CST   SUNSET   520 PM CST
DECEMBER 18 2014......SUNRISE   734 AM CST   SUNSET   520 PM CST


-  INDICATES NEGATIVE NUMBERS.
R  INDICATES RECORD WAS SET OR TIED.
MM INDICATES DATA IS MISSING.
T  INDICATES TRACE AMOUNT.




$$
