000
CDUS44 KOUN 230635
CLIOKC

CLIMATE REPORT
NATIONAL WEATHER SERVICE NORMAN OK
133 AM CDT THU OCT 23 2014


...................................

...THE OKLAHOMA CITY CLIMATE SUMMARY FOR OCTOBER 22 2014...

CLIMATE NORMAL PERIOD 1981 TO 2010
CLIMATE RECORD PERIOD 1890 TO 2014


WEATHER ITEM   OBSERVED TIME   RECORD YEAR NORMAL DEPARTURE LAST
                VALUE   (LST)  VALUE       VALUE  FROM      YEAR
                                                  NORMAL
..................................................................
TEMPERATURE (F)
 YESTERDAY
  MAXIMUM         80    310 PM  87    1939  72      8       76
  MINIMUM         54    613 AM  31    1898  50      4       39
  AVERAGE         67                        60      7       58

PRECIPITATION (IN)
  YESTERDAY        0.21          3.90 2000   0.13   0.08     0.00
  MONTH TO DATE    2.44                      2.70  -0.26     2.95
  SINCE JAN 1     25.30                     31.65  -6.35    50.09

SNOWFALL (IN)
  YESTERDAY        0.0           0.0    MM   0.0    0.0      0.0
  MONTH TO DATE    0.0                       0.0    0.0      0.0
  SINCE JUL 1      0.0                       0.0    0.0      0.0
  SNOW DEPTH       0

DEGREE DAYS
 HEATING
  YESTERDAY        0                         6     -6        7
  MONTH TO DATE   44                        80    -36      108
  SINCE JUL 1     55                        99    -44      111

 COOLING
  YESTERDAY        2                         1      1        0
  MONTH TO DATE   92                        58     34       71
  SINCE JAN 1   2083                      2083      0     2056
..................................................................


WIND (MPH)
  HIGHEST WIND SPEED    17   HIGHEST WIND DIRECTION     S (190)
  HIGHEST GUST SPEED    22   HIGHEST GUST DIRECTION     S (190)
  AVERAGE WIND SPEED     6.5


SKY COVER
  AVERAGE SKY COVER 0.5


WEATHER CONDITIONS
 THE FOLLOWING WEATHER WAS RECORDED YESTERDAY.
  RAIN
  LIGHT RAIN
  FOG
  HAZE


RELATIVE HUMIDITY (PERCENT)
 HIGHEST    93           300 AM
 LOWEST     47           200 PM
 AVERAGE    70

..........................................................


THE OKLAHOMA CITY CLIMATE NORMALS FOR TODAY
                         NORMAL    RECORD    YEAR
 MAXIMUM TEMPERATURE (F)   71        89      2003
                                             1927
 MINIMUM TEMPERATURE (F)   49        26      1917


SUNRISE AND SUNSET
OCTOBER 23 2014.......SUNRISE   744 AM CDT   SUNSET   645 PM CDT
OCTOBER 24 2014.......SUNRISE   745 AM CDT   SUNSET   644 PM CDT


-  INDICATES NEGATIVE NUMBERS.
R  INDICATES RECORD WAS SET OR TIED.
MM INDICATES DATA IS MISSING.
T  INDICATES TRACE AMOUNT.




$$
