000
CDUS44 KOUN 152209
CLIOKC

CLIMATE REPORT
NATIONAL WEATHER SERVICE NORMAN OK
508 PM CDT TUE APR 15 2014


...................................

...THE OKLAHOMA CITY CLIMATE SUMMARY FOR APRIL 15 2014...
VALID TODAY AS OF 0500 PM LOCAL TIME.

CLIMATE NORMAL PERIOD 1981 TO 2010
CLIMATE RECORD PERIOD 1890 TO 2014


WEATHER ITEM   OBSERVED TIME   RECORD YEAR NORMAL DEPARTURE LAST
                VALUE   (LST)  VALUE       VALUE  FROM      YEAR
                                                  NORMAL
..................................................................
TEMPERATURE (F)
 TODAY
  MAXIMUM         65    400 PM  90    2006  72     -7       77
                                      1940
                                      1924
  MINIMUM         27R   538 AM  30    1928  49    -22       54
  AVERAGE         46                        61    -15       66

PRECIPITATION (IN)
  TODAY            0.00          1.67 1947   0.09  -0.09     0.00
  MONTH TO DATE    0.57                      1.33  -0.76     4.17
  SINCE JAN 1      2.26                      7.36  -5.10     9.12

SNOWFALL (IN)
  TODAY            0.0           0.0    MM   0.0    0.0      0.0
  MONTH TO DATE    T                         0.0    0.0       T
  SINCE JUL 1     10.2                       7.6    2.6      7.7
  SNOW DEPTH       0

DEGREE DAYS
 HEATING
  TODAY           19                         6     13        0
  MONTH TO DATE  111                       112     -1      173
  SINCE JUL 1   3713                      3271    442     3218

 COOLING
  TODAY            0                         2     -2        1
  MONTH TO DATE   26                        18      8       10
  SINCE JAN 1     37                        31      6       14
..................................................................


WIND (MPH)
  HIGHEST WIND SPEED    18   HIGHEST WIND DIRECTION    SW (210)
  HIGHEST GUST SPEED    23   HIGHEST GUST DIRECTION    SW (210)
  AVERAGE WIND SPEED     4.8


SKY COVER
  AVERAGE SKY COVER 0.0


WEATHER CONDITIONS
 THE FOLLOWING WEATHER WAS RECORDED TODAY.
  NO SIGNIFICANT WEATHER WAS OBSERVED.


RELATIVE HUMIDITY (PERCENT)
 HIGHEST    61           700 AM
 LOWEST     12           200 PM
 AVERAGE    37

..........................................................


THE OKLAHOMA CITY CLIMATE NORMALS FOR TOMORROW
                         NORMAL    RECORD    YEAR
 MAXIMUM TEMPERATURE (F)   73        92      1940
 MINIMUM TEMPERATURE (F)   50        31      1921


SUNRISE AND SUNSET
APRIL 15 2014.........SUNRISE   658 AM CDT   SUNSET   803 PM CDT
APRIL 16 2014.........SUNRISE   657 AM CDT   SUNSET   804 PM CDT


-  INDICATES NEGATIVE NUMBERS.
R  INDICATES RECORD WAS SET OR TIED.
MM INDICATES DATA IS MISSING.
T  INDICATES TRACE AMOUNT.




$$
