000
CDUS45 KGGW 271231
CLIOLF


CLIMATE REPORT
NATIONAL WEATHER SERVICE GLASGOW MT
630 AM MDT SAT MAY 27 2017


...................................

...THE WOLF POINT MT CLIMATE SUMMARY FOR MAY 27 2017...
VALID AS OF 0600 AM LOCAL TIME.

CLIMATE NORMAL PERIOD 1981 TO 2010
CLIMATE RECORD PERIOD 9999 TO 9999


WEATHER ITEM   OBSERVED RECORD YEAR NORMAL DEPARTURE
                VALUE   VALUE       VALUE  FROM
                                           NORMAL
........................................................
TEMPERATURE (F)
 TODAY
  MAXIMUM         50     MM      MM  72
  MINIMUM         43     MM      MM  43
  AVERAGE         47

PRECIPITATION (IN)
  TODAY            0.00  MM      MM   0.09  -0.09
  MONTH TO DATE    0.22               1.39  -1.17
  SINCE OCT 1      3.45               4.81  -1.36
  SINCE JAN 1      1.58               3.31  -1.73

SNOWFALL (IN)
  TODAY            0.0   MM      MM  MM
  MONTH TO DATE    0.0               MM
  SINCE MAR 1      0.0               MM
  SINCE JUL 1      0.0               MM

DEGREE DAYS
 HEATING
  TODAY           18

 COOLING
  TODAY            0
........................................................







THE WOLF POINT MT CLIMATE NORMALS FOR TOMORROW
                         NORMAL    RECORD    YEAR
 MAXIMUM TEMPERATURE (F)   72        MM        MM
 MINIMUM TEMPERATURE (F)   44        MM        MM


SUNRISE AND SUNSET
MAY 27 2017...........SUNRISE   510 AM MDT   SUNSET   850 PM MDT
MAY 28 2017...........SUNRISE   509 AM MDT   SUNSET   851 PM MDT


-  INDICATES NEGATIVE NUMBERS.
R  INDICATES RECORD WAS SET OR TIED.
MM INDICATES DATA IS MISSING.
T  INDICATES TRACE AMOUNT.




$$
