000
CDUS45 KGGW 201233
CLIOLF


CLIMATE REPORT
NATIONAL WEATHER SERVICE GLASGOW MT
633 AM MDT THU JUL 20 2017


...................................

...THE WOLF POINT MT CLIMATE SUMMARY FOR JULY 20 2017...
VALID AS OF 0600 AM LOCAL TIME.

CLIMATE NORMAL PERIOD 1981 TO 2010
CLIMATE RECORD PERIOD 9999 TO 9999


WEATHER ITEM   OBSERVED RECORD YEAR NORMAL DEPARTURE
                VALUE   VALUE       VALUE  FROM
                                           NORMAL
........................................................
TEMPERATURE (F)
 TODAY
  MAXIMUM         67     MM      MM  88
  MINIMUM         54     MM      MM  55
  AVERAGE         61

PRECIPITATION (IN)
  TODAY            0.00  MM      MM   0.06  -0.06
  MONTH TO DATE    0.09               1.32  -1.23
  SINCE OCT 1      3.77               9.23  -5.46
  SINCE JAN 1      1.90               7.73  -5.83

SNOWFALL (IN)
  TODAY            0.0   MM      MM  MM
  MONTH TO DATE    0.0               MM
  SINCE JUN 1      0.0               MM
  SINCE JUL 1      0.0               MM

DEGREE DAYS
 HEATING
  TODAY            4

 COOLING
  TODAY            0
........................................................







THE WOLF POINT MT CLIMATE NORMALS FOR TOMORROW
                         NORMAL    RECORD    YEAR
 MAXIMUM TEMPERATURE (F)   88        MM        MM
 MINIMUM TEMPERATURE (F)   55        MM        MM


SUNRISE AND SUNSET
JULY 20 2017..........SUNRISE   524 AM MDT   SUNSET   853 PM MDT
JULY 21 2017..........SUNRISE   525 AM MDT   SUNSET   852 PM MDT


-  INDICATES NEGATIVE NUMBERS.
R  INDICATES RECORD WAS SET OR TIED.
MM INDICATES DATA IS MISSING.
T  INDICATES TRACE AMOUNT.




$$
